{"id":6110,"date":"2025-03-26T16:42:46","date_gmt":"2025-03-26T21:42:46","guid":{"rendered":"https:\/\/compuimpresion.com.co\/portal\/?post_type=product&#038;p=6110"},"modified":"2026-04-14T17:02:09","modified_gmt":"2026-04-14T22:02:09","slug":"aio-lenovo-thinkcentre-neo-50a-24-gen-5-intel-core-i5-13420h-ssd-256gb-ddr5-8gb-pan-23-8-fhd-ips-negro","status":"publish","type":"product","link":"https:\/\/compuimpresion.com.co\/portal\/productos\/aio-lenovo-thinkcentre-neo-50a-24-gen-5-intel-core-i5-13420h-ssd-256gb-ddr5-8gb-pan-23-8-fhd-ips-negro\/","title":{"rendered":"AIO LENOVO THINKCENTRE NEO 50A 24 GEN 5, INTEL CORE I5 13420H, SSD 256GB, DDR5 8GB, PAN 23.8&#8243; FHD IPS, NEGRO"},"content":{"rendered":"<ul>\n<li style=\"text-align: justify\"><strong>ESPECIFICACIONES<\/strong><\/li>\n<\/ul>\n<p style=\"text-align: justify\">Producto Nuevo<\/p>\n<p style=\"text-align: justify\">Modelo ThinkCentre neo 50a 24 Gen 5<\/p>\n<p style=\"text-align: justify\">SKU 12SC001PLD<\/p>\n<p style=\"text-align: justify\">Marca LENOVO<\/p>\n<p style=\"text-align: justify\">Color Negro<\/p>\n<ul style=\"text-align: justify\">\n<li><strong>PROCESADOR:<\/strong><\/li>\n<\/ul>\n<p style=\"text-align: justify\"><strong>\u00a0<\/strong><\/p>\n<p style=\"text-align: justify\">Intel\u00ae Core\u2122 i5-13420H<\/p>\n<p style=\"text-align: justify\">8 NUCLEOS \/ 12 HILOS<\/p>\n<p style=\"text-align: justify\">FRECUENCIA BASE 1.5GHZ<\/p>\n<p style=\"text-align: justify\">FREC. MAX NUCLEOS EFICIENTES 3.4GHZ<\/p>\n<p style=\"text-align: justify\">FREC. MAX NUCLEOS PERFORMANCE 4.6GHz<\/p>\n<ul style=\"text-align: justify\">\n<li><strong>MEMORIA TOTAL:<\/strong><\/li>\n<\/ul>\n<p style=\"text-align: justify\">1 DDR5-5200 SO-DIMM de 8 Gb<\/p>\n<ul style=\"text-align: justify\">\n<li><strong>GRAFICA<\/strong><\/li>\n<\/ul>\n<p style=\"text-align: justify\">Intel UHD Graphics<\/p>\n<ul style=\"text-align: justify\">\n<li><strong>ALMACENAMIENTO:<\/strong><\/li>\n<\/ul>\n<p style=\"text-align: justify\">SSD M.2 NVMe\u00ae de 256GB<\/p>\n<ul style=\"text-align: justify\">\n<li><strong>PANTALLA<\/strong><\/li>\n<\/ul>\n<p style=\"text-align: justify\">23.8&#8243; FHD (1920&#215;1080) IPS Antirreflejos 250nits, 99% Srgb<\/p>\n<ul style=\"text-align: justify\">\n<li><strong>SISTEMA OPERATIVO: <\/strong>Free DOS <strong><u>(SIN SISTEMA OPERATIVO<\/u><\/strong>)<\/li>\n<\/ul>\n<p style=\"text-align: justify\"><strong>\u00a0<\/strong><\/p>\n<ul style=\"text-align: justify\">\n<li><strong>PUERTOS:<\/strong><\/li>\n<\/ul>\n<p style=\"text-align: justify\">1x USB-A (USB 10Gbps \/ USB 3.2 Gen 2)<\/p>\n<p style=\"text-align: justify\">2x USB-A (USB de alta velocidad \/ USB 2.0)<\/p>\n<p style=\"text-align: justify\">1x Entrada HDMI\u00ae 1.4<\/p>\n<p style=\"text-align: justify\">1x Salida HDMI\u00ae 2.1 TMDS<\/p>\n<p style=\"text-align: justify\">1x Ethernet (RJ-45)<\/p>\n<p style=\"text-align: justify\">1x conector de alimentaci\u00f3n<\/p>\n<p style=\"text-align: justify\">1x USB-C\u00ae (USB 10Gbps \/ USB 3.2 Gen 2), solo transferencia de datos<\/p>\n<p style=\"text-align: justify\">1x conector combinado de auriculares\/micr\u00f3fono (3,5 mm)<\/p>\n<p style=\"text-align: justify\"><strong>DIMENSIONES:<\/strong> 54 x 20 x 44 cm A partir de 6 KG<\/p>\n<p style=\"text-align: justify\"><strong>C\u00c1MARA:<\/strong> HD 720p<\/p>\n<p style=\"text-align: justify\"><strong>TECLADO:<\/strong> <u>No<\/u> Retroiluminado, Espa\u00f1ol<\/p>\n<p style=\"text-align: justify\"><strong>AUDIO Y PARLANTES:<\/strong><\/p>\n<p style=\"text-align: justify\">Altavoces est\u00e9reo, 3W x2, Dolby Audio<\/p>\n<p style=\"text-align: justify\"><strong>CONECTIVIDAD:<\/strong> 100\/1000M (RJ-45); Intel Wi-Fi 802.11ax 2&#215;2 + BT5.2<\/p>\n<p style=\"text-align: justify\"><strong>\u00a0<\/strong><\/p>\n<p style=\"text-align: justify\"><strong>ALIMENTACI\u00d3N<\/strong><\/p>\n<p style=\"text-align: justify\">Adaptador de 90W<\/p>\n","protected":false},"excerpt":{"rendered":"<p>El PC todo en uno Lenovo ThinkCentre Neo 50a de 5.\u00aa generaci\u00f3n cuenta con un dise\u00f1o compacto y elegante. Adem\u00e1s el nivel de ruido durante su funcionamiento es ultrabajo, ideal para el trabajo de oficina. Comprometido con la comodidad del usuario, el sistema de sobremesa de gama b\u00e1sica reduce el ruido operativo y es ideal para entornos donde el silencio vale oro. Este dispositivo todo en uno, equipado con la potencia de los procesadores Intel\u00ae Core\u2122 de hasta 13.\u00aa generaci\u00f3n, ofrece el rendimiento necesario para afrontar toda la jornada laboral. Ideal para oficinas en casa y trabajadores h\u00edbridos, este PC de bajo consumo tiene como objetivo brindarte una experiencia inform\u00e1tica m\u00e1s c\u00f3moda y mantener a raya las distracciones.<\/p>\n","protected":false},"featured_media":6754,"comment_status":"closed","ping_status":"closed","template":"","meta":{"inline_featured_image":false},"pwb-brand":[420],"product_brand":[],"product_cat":[889],"product_tag":[1400,1391,1403,1393,1390,1401,1402,1392],"class_list":{"0":"post-6110","1":"product","2":"type-product","3":"status-publish","4":"has-post-thumbnail","6":"pwb-brand-lenovo","7":"product_cat-todo-en-uno-computo","8":"product_tag-24-pulgadas-todo-en-uno","9":"product_tag-computador-todo-en-uno","10":"product_tag-computadores-escritorio-y-all-in-one","11":"product_tag-ordenador-todo-en-uno","12":"product_tag-pc-todo-en-uno","13":"product_tag-todo-en-uno-barato","14":"product_tag-todo-en-uno-en-oferta","15":"product_tag-todo-en-uno-pc","17":"first","18":"outofstock","19":"sale","20":"taxable","21":"shipping-taxable","22":"purchasable","23":"product-type-simple"},"brands":[{"id":420,"name":"Lenovo","slug":"lenovo"}],"_links":{"self":[{"href":"https:\/\/compuimpresion.com.co\/portal\/wp-json\/wp\/v2\/product\/6110","targetHints":{"allow":["GET"]}}],"collection":[{"href":"https:\/\/compuimpresion.com.co\/portal\/wp-json\/wp\/v2\/product"}],"about":[{"href":"https:\/\/compuimpresion.com.co\/portal\/wp-json\/wp\/v2\/types\/product"}],"replies":[{"embeddable":true,"href":"https:\/\/compuimpresion.com.co\/portal\/wp-json\/wp\/v2\/comments?post=6110"}],"wp:featuredmedia":[{"embeddable":true,"href":"https:\/\/compuimpresion.com.co\/portal\/wp-json\/wp\/v2\/media\/6754"}],"wp:attachment":[{"href":"https:\/\/compuimpresion.com.co\/portal\/wp-json\/wp\/v2\/media?parent=6110"}],"wp:term":[{"taxonomy":"pwb-brand","embeddable":true,"href":"https:\/\/compuimpresion.com.co\/portal\/wp-json\/wp\/v2\/pwb-brand?post=6110"},{"taxonomy":"product_brand","embeddable":true,"href":"https:\/\/compuimpresion.com.co\/portal\/wp-json\/wp\/v2\/product_brand?post=6110"},{"taxonomy":"product_cat","embeddable":true,"href":"https:\/\/compuimpresion.com.co\/portal\/wp-json\/wp\/v2\/product_cat?post=6110"},{"taxonomy":"product_tag","embeddable":true,"href":"https:\/\/compuimpresion.com.co\/portal\/wp-json\/wp\/v2\/product_tag?post=6110"}],"curies":[{"name":"wp","href":"https:\/\/api.w.org\/{rel}","templated":true}]}}