{"id":5753,"date":"2024-11-08T16:29:47","date_gmt":"2024-11-08T21:29:47","guid":{"rendered":"https:\/\/compuimpresion.com.co\/portal\/?post_type=product&#038;p=5753"},"modified":"2025-07-28T11:03:11","modified_gmt":"2025-07-28T16:03:11","slug":"diadema-logitech-zone-300-inalambrica-negro","status":"publish","type":"product","link":"https:\/\/compuimpresion.com.co\/portal\/productos\/diadema-logitech-zone-300-inalambrica-negro\/","title":{"rendered":"Diadema Logitech Zone 300 Inal\u00e1mbrica Negro"},"content":{"rendered":"<p>Los auriculares inal\u00e1mbricos esenciales con excelente audio que te brindan la libertad de moverte y mantenerte conectado. Zone 300 es el auricular inal\u00e1mbrico esencial con un audio excelente que te brinda la libertad de moverte y mantenerte conectado mientras trabajas o simplemente escuchas. Los dos micr\u00f3fonos con cancelaci\u00f3n de ruido y los parlantes mejorados te permiten escuchar y ser escuchado con claridad. Las piezas de pl\u00e1stico est\u00e1n hechas con un m\u00ednimo de 42 % de pl\u00e1stico reciclado. Sea escuchado claramente con dos micr\u00f3fonos con cancelaci\u00f3n de ruido en el brazo extendido, ambos equipados con un algoritmo personalizado para suprimir los ruidos de fondo. Los controladores de parlantes din\u00e1micos mejorados brindan un audio claro para llamadas y m\u00e1s. Compatible con aplicaciones de llamadas comunes en casi todas las plataformas y sistemas operativos a trav\u00e9s de Bluetooth.<\/p>\n<p>ESPECIFICACIONES<\/p>\n<p>Dimensiones<\/p>\n<p>Auriculares<\/p>\n<p>Altura: 6,80 pulgadas (172,8 mm)<\/p>\n<p>Ancho: 6,56 pulgadas (166,7 mm)<\/p>\n<p>Profundidad: 2,59 pulgadas (66 mm)<\/p>\n<p>Peso: 4,30 oz (122 g)<\/p>\n<p>Almohadillas para los o\u00eddos<\/p>\n<p>Altura: 2,59 pulgadas (66 mm)<\/p>\n<p>Ancho: 2,59 pulgadas (66 mm)<\/p>\n<p>Profundidad: 0,63 pulgadas (16 mm)<\/p>\n<p>Embalaje<\/p>\n<p>Altura: 7,3 pulgadas (184 mm)<\/p>\n<p>Ancho: 6,9 pulgadas (174 mm)<\/p>\n<p>Profundidad: 2,83 pulgadas (72 mm)<\/p>\n<p>Especificaciones t\u00e9cnicas<\/p>\n<p>Micr\u00f3fono<\/p>\n<p>Tipo: Micr\u00f3fonos de formaci\u00f3n de haz dual con algoritmos de cancelaci\u00f3n de ruido<\/p>\n<p>Respuesta de frecuencia: 100-7 KHz<\/p>\n<p>Oradores<\/p>\n<p>Respuesta de frecuencia (modo m\u00fasica) 50-20 KHz<\/p>\n<p>Respuesta de frecuencia (modo de conversaci\u00f3n) 100-7 KHz<\/p>\n<p>Sensibilidad: 96dB 3dB a 1kHz<\/p>\n<p>Tama\u00f1o del controlador: 1,18 pulgadas (30 mm)<\/p>\n<p>Cumplimiento de audio: compatible con EN 50332-2<\/p>\n<p>Bater\u00eda<\/p>\n<p>Bater\u00eda incorporada (iones de litio)<\/p>\n<p>Duraci\u00f3n de la bater\u00eda (tiempo de conversaci\u00f3n) hasta 16 horas 1La duraci\u00f3n de la bater\u00eda puede variar seg\u00fan las condiciones del usuario y del ordenador.<\/p>\n<p>Duraci\u00f3n de la bater\u00eda (tiempo de escucha) hasta 20 horas 2La duraci\u00f3n de la bater\u00eda puede variar seg\u00fan las condiciones del usuario y del ordenador.<\/p>\n<p>Cargando<\/p>\n<p>Carga completa: 2 horas<\/p>\n<p>Carga r\u00e1pida: 5 minutos para hasta 1 hora de tiempo de conversaci\u00f3n 3La duraci\u00f3n de la bater\u00eda puede variar seg\u00fan las condiciones del usuario y del ordenador.<\/p>\n<p>Cable de carga USB-C: 3,28 pies (1 m)<\/p>\n<p>Conectividad inal\u00e1mbrica<\/p>\n<p>Versi\u00f3n de Bluetooth de los auriculares: 5.3<\/p>\n<p>Distancia de funcionamiento: hasta 98,43 pies (30 m) 4L\u00ednea de visi\u00f3n en campo abierto. El alcance inal\u00e1mbrico puede variar seg\u00fan el entorno operativo y la configuraci\u00f3n de la computadora.<\/p>\n<p>Software<\/p>\n<p>Personalizar la configuraci\u00f3n de los auriculares en Logi Tune 5Logi Tune est\u00e1 disponible para Windows, macOS, iOS, iPadOS y Android. Descarga Logi Tune en logitech.com\/tune, Apple App Store o Google Play Store. Actualmente, los auriculares admiten indicaciones de voz en los siguientes idiomas con la aplicaci\u00f3n de escritorio Logi Tune: ingl\u00e9s, franc\u00e9s, alem\u00e1n, italiano, espa\u00f1ol y portugu\u00e9s. Puedes elegir tu idioma preferido en la aplicaci\u00f3n Logi Tune.<\/p>\n<p>Sostenibilidad Pl\u00e1sticos negros: 55% de material reciclado posconsumo 6Excluyendo conjunto de cableado impreso (PWA), cables y embalaje.<\/p>\n<p>Embalaje de papel: certificado FSC<\/p>\n<p>Huella de carbono del producto: 8,5 kg de CO<\/p>\n<p>N\u00famero de pieza Negro Medianoche: 981-001406<\/p>\n<p>EAN 097855193667<\/p>\n<p>SKU 1050<\/p>\n","protected":false},"excerpt":{"rendered":"<p>Los auriculares inal\u00e1mbricos esenciales con excelente audio que te brindan la libertad de moverte y mantenerte conectado.<\/p>\n","protected":false},"featured_media":5754,"comment_status":"closed","ping_status":"closed","template":"","meta":{"inline_featured_image":false},"pwb-brand":[559],"product_brand":[],"product_cat":[338,1266,1254],"product_tag":[846,239,561,1364],"class_list":{"0":"post-5753","1":"product","2":"type-product","3":"status-publish","4":"has-post-thumbnail","6":"pwb-brand-logitech","7":"product_cat-accesorios","8":"product_cat-audifonos","9":"product_cat-perifericos-de-computo","10":"product_tag-diadema","11":"product_tag-inalambrico","12":"product_tag-logitech","13":"product_tag-zone-300","15":"first","16":"outofstock","17":"taxable","18":"shipping-taxable","19":"purchasable","20":"product-type-simple"},"brands":[{"id":559,"name":"Logitech","slug":"logitech"}],"_links":{"self":[{"href":"https:\/\/compuimpresion.com.co\/portal\/wp-json\/wp\/v2\/product\/5753","targetHints":{"allow":["GET"]}}],"collection":[{"href":"https:\/\/compuimpresion.com.co\/portal\/wp-json\/wp\/v2\/product"}],"about":[{"href":"https:\/\/compuimpresion.com.co\/portal\/wp-json\/wp\/v2\/types\/product"}],"replies":[{"embeddable":true,"href":"https:\/\/compuimpresion.com.co\/portal\/wp-json\/wp\/v2\/comments?post=5753"}],"wp:featuredmedia":[{"embeddable":true,"href":"https:\/\/compuimpresion.com.co\/portal\/wp-json\/wp\/v2\/media\/5754"}],"wp:attachment":[{"href":"https:\/\/compuimpresion.com.co\/portal\/wp-json\/wp\/v2\/media?parent=5753"}],"wp:term":[{"taxonomy":"pwb-brand","embeddable":true,"href":"https:\/\/compuimpresion.com.co\/portal\/wp-json\/wp\/v2\/pwb-brand?post=5753"},{"taxonomy":"product_brand","embeddable":true,"href":"https:\/\/compuimpresion.com.co\/portal\/wp-json\/wp\/v2\/product_brand?post=5753"},{"taxonomy":"product_cat","embeddable":true,"href":"https:\/\/compuimpresion.com.co\/portal\/wp-json\/wp\/v2\/product_cat?post=5753"},{"taxonomy":"product_tag","embeddable":true,"href":"https:\/\/compuimpresion.com.co\/portal\/wp-json\/wp\/v2\/product_tag?post=5753"}],"curies":[{"name":"wp","href":"https:\/\/api.w.org\/{rel}","templated":true}]}}