{"id":5745,"date":"2024-11-08T11:03:04","date_gmt":"2024-11-08T16:03:04","guid":{"rendered":"https:\/\/compuimpresion.com.co\/portal\/?post_type=product&#038;p=5745"},"modified":"2024-12-18T12:11:37","modified_gmt":"2024-12-18T17:11:37","slug":"combo-teclado-logitech-mk235-inalambrico","status":"publish","type":"product","link":"https:\/\/compuimpresion.com.co\/portal\/productos\/combo-teclado-logitech-mk235-inalambrico\/","title":{"rendered":"Combo Teclado Logitech MK235 Inal\u00e1mbrico"},"content":{"rendered":"<p>Este d\u00fao ofrece todas las funciones necesarias integradas en un dise\u00f1o confortable, resistente y f\u00e1cil de usar, y mantiene tu espacio despejado. Con la calidad habitual de Logitech, la combinaci\u00f3n inal\u00e1mbrica MK235 est\u00e1 hecha para durar. Teclado de tama\u00f1o normal, mouse de uso ambidiestro, totalmente inal\u00e1mbricos. Este d\u00fao ofrece todas las funciones necesarias integradas en un dise\u00f1o confortable, resistente y f\u00e1cil de usar, y mantiene tu espacio despejado. Con la calidad habitual de Logitech, MK235 es una combinaci\u00f3n hecha para durar. Todas las teclas que necesitas, en un teclado de tama\u00f1o normal, con secci\u00f3n num\u00e9rica y 15 teclas de accesos directos que facilitan al m\u00e1ximo la navegaci\u00f3n y el ingreso de datos. Las teclas suavemente curvadas hacen la experiencia de escritura m\u00e1s c\u00f3moda. El compacto dise\u00f1o port\u00e1til ofrece una forma confortable tanto para usuarios diestros como zurdos. Es f\u00e1cil de usar, cabe en cualquier bolsa y se puede llevar a todas partes. Sin configuraciones ni complicaciones. El MK235 funciona en cuanto el receptor se conecta al puerto USB. Con una confiable conexi\u00f3n inal\u00e1mbrica, no habr\u00e1 interrupciones en un radio de 10 metros. El radio de acci\u00f3n inal\u00e1mbrico depende de las condiciones del entorno y de los dispositivos, para darte la libertad que necesitas. Esta combinaci\u00f3n se ha fabricado conforme a los est\u00e1ndares de alta calidad que han convertido a Logitech en el l\u00edder mundial en mouse y teclados. Basado en informaci\u00f3n de ventas independiente (en unidades) sobre mouse y teclados Logitech, agregada a partir de los principales mercados mundiales, incluidos Alemania, Canad\u00e1, China, Estados Unidos, Federaci\u00f3n Rusa, Francia, Indonesia, Reino Unido, Rep\u00fablica de Corea, Suecia, Taiw\u00e1n y Turqu\u00eda (entre julio de 2019 y julio de 2020). S\u00f3lo canal minorista. Las bater\u00edas del teclado ofrecen una duraci\u00f3n de 36 meses y las del mouse 12. La duraci\u00f3n de las bater\u00edas del mouse y del teclado depende del uso y de los dispositivos (con conmutadores de encendido\/apagado). Entretanto puedes olvidarte de esos enojosos cambios. El teclado est\u00e1 hecho para soportar el uso intenso y los contratiempos, con una construcci\u00f3n resistente que incluye robustas patas inclinables y resistencia a salpicaduras. Sometido a pruebas en condiciones limitadas (m\u00e1ximo de 60 ml de l\u00edquido). No sumerjas el teclado en ning\u00fan l\u00edquido. Tratamiento antidesgaste en cada tecla para que las letras no desaparezcan nunca de las teclas.<\/p>\n<p>ESPECIFICACIONES<\/p>\n<p>Dimensiones<\/p>\n<p>Teclado<\/p>\n<p>Altura: 137,5 mm<\/p>\n<p>Anchura: 435,5 mm<\/p>\n<p>Profundidad: 20,5 mm<\/p>\n<p>Peso: 475 g<\/p>\n<p>Mouse<\/p>\n<p>Altura: 97,7 mm<\/p>\n<p>Anchura: 61,5 mm<\/p>\n<p>Profundidad: 35,2 mm<\/p>\n<p>Peso: 70,5 g<\/p>\n<p>Nano receptor<\/p>\n<p>Altura: 18,7 mm<\/p>\n<p>Anchura: 23,1 mm<\/p>\n<p>Profundidad: 6,6 mm<\/p>\n<p>Peso: 2,0 g<\/p>\n<p>Especificaciones t\u00e9cnicas<\/p>\n<p>Teclado<\/p>\n<p>Dise\u00f1o resistente a salpicaduras 1Pruebas realizadas en condiciones limitadas (m\u00e1ximo de 60 ml de l\u00edquido). No sumerjas el teclado en ning\u00fan l\u00edquido.<\/p>\n<p>Patas inclinables<\/p>\n<p>Teclado num\u00e9rico con 10 teclas<\/p>\n<p>Botones\/Teclas especiales: Quince teclas de funci\u00f3n<\/p>\n<p>Hasta 5 millones de pulsaciones<\/p>\n<p>Dos bater\u00edas AAA<\/p>\n<p>Duraci\u00f3n de las bater\u00edas: 36 meses 2Duraci\u00f3n de bater\u00edas de teclado calculada seg\u00fan una estimaci\u00f3n de dos millones de pulsaciones al a\u00f1o en un entorno empresarial. No se garantiza la misma experiencia. La duraci\u00f3n de las bater\u00edas del mouse depende del uso y de los dispositivos.<\/p>\n<p>Mouse<\/p>\n<p>Tecnolog\u00eda del sensor: Seguimiento \u00f3ptico uniforme<\/p>\n<p>N\u00famero de botones: 3 (click izquierdo\/derecho, click de bot\u00f3n central)<\/p>\n<p>Desplazamiento: l\u00ednea a l\u00ednea<\/p>\n<p>Rueda de desplazamiento: S\u00ed, 2D, \u00f3ptico<\/p>\n<p>Conexi\u00f3n\/alimentaci\u00f3n: Bot\u00f3n de encendido\/apagado<\/p>\n<p>Una bater\u00eda AA<\/p>\n<p>Duraci\u00f3n de pilas: 12 meses 3Duraci\u00f3n de bater\u00edas de teclado calculada seg\u00fan una estimaci\u00f3n de dos millones de pulsaciones al a\u00f1o en un entorno empresarial. No se garantiza la misma experiencia. La duraci\u00f3n de las bater\u00edas del mouse depende del uso y de los dispositivos.<\/p>\n<p>Aplicaci\u00f3n que permite personalizarlo<\/p>\n<p>Compatibilidad con Logi Options+ para Windows y macOS 4Disponible para Windows y macOS en logitech.com\/optionsplus<\/p>\n<p>Sostenibilidad<\/p>\n<p>Pl\u00e1stico del mouse: 75% de material reciclado posconsumo 5Excluye pl\u00e1stico del receptor, conjunto de cableado impreso (PWA) y empaque.<\/p>\n<p>Pl\u00e1stico del teclado: 51% de material reciclado posconsumo 6Excluye pl\u00e1stico del receptor, conjunto de cableado impreso (PWA) y empaque.<\/p>\n<p>Huella de carbono del producto: 8,05 kg de CO2e<\/p>\n<p>Informaci\u00f3n de garant\u00eda<\/p>\n<p>Un a\u00f1o de garant\u00eda de hardware limitada<\/p>\n<p>N\u00famero de referencia 920-007901<\/p>\n<p>EAN 097855120199<\/p>\n<p>SKU 0484<\/p>\n<p>&nbsp;<\/p>\n","protected":false},"excerpt":{"rendered":"<p>Este d\u00fao ofrece todas las funciones necesarias integradas en un dise\u00f1o confortable, resistente y f\u00e1cil de usar, y mantiene tu espacio despejado. Con la calidad habitual de Logitech, la combinaci\u00f3n inal\u00e1mbrica MK235 est\u00e1 hecha para durar.<\/p>\n","protected":false},"featured_media":5746,"comment_status":"closed","ping_status":"closed","template":"","meta":{"inline_featured_image":false},"pwb-brand":[559],"product_brand":[],"product_cat":[338,1254],"product_tag":[1295,239,561,563],"class_list":{"0":"post-5745","1":"product","2":"type-product","3":"status-publish","4":"has-post-thumbnail","6":"pwb-brand-logitech","7":"product_cat-accesorios","8":"product_cat-perifericos-de-computo","9":"product_tag-combo-teclado","10":"product_tag-inalambrico","11":"product_tag-logitech","12":"product_tag-mk235","14":"first","15":"outofstock","16":"taxable","17":"shipping-taxable","18":"purchasable","19":"product-type-simple"},"brands":[{"id":559,"name":"Logitech","slug":"logitech"}],"_links":{"self":[{"href":"https:\/\/compuimpresion.com.co\/portal\/wp-json\/wp\/v2\/product\/5745","targetHints":{"allow":["GET"]}}],"collection":[{"href":"https:\/\/compuimpresion.com.co\/portal\/wp-json\/wp\/v2\/product"}],"about":[{"href":"https:\/\/compuimpresion.com.co\/portal\/wp-json\/wp\/v2\/types\/product"}],"replies":[{"embeddable":true,"href":"https:\/\/compuimpresion.com.co\/portal\/wp-json\/wp\/v2\/comments?post=5745"}],"wp:featuredmedia":[{"embeddable":true,"href":"https:\/\/compuimpresion.com.co\/portal\/wp-json\/wp\/v2\/media\/5746"}],"wp:attachment":[{"href":"https:\/\/compuimpresion.com.co\/portal\/wp-json\/wp\/v2\/media?parent=5745"}],"wp:term":[{"taxonomy":"pwb-brand","embeddable":true,"href":"https:\/\/compuimpresion.com.co\/portal\/wp-json\/wp\/v2\/pwb-brand?post=5745"},{"taxonomy":"product_brand","embeddable":true,"href":"https:\/\/compuimpresion.com.co\/portal\/wp-json\/wp\/v2\/product_brand?post=5745"},{"taxonomy":"product_cat","embeddable":true,"href":"https:\/\/compuimpresion.com.co\/portal\/wp-json\/wp\/v2\/product_cat?post=5745"},{"taxonomy":"product_tag","embeddable":true,"href":"https:\/\/compuimpresion.com.co\/portal\/wp-json\/wp\/v2\/product_tag?post=5745"}],"curies":[{"name":"wp","href":"https:\/\/api.w.org\/{rel}","templated":true}]}}