{"id":5656,"date":"2024-09-19T12:09:07","date_gmt":"2024-09-19T17:09:07","guid":{"rendered":"https:\/\/compuimpresion.com.co\/portal\/?post_type=product&#038;p=5656"},"modified":"2025-11-20T10:35:10","modified_gmt":"2025-11-20T15:35:10","slug":"xkim-xpert-pro2-combo-teclado","status":"publish","type":"product","link":"https:\/\/compuimpresion.com.co\/portal\/productos\/xkim-xpert-pro2-combo-teclado\/","title":{"rendered":"Xkim Xpert Pro2 Combo Teclado"},"content":{"rendered":"<p>El combo de teclado y mouse X-Kim es perfecto para ayudarte a desarrollar tus actividades diarias. Esta combinaci\u00f3n est\u00e1 adaptada para realizar distintas tareas, ya sean laborales, escolares o de cualquier \u00edndole. El mouse del combo posee un sensor \u00f3ptico de alta precisi\u00f3n, el cual te permitir\u00e1 redirigir el cursor de una manera m\u00e1s exacta y sensible que el resto de los sistemas tradicionales.<\/p>\n<p>ESPECIFICACIONES<\/p>\n<p>Tama\u00f1o 438*136*11mm\/112*60*33mm<\/p>\n<p>Peso neto 566 g \/ 55 g<\/p>\n<p>Dise\u00f1o ultradelgado. click silencioso<\/p>\n<p>Tipo de frecuencia 2,4G<\/p>\n<p>Interfaz Receptor USB, Plug and Play<\/p>\n<p>Bater\u00eda de litio recargable incorporada 400mAH<\/p>\n<p>Rango de trabajo 10 metros<\/p>\n<p>De color negro<\/p>\n<p>EAN 7707322893992<\/p>\n<p>SKU 4485<\/p>\n","protected":false},"excerpt":{"rendered":"<p>El combo de teclado y mouse X-Kim es perfecto para ayudarte a desarrollar tus actividades diarias. Esta combinaci\u00f3n est\u00e1 adaptada para realizar distintas tareas, ya sean laborales, escolares o de cualquier \u00edndole.<\/p>\n","protected":false},"featured_media":5657,"comment_status":"closed","ping_status":"closed","template":"","meta":{"inline_featured_image":false},"pwb-brand":[1285],"product_brand":[],"product_cat":[338,1254],"product_tag":[1349,1295,1286,1348],"class_list":{"0":"post-5656","1":"product","2":"type-product","3":"status-publish","4":"has-post-thumbnail","6":"pwb-brand-xkim","7":"product_cat-accesorios","8":"product_cat-perifericos-de-computo","9":"product_tag-bateria-recargable","10":"product_tag-combo-teclado","11":"product_tag-xkim","12":"product_tag-xpert-pro2","14":"first","15":"outofstock","16":"taxable","17":"shipping-taxable","18":"purchasable","19":"product-type-simple"},"brands":[{"id":1285,"name":"Xkim","slug":"xkim"}],"_links":{"self":[{"href":"https:\/\/compuimpresion.com.co\/portal\/wp-json\/wp\/v2\/product\/5656","targetHints":{"allow":["GET"]}}],"collection":[{"href":"https:\/\/compuimpresion.com.co\/portal\/wp-json\/wp\/v2\/product"}],"about":[{"href":"https:\/\/compuimpresion.com.co\/portal\/wp-json\/wp\/v2\/types\/product"}],"replies":[{"embeddable":true,"href":"https:\/\/compuimpresion.com.co\/portal\/wp-json\/wp\/v2\/comments?post=5656"}],"wp:featuredmedia":[{"embeddable":true,"href":"https:\/\/compuimpresion.com.co\/portal\/wp-json\/wp\/v2\/media\/5657"}],"wp:attachment":[{"href":"https:\/\/compuimpresion.com.co\/portal\/wp-json\/wp\/v2\/media?parent=5656"}],"wp:term":[{"taxonomy":"pwb-brand","embeddable":true,"href":"https:\/\/compuimpresion.com.co\/portal\/wp-json\/wp\/v2\/pwb-brand?post=5656"},{"taxonomy":"product_brand","embeddable":true,"href":"https:\/\/compuimpresion.com.co\/portal\/wp-json\/wp\/v2\/product_brand?post=5656"},{"taxonomy":"product_cat","embeddable":true,"href":"https:\/\/compuimpresion.com.co\/portal\/wp-json\/wp\/v2\/product_cat?post=5656"},{"taxonomy":"product_tag","embeddable":true,"href":"https:\/\/compuimpresion.com.co\/portal\/wp-json\/wp\/v2\/product_tag?post=5656"}],"curies":[{"name":"wp","href":"https:\/\/api.w.org\/{rel}","templated":true}]}}