{"id":5645,"date":"2024-08-30T15:10:20","date_gmt":"2024-08-30T20:10:20","guid":{"rendered":"https:\/\/compuimpresion.com.co\/portal\/?post_type=product&#038;p=5645"},"modified":"2026-04-14T17:09:28","modified_gmt":"2026-04-14T22:09:28","slug":"hp-all-in-one-desktop-22-dg0011la-a82xvla-intel-n100-8-gb-256-gb","status":"publish","type":"product","link":"https:\/\/compuimpresion.com.co\/portal\/productos\/hp-all-in-one-desktop-22-dg0011la-a82xvla-intel-n100-8-gb-256-gb\/","title":{"rendered":"HP All-in-One Desktop 22-dg0011la (A82XVLA) Intel\u00ae N100 8 GB 256 GB"},"content":{"rendered":"<p>Haz multitarea con facilidad gracias a la r\u00e1pida capacidad de procesamiento, a los numerosos puertos y al almacenamiento abundante para fotos y v\u00eddeos. Destaca con el v\u00eddeo avanzado y la reducci\u00f3n de ruidos por IA, sin olvidar el control de tu privacidad con un interruptor manual de la c\u00e1mara. Rel\u00e1jate con unas im\u00e1genes FHD 3 en una pantalla ancha 4, con colores vivos, alto contraste 5 y altavoces ajustados por DTS Audio.<\/p>\n<p>ESPECIFICACIONES<\/p>\n<p>Sistema operativo FreeDOS<\/p>\n<p>Familia del Procesador Intel\u00ae de la serie N<\/p>\n<p>PROCESADOR<\/p>\n<p>Procesador Intel\u00ae N100 (hasta 3,4 GHz con tecnolog\u00eda Intel\u00ae Turbo Boost, 6 MB de cach\u00e9 L3, 4 n\u00facleos y 4 subprocesos) 1 2<\/p>\n<p>Gr\u00e1ficos Integradas, Gr\u00e1ficos Intel\u00ae UHD 3<\/p>\n<p>Memoria RAM DDR5-4800 MHz de 8 GB (1 x 8 GB) (Velocidades de transferencia de hasta 4800 MT\/s.)<\/p>\n<p>Ranuras de memoria 2 SODIMM<\/p>\n<p>Almacenamiento interno Unidad de estado s\u00f3lido PCIe\u00ae NVMe\u2122 M.2 de 256 GB<\/p>\n<p>Pantalla 21.45&#8243; diagonal, FHD (1920 x 1080), VA, anti-glare, 250 nits, 99% sRGB<\/p>\n<p>Pantalla FHD (1920 x 1080) de 21,45 pulgadas (54,5 cm) en diagonal, VA, antirreflejante, 250 nits, 99 % sRGB<\/p>\n<p>Pantalla t\u00e1ctil No<\/p>\n<p>Relaci\u00f3n pantalla-cuerpo (sin los altavoces) 98.88% 4<\/p>\n<p>Gama de colores 99% sRGB<\/p>\n<p>Dimensiones m\u00ednimas (anch. x prof. x alt.) 49.35 x 16.99 x 38.27 cm<\/p>\n<p>Peso 4,17 kg<\/p>\n<p>Inal\u00e1mbrico Tarjeta inal\u00e1mbrica Realtek Wi-Fi 6 (1&#215;1) y Bluetooth\u00ae 5.3 5<\/p>\n<p>Interfaz de red LAN 10\/100\/1000 GbE integrada<\/p>\n<p>Color de producto Negro<\/p>\n<p>Factor de forma All-in-One<\/p>\n<p>Teclado HP USB 125 con cable, negro<\/p>\n<p>C\u00e1mara Web de privacidad HP True Vision 720p HD con reducci\u00f3n de ruido temporal y micr\u00f3fonos digitales de matriz doble integrados<\/p>\n<p>Funciones de audio Altavoces dobles de 2 W<\/p>\n<p>Dispositivo apuntador Mouse HP USB 125 con cable, negro<\/p>\n<p>Ranuras de expansi\u00f3n 2 M.2 (1 para SSD, 1 para WLAN)<\/p>\n<p>Puertos Trasero 1 USB Tipo-C\u00ae con velocidad de se\u00f1alizaci\u00f3n de 5 Gb\/s; 2 USB Tipo-A con velocidad de se\u00f1alizaci\u00f3n de 5 Gb\/s; 2 USB 2.0 Tipo-A; 1 combinaci\u00f3n de auriculares y micr\u00f3fono; 1 RJ-45<\/p>\n<p>Conectores de video 1 salida HDMI 1.4<\/p>\n<p>Tipo de fuente de alimentaci\u00f3n Adaptador de CA Smart de 65 W<\/p>\n<p>Especificaciones de impacto sustentable 30 % de pl\u00e1stico reciclado posconsumo; Pl\u00e1sticos destinados a acabar en los oc\u00e9anos; 25 % de metal reciclado 6 7 8<\/p>\n<p>Garant\u00eda del fabricante 1 a\u00f1o de garant\u00eda limitada de hardware con soporte t\u00e9cnico telef\u00f3nico gratuito. 90 d\u00edas de soporte t\u00e9cnico limitado para software (a partir de la fecha de compra).<\/p>\n<p>EAN 198415732026<\/p>\n<p>SKU 1547<\/p>\n","protected":false},"excerpt":{"rendered":"<p>Haz multitarea con facilidad gracias a la r\u00e1pida capacidad de procesamiento, a los numerosos puertos y al almacenamiento abundante para fotos y v\u00eddeos.<\/p>\n","protected":false},"featured_media":5646,"comment_status":"closed","ping_status":"closed","template":"","meta":{"inline_featured_image":false},"pwb-brand":[124],"product_brand":[],"product_cat":[889,888],"product_tag":[1343,1048,882,1342,297,208],"class_list":{"0":"post-5645","1":"product","2":"type-product","3":"status-publish","4":"has-post-thumbnail","6":"pwb-brand-hp","7":"product_cat-todo-en-uno-computo","8":"product_cat-computo","9":"product_tag-a82xvla","10":"product_tag-aio","11":"product_tag-computador","12":"product_tag-dg0011la","13":"product_tag-hp","14":"product_tag-todo-en-uno","16":"first","17":"outofstock","18":"taxable","19":"shipping-taxable","20":"purchasable","21":"product-type-simple"},"brands":[{"id":124,"name":"HP","slug":"hp"}],"_links":{"self":[{"href":"https:\/\/compuimpresion.com.co\/portal\/wp-json\/wp\/v2\/product\/5645","targetHints":{"allow":["GET"]}}],"collection":[{"href":"https:\/\/compuimpresion.com.co\/portal\/wp-json\/wp\/v2\/product"}],"about":[{"href":"https:\/\/compuimpresion.com.co\/portal\/wp-json\/wp\/v2\/types\/product"}],"replies":[{"embeddable":true,"href":"https:\/\/compuimpresion.com.co\/portal\/wp-json\/wp\/v2\/comments?post=5645"}],"wp:featuredmedia":[{"embeddable":true,"href":"https:\/\/compuimpresion.com.co\/portal\/wp-json\/wp\/v2\/media\/5646"}],"wp:attachment":[{"href":"https:\/\/compuimpresion.com.co\/portal\/wp-json\/wp\/v2\/media?parent=5645"}],"wp:term":[{"taxonomy":"pwb-brand","embeddable":true,"href":"https:\/\/compuimpresion.com.co\/portal\/wp-json\/wp\/v2\/pwb-brand?post=5645"},{"taxonomy":"product_brand","embeddable":true,"href":"https:\/\/compuimpresion.com.co\/portal\/wp-json\/wp\/v2\/product_brand?post=5645"},{"taxonomy":"product_cat","embeddable":true,"href":"https:\/\/compuimpresion.com.co\/portal\/wp-json\/wp\/v2\/product_cat?post=5645"},{"taxonomy":"product_tag","embeddable":true,"href":"https:\/\/compuimpresion.com.co\/portal\/wp-json\/wp\/v2\/product_tag?post=5645"}],"curies":[{"name":"wp","href":"https:\/\/api.w.org\/{rel}","templated":true}]}}