{"id":5606,"date":"2024-08-08T16:59:59","date_gmt":"2024-08-08T21:59:59","guid":{"rendered":"https:\/\/compuimpresion.com.co\/portal\/?post_type=product&#038;p=5606"},"modified":"2024-12-16T10:14:39","modified_gmt":"2024-12-16T15:14:39","slug":"aio-lenovo-3-24iap7-intel-core-i3-1215u-8gb-ddr4-512gb-ssd-pantalla-238-fhd","status":"publish","type":"product","link":"https:\/\/compuimpresion.com.co\/portal\/productos\/aio-lenovo-3-24iap7-intel-core-i3-1215u-8gb-ddr4-512gb-ssd-pantalla-238-fhd\/","title":{"rendered":"AIO Lenovo 3 24IAP7 Intel Core I3 1215U 8GB DDR4 512GB SSD Pantalla 23,8&#8243; FHD"},"content":{"rendered":"<p>Con el All in One Lenovo IdeaCentre AIO 3i 7ma Gen (24\u201d, Intel) es una computadora todo en uno con un chasis compacto que ahorra espacio. Con la opci\u00f3n de procesadores hasta Intel Core de 12va generaci\u00f3n y tarjeta gr\u00e1fica, estas computadoras ofrecen rendimiento para cargas de trabajo exigentes y una multitarea continua. Una gran unidad SSD permite que toda la familia almacene archivos grandes y disfrute de la capacidad de respuesta de la pc, transferencias de archivos y tiempos de arranque r\u00e1pidos.<\/p>\n<p>ESPECIFICACIONES<\/p>\n<p>All in One Lenovo 3 24IAP7<\/p>\n<p>Procesador Intel Core i3-1215U 6 NUCLEOS \/ 8 HILOS 4.40 GHz<\/p>\n<p>Memoria Ram Capacidad 8GB 2x 4GB SO-DIMM DDR4-3200<\/p>\n<p>Almacenamiento 512GB SSD M.2 2280 PCIe 4.0\u00d74 NVMe<\/p>\n<p>Pantalla Tama\u00f1o 23,8 Pulgadas Resoluci\u00f3n FHD (1920\u00d71080) IPS 250nits Anti-glare<\/p>\n<p>Gr\u00e1ficos Integrados<\/p>\n<p>Teclado Y Mouse Cableado USB Distribuci\u00f3n en Espa\u00f1ol Teclado num\u00e9rico Si<\/p>\n<p>Puertos<\/p>\n<p>\u2013 1x HDMI 1.4<\/p>\n<p>\u2013 2x USB 2.0<\/p>\n<p>\u2013 2x USB 3.2 Gen 1<\/p>\n<p>\u2013 1x Ethernet (RJ-45)<\/p>\n<p>\u2013 1x power connector<\/p>\n<p>Sistema Operativo Sin Sistema Operativo<\/p>\n<p>Conectividad<\/p>\n<p>-Ethernet Integrated 100\/1000M<\/p>\n<p>-WLAN + Bluetooth<\/p>\n<p>-Wi-Fi 6, 11ax 2\u00d72 + BT5.1<\/p>\n<p>EAN 0197528154022<\/p>\n<p>SKU 4272<\/p>\n","protected":false},"excerpt":{"rendered":"<p>Con el All in One Lenovo IdeaCentre AIO 3i 7ma Gen (24\u201d, Intel) es una computadora todo en uno con un chasis compacto que ahorra espacio.<\/p>\n","protected":false},"featured_media":5607,"comment_status":"closed","ping_status":"closed","template":"","meta":{"inline_featured_image":false},"pwb-brand":[420],"product_brand":[],"product_cat":[889,888],"product_tag":[1125,1048,491,499],"class_list":{"0":"post-5606","1":"product","2":"type-product","3":"status-publish","4":"has-post-thumbnail","6":"pwb-brand-lenovo","7":"product_cat-todo-en-uno-computo","8":"product_cat-computo","9":"product_tag-24iap7","10":"product_tag-aio","11":"product_tag-core-i3","12":"product_tag-lenovo","14":"first","15":"outofstock","16":"taxable","17":"shipping-taxable","18":"purchasable","19":"product-type-simple"},"brands":[{"id":420,"name":"Lenovo","slug":"lenovo"}],"_links":{"self":[{"href":"https:\/\/compuimpresion.com.co\/portal\/wp-json\/wp\/v2\/product\/5606","targetHints":{"allow":["GET"]}}],"collection":[{"href":"https:\/\/compuimpresion.com.co\/portal\/wp-json\/wp\/v2\/product"}],"about":[{"href":"https:\/\/compuimpresion.com.co\/portal\/wp-json\/wp\/v2\/types\/product"}],"replies":[{"embeddable":true,"href":"https:\/\/compuimpresion.com.co\/portal\/wp-json\/wp\/v2\/comments?post=5606"}],"wp:featuredmedia":[{"embeddable":true,"href":"https:\/\/compuimpresion.com.co\/portal\/wp-json\/wp\/v2\/media\/5607"}],"wp:attachment":[{"href":"https:\/\/compuimpresion.com.co\/portal\/wp-json\/wp\/v2\/media?parent=5606"}],"wp:term":[{"taxonomy":"pwb-brand","embeddable":true,"href":"https:\/\/compuimpresion.com.co\/portal\/wp-json\/wp\/v2\/pwb-brand?post=5606"},{"taxonomy":"product_brand","embeddable":true,"href":"https:\/\/compuimpresion.com.co\/portal\/wp-json\/wp\/v2\/product_brand?post=5606"},{"taxonomy":"product_cat","embeddable":true,"href":"https:\/\/compuimpresion.com.co\/portal\/wp-json\/wp\/v2\/product_cat?post=5606"},{"taxonomy":"product_tag","embeddable":true,"href":"https:\/\/compuimpresion.com.co\/portal\/wp-json\/wp\/v2\/product_tag?post=5606"}],"curies":[{"name":"wp","href":"https:\/\/api.w.org\/{rel}","templated":true}]}}