{"id":5547,"date":"2024-08-02T11:30:26","date_gmt":"2024-08-02T16:30:26","guid":{"rendered":"https:\/\/compuimpresion.com.co\/portal\/?post_type=product&#038;p=5547"},"modified":"2026-02-23T10:28:05","modified_gmt":"2026-02-23T15:28:05","slug":"adata-disco-de-estado-solido-ultimate-su650","status":"publish","type":"product","link":"https:\/\/compuimpresion.com.co\/portal\/productos\/adata-disco-de-estado-solido-ultimate-su650\/","title":{"rendered":"Adata Disco de estado s\u00f3lido Ultimate SU650"},"content":{"rendered":"<p>La unidad de estado s\u00f3lido Ultimate SU650 implementa Flash NAND 3D y un controlador de alta velocidad, ofreciendo capacidades de hasta 2TB. Ofrece un rendimiento de lectura\/escritura de hasta 520\/450MB\/s y mayor fiabilidad que los SSD con NAND 2D. El SU650 cuenta con cach\u00e9 SLC y tecnolog\u00edas avanzadas de correcci\u00f3n de errores para garantizar un rendimiento e integridad de datos optimizados. Para aquellos que quieren experimentar una mejora clara de su PC, el SU650 definitivamente es una excelente opci\u00f3n con una gran relaci\u00f3n costo-rendimiento.<br \/>\nESPECIFICACIONES<br \/>\nCapacidad 120GB \/ 240GB \/ 256GB \/ 480GB \/ 512GB \/ 960GB \/ 1TB \/ 2TB<br \/>\nFactor de forma 2,5&#8243;<br \/>\nNAND Flash 3D NAND<br \/>\nDimensiones (L x An x Al) 100,45 x 69,85 x 7mm \/ 3,95 x 2,75 x 0,27&#8243;<br \/>\nPeso 50.8g \/ 1.79oz<br \/>\nInterfaz SATA 6Gb\/s<br \/>\nLectura secuencial (m\u00e1x*) Hasta 520MB\/s<br \/>\nEscritura secuencial (m\u00e1x*) Hasta 450MB\/s<br \/>\nTemperatura de operaci\u00f3n 0 a 70\u00b0C<br \/>\nTemperatura de almacenamiento -40 a 85\u00b0C<br \/>\nResistencia a golpes 1500G \/ 0,5ms<br \/>\nMTBF 2.000.000 horas<br \/>\nTerabytes escritos (TBW) (capacidad m\u00e1xima*) 1120TB<\/p>\n","protected":false},"excerpt":{"rendered":"<p>La unidad de estado s\u00f3lido Ultimate SU650 implementa Flash NAND 3D y un controlador de alta velocidad, ofreciendo capacidades de hasta 2TB.<\/p>\n","protected":false},"featured_media":5552,"comment_status":"closed","ping_status":"closed","template":"","meta":{"inline_featured_image":false},"pwb-brand":[585],"product_brand":[],"product_cat":[338,340],"product_tag":[417,414,1312],"class_list":{"0":"post-5547","1":"product","2":"type-product","3":"status-publish","4":"has-post-thumbnail","6":"pwb-brand-adata","7":"product_cat-accesorios","8":"product_cat-almacenamiento","9":"product_tag-adata","10":"product_tag-disco","11":"product_tag-estado-solido","13":"first","14":"outofstock","15":"taxable","16":"shipping-taxable","17":"product-type-variable"},"brands":[{"id":585,"name":"Adata","slug":"adata"}],"_links":{"self":[{"href":"https:\/\/compuimpresion.com.co\/portal\/wp-json\/wp\/v2\/product\/5547","targetHints":{"allow":["GET"]}}],"collection":[{"href":"https:\/\/compuimpresion.com.co\/portal\/wp-json\/wp\/v2\/product"}],"about":[{"href":"https:\/\/compuimpresion.com.co\/portal\/wp-json\/wp\/v2\/types\/product"}],"replies":[{"embeddable":true,"href":"https:\/\/compuimpresion.com.co\/portal\/wp-json\/wp\/v2\/comments?post=5547"}],"wp:featuredmedia":[{"embeddable":true,"href":"https:\/\/compuimpresion.com.co\/portal\/wp-json\/wp\/v2\/media\/5552"}],"wp:attachment":[{"href":"https:\/\/compuimpresion.com.co\/portal\/wp-json\/wp\/v2\/media?parent=5547"}],"wp:term":[{"taxonomy":"pwb-brand","embeddable":true,"href":"https:\/\/compuimpresion.com.co\/portal\/wp-json\/wp\/v2\/pwb-brand?post=5547"},{"taxonomy":"product_brand","embeddable":true,"href":"https:\/\/compuimpresion.com.co\/portal\/wp-json\/wp\/v2\/product_brand?post=5547"},{"taxonomy":"product_cat","embeddable":true,"href":"https:\/\/compuimpresion.com.co\/portal\/wp-json\/wp\/v2\/product_cat?post=5547"},{"taxonomy":"product_tag","embeddable":true,"href":"https:\/\/compuimpresion.com.co\/portal\/wp-json\/wp\/v2\/product_tag?post=5547"}],"curies":[{"name":"wp","href":"https:\/\/api.w.org\/{rel}","templated":true}]}}