{"id":5529,"date":"2024-07-31T12:53:00","date_gmt":"2024-07-31T17:53:00","guid":{"rendered":"https:\/\/compuimpresion.com.co\/portal\/?post_type=product&#038;p=5529"},"modified":"2025-04-03T16:41:47","modified_gmt":"2025-04-03T21:41:47","slug":"samsung-monitor-22-fhd-ls22a336nhlxzl","status":"publish","type":"product","link":"https:\/\/compuimpresion.com.co\/portal\/productos\/samsung-monitor-22-fhd-ls22a336nhlxzl\/","title":{"rendered":"Samsung Monitor 22 FHD LS22A336NHLXZL"},"content":{"rendered":"<p>Experimenta todo el panorama desde dondequiera que te sientes. Todo se mantiene v\u00edvido y despejado desde 178\u00b0 alrededor, incluso en las esquinas. Ya sea parado, sentado o mirando sobre el hombro de alguien, los documentos y gr\u00e1ficos se ven con la misma exactitud. Cada escena se define de manera incre\u00edble. La innovadora tecnolog\u00eda del panel de alineaci\u00f3n vertical (VA) de Samsung ofrece una espectacular relaci\u00f3n de contraste de 3000:1 con negros m\u00e1s intensos y blancos m\u00e1s brillantes. La filtraci\u00f3n de luz en toda la pantalla es m\u00ednima, por lo que las im\u00e1genes muy oscuras o muy claras se ven n\u00edtidas.<br \/>\nESPECIFICACIONES<br \/>\nRelaci\u00f3n de aspecto 16:9<br \/>\nBrillo (T\u00edpico) 250 cd\/\u33a1<br \/>\nRadio de contraste est\u00e1tico 3000:1(Typical)<br \/>\nResoluci\u00f3n FHD (1,920 x 1,080)<br \/>\nTiempo de respuesta 5(GTG\uff09<br \/>\nAngulo de visi\u00f3n (H\/V) 178\u00b0\/178\u00b0<br \/>\nTama\u00f1o de pantalla (clase) 22<br \/>\nPlano\/Curvo Plano<br \/>\nTama\u00f1o de pantalla activa (HxV) (mm) 478.656&#215;260.28<br \/>\nCurvatura de la pantalla N\/A<br \/>\nRelaci\u00f3n de aspecto 16:9<br \/>\nTipo de panel VA<br \/>\nBrillo (T\u00edpico) 250 cd\/\u33a1<br \/>\nBrillo m\u00e1ximo (t\u00edpico) N\/A<br \/>\nBrillo (Min) 200 cd\/\u33a1<br \/>\nRadio de contraste est\u00e1tico 3000:1(Typical)<br \/>\nContrast Ratio (Dynamic) Mega<br \/>\nHDR (alto rango din\u00e1mico) N\/A<br \/>\nHDR10+ N\/A<br \/>\nResoluci\u00f3n FHD (1,920 x 1,080)<br \/>\nTiempo de respuesta 5(GTG\uff09<br \/>\nAngulo de visi\u00f3n (H\/V) 178\u00b0\/178\u00b0<br \/>\nSoporte de color Max 16.7M<br \/>\nGama de colores (NTSC 1976) 72%<br \/>\nGama de colores (cobertura DCI) N\/A<br \/>\nCobertura Srgb N\/A<br \/>\nCobertura Adobe RGB N\/A<br \/>\nFrecuencia de actualizaci\u00f3n Max 60Hz<br \/>\nCARACTER\u00cdSTICAS GENERALES<br \/>\nSamsung MagicRotation Auto N\/A<br \/>\nEco Saving Plus N\/A<br \/>\nEco Motion Sensor N\/A<br \/>\nSensor ecol\u00f3gico de luz N\/A<br \/>\n0.00 con modo Apagado N\/A<br \/>\nModo Protecci\u00f3n visual S\u00ed<br \/>\nFlicker Free S\u00ed<br \/>\nPicture-In-Picture N\/A<br \/>\nPicture-by-Picture N\/A<br \/>\nColor cristal activo N\/A<br \/>\nColor de punto Quantum N\/A<br \/>\nModo Juego N\/A<br \/>\nTama\u00f1o de la imagen N\/A<br \/>\nCarga mediante USB N\/A<br \/>\nConexi\u00f3n en cadena N\/A<br \/>\nCertificaci\u00f3n de Windows Windows 10<br \/>\nFreeSync N\/A<br \/>\nG-Sync N\/A<br \/>\nOff Timer Plus N\/A<br \/>\nCarga inal\u00e1mbrica de tel\u00e9fono inteligente N\/A<br \/>\nOptimizador de tama\u00f1o de pantalla N\/A<br \/>\nEcualizador negro N\/A<br \/>\nModo Demora de entrada baja N\/A<br \/>\nOptimizador de frecuencia de actualizaci\u00f3n N\/A<br \/>\nClave personalizada N\/A<br \/>\nSuper Arena Gaming UX N\/A<br \/>\nHDMI-CEC N\/A<br \/>\nInterruptor autom\u00e1tico de fuente N\/A<br \/>\nAuto Source Switch+ N\/A<br \/>\nImagen adaptativa N\/A<br \/>\nAumento de potencia USB-C N\/A<br \/>\nUltrawide Game View N\/A<br \/>\nSMART SERVICE<br \/>\nSmart Type N\/A<br \/>\nSistema operativo N\/A<br \/>\nBixby N\/A<br \/>\nTV Plus N\/A<br \/>\nUniversal Guide N\/A<br \/>\nSmartThings App Support N\/A<br \/>\nSmartThings N\/A<br \/>\nMobile to Screen &#8211; Mirroring, DLNA N\/A<br \/>\nTap View N\/A<br \/>\nRemote Access N\/A<br \/>\nReplicaci\u00f3n de sonido N\/A<br \/>\nConnectShare\u2122 N\/A<br \/>\nINTERFAZ<br \/>\nDisplay inal\u00e1mbrico No<br \/>\nD-Sub 1 EA<br \/>\nDVI No<br \/>\nEnlace dual DIV No<br \/>\nPuerto de pantalla No<br \/>\nVersi\u00f3n de puerto de pantalla No<br \/>\nPuerto de pantalla de salida No<br \/>\nVersi\u00f3n de puerto de pantalla de salida No<br \/>\nPuerto de mini pantalla No<br \/>\nHDMI 1 EA<br \/>\nVersi\u00f3n HDMI 1.4<br \/>\nEntrada de Audio No<br \/>\nAud\u00edfono No<br \/>\nUSB Hub No<br \/>\nVersi\u00f3n de concentrador USB No<br \/>\nUSB-C No<br \/>\nPotencia de carga de USB-C No<br \/>\nThunderbolt 3 N\/A<br \/>\nPotencia de carga de Thunderbolt 3 (Puerto 1) N\/A<br \/>\nPotencia de carga de Thunderbolt 3 (Puerto 2) N\/A<br \/>\nEthernet (LAN) N\/A<br \/>\nLAN inal\u00e1mbrica integrada N\/A<br \/>\nBluetooth N\/A<br \/>\nAUDIO<br \/>\nAltavoz No<br \/>\nCONDICIONES DE OPERACI\u00d3N<br \/>\nTemperatura 10~40 \u2103<br \/>\nHumedad 10~80, Sin condensaci\u00f3n<br \/>\nCALIBRACI\u00d3N<br \/>\nSintonizador de f\u00e1brica N\/A<br \/>\nM\u00e1quina de calibraci\u00f3n incorporada N\/A<br \/>\nTabla de consulta (Look-up Table, LUT) de profundidad de bits N\/A<br \/>\nBalance de grises N\/A<br \/>\nCorrecci\u00f3n de uniformidad N\/A<br \/>\nModo Color N\/A<br \/>\nSoftware de gesti\u00f3n de color (Color Management Software, CMS)[\/ N\/A<br \/>\nInforme de calibraci\u00f3n de f\u00e1brica N\/A<br \/>\nDISE\u00d1O<br \/>\nColor Negro<br \/>\nTipo de soporte SIMPLE<br \/>\nSoporte de altura ajustable (HAS) N\/A<br \/>\nInclinaci\u00f3n -5.0\u00b0 (\u00b12.0\u00b0) ~21.0\u00b0 (\u00b12.0\u00b0)<br \/>\nGiratorio N\/A<br \/>\nOscilante N\/A<br \/>\nSoporte de pared 75 x 75<br \/>\nEco ENERGY STAR N\/A<br \/>\nPl\u00e1stico reciclado N\/A<br \/>\nENERG\u00cdA<br \/>\nFuente de alimentaci\u00f3n AC 100~240V<br \/>\nConsumo de energ\u00eda (m\u00e1x.) 18 W<br \/>\nConsumo de energ\u00eda (t\u00edpico) N\/A<br \/>\nConsumo de energ\u00eda (DPMS) N\/A<br \/>\nConsumo de energ\u00eda (modo apagado) N\/A<br \/>\nConsumo de energ\u00eda (anual) N\/A<br \/>\nTipo Adaptador Externo<br \/>\nDIMENSIONES DEL PRODUCTO<br \/>\nDimensi\u00f3n con soporte (anch. x alt. x prof.) 504.4 x 365.5 x 179.9 mm<br \/>\nDimensi\u00f3n sin soporte (anch. x alt. x prof.) 504.4 x 294.1 x 30.0 mm<br \/>\nDimensi\u00f3n del paquete (anch. x alt. x prof.) 565.0 x 110.0 x 350.0 mm<br \/>\nPESO<br \/>\nPeso del equipo con soporte 2.5 kg<br \/>\nPeso del equipo sin soporte 2.2 kg<br \/>\nPeso del paquete 3.6 kg<br \/>\nACCESORIOS<br \/>\nExtensi\u00f3n del cable de alimentaci\u00f3n 1.5 m<br \/>\nCable D-Sub N\/A<br \/>\nCable DVI N\/A<br \/>\nCable HDMI S\u00ed<br \/>\nCable HDMI a DVI N\/A<br \/>\nCable DP N\/A<br \/>\nCable USB Tipo C N\/A<br \/>\nCable Thunderbolt 3 N\/A<br \/>\nG\u00e9nero para mini pantalla No<br \/>\nCD de instalaci\u00f3n N\/A<br \/>\nCable de audio N\/A<br \/>\nCable USB 2.0 N\/A<br \/>\nUSB 3.0 Cable N\/A<br \/>\nControlador remoto N\/A<br \/>\nEAN: 8806094555820<br \/>\nSKU 7619<\/p>\n","protected":false},"excerpt":{"rendered":"<p>Experimenta todo el panorama desde dondequiera que te sientes. Todo se mantiene v\u00edvido y despejado desde 178\u00b0 alrededor, incluso en las esquinas.<\/p>\n","protected":false},"featured_media":5530,"comment_status":"closed","ping_status":"closed","template":"","meta":{"inline_featured_image":false},"pwb-brand":[127],"product_brand":[],"product_cat":[217,1256],"product_tag":[1288,1308,204,324],"class_list":{"0":"post-5529","1":"product","2":"type-product","3":"status-publish","4":"has-post-thumbnail","6":"pwb-brand-samsung","7":"product_cat-monitores","8":"product_cat-video","9":"product_tag-22-pulgadas","10":"product_tag-ls22a336nhlxzl","11":"product_tag-monitor","12":"product_tag-samsung","14":"first","15":"outofstock","16":"taxable","17":"shipping-taxable","18":"purchasable","19":"product-type-simple"},"brands":[{"id":127,"name":"Samsung","slug":"samsung"}],"_links":{"self":[{"href":"https:\/\/compuimpresion.com.co\/portal\/wp-json\/wp\/v2\/product\/5529","targetHints":{"allow":["GET"]}}],"collection":[{"href":"https:\/\/compuimpresion.com.co\/portal\/wp-json\/wp\/v2\/product"}],"about":[{"href":"https:\/\/compuimpresion.com.co\/portal\/wp-json\/wp\/v2\/types\/product"}],"replies":[{"embeddable":true,"href":"https:\/\/compuimpresion.com.co\/portal\/wp-json\/wp\/v2\/comments?post=5529"}],"wp:featuredmedia":[{"embeddable":true,"href":"https:\/\/compuimpresion.com.co\/portal\/wp-json\/wp\/v2\/media\/5530"}],"wp:attachment":[{"href":"https:\/\/compuimpresion.com.co\/portal\/wp-json\/wp\/v2\/media?parent=5529"}],"wp:term":[{"taxonomy":"pwb-brand","embeddable":true,"href":"https:\/\/compuimpresion.com.co\/portal\/wp-json\/wp\/v2\/pwb-brand?post=5529"},{"taxonomy":"product_brand","embeddable":true,"href":"https:\/\/compuimpresion.com.co\/portal\/wp-json\/wp\/v2\/product_brand?post=5529"},{"taxonomy":"product_cat","embeddable":true,"href":"https:\/\/compuimpresion.com.co\/portal\/wp-json\/wp\/v2\/product_cat?post=5529"},{"taxonomy":"product_tag","embeddable":true,"href":"https:\/\/compuimpresion.com.co\/portal\/wp-json\/wp\/v2\/product_tag?post=5529"}],"curies":[{"name":"wp","href":"https:\/\/api.w.org\/{rel}","templated":true}]}}