{"id":5520,"date":"2024-07-31T10:54:07","date_gmt":"2024-07-31T15:54:07","guid":{"rendered":"https:\/\/compuimpresion.com.co\/portal\/?post_type=product&#038;p=5520"},"modified":"2025-11-20T10:48:04","modified_gmt":"2025-11-20T15:48:04","slug":"lg-monitor-gamer-ultragear-de-24-pulgadas-ips-ajustable-de-144-hz-1ms-gtg-24gn65r-b","status":"publish","type":"product","link":"https:\/\/compuimpresion.com.co\/portal\/productos\/lg-monitor-gamer-ultragear-de-24-pulgadas-ips-ajustable-de-144-hz-1ms-gtg-24gn65r-b\/","title":{"rendered":"LG Monitor Gamer UltraGear de 24 pulgadas IPS Ajustable de 144 Hz 1ms GTG 24GN65R-B"},"content":{"rendered":"<p>Dise\u00f1ado para una velocidad incre\u00edble con IPS 1 ms comparable a la velocidad TN, proporciona una imagen residual m\u00ednima y un tiempo r\u00e1pido de respuesta, lo que te permite disfrutar de una nueva experiencia de juego. La velocidad ultrarr\u00e1pida de 144 Hz le permite a los jugadores ver r\u00e1pidamente el pr\u00f3ximo cuadro y hace que la imagen aparezca con fluidez. Los jugadores pueden responder r\u00e1pidamente a los oponentes y apuntar a sus objetivos con facilidad. Este monitor es compatible con HDR10 con sRGB 99 % (t\u00edp.), lo que permite una inmersi\u00f3n visual realista con colores intensos y con contraste. Independientemente del campo de batalla, puede ayudar a los jugadores a ver los colores dram\u00e1ticos que los desarrolladores del juego pretend\u00edan.<br \/>\nESPECIFICACIONES<br \/>\nDIMENSI\u00d3N\/PESO<br \/>\nDimensiones empaquetado (Ancho x Alto x Profundo) [mm] 753 x 426 x 173<br \/>\nDimensiones sin peana (Ancho x Alto x Profundo) [mm] 540.8 x 323.8 x 42.8<br \/>\nDimensiones con peana (Ancho x Alto x Profundo) [mm] 540.8 x 551.1 x 291.2(\u2191) 540.8 x 441.1 x 291.2(\u2193)<br \/>\nPeso empaquetado [kg] 8.2<br \/>\nPeso sin Peana [kg] 3.4<br \/>\nPeso con Peana [kg] 5.6<br \/>\nCARACTER\u00cdSTICAS<br \/>\nAMD FreeSync\u2122 Premium<br \/>\nAuto Input Switch Si<br \/>\nEstabilizador de Negros Si<br \/>\nCalibrado de color en F\u00e1brica Si<br \/>\nCruceta Si<br \/>\nDynamic Action Sync Si<br \/>\nProtecci\u00f3n anti-parpadeo Si<br \/>\nContador de FPS Si<br \/>\nHDR 10 Si<br \/>\nEfecto HDR Si<br \/>\nMotion Blur Reduction Tech. Si<br \/>\nModo de lectura SI<br \/>\nAhorro inteligente de energ\u00eda Si<br \/>\nClave definida por el usuario Si<br \/>\nPOTENCIA<br \/>\nEntrada CA 100~240V (50\/60Hz)<br \/>\nConsumo de potencia (DC apagado) menos de 0.3W<br \/>\nConsumo de potencia (M\u00e1x.) 30.2W<br \/>\nConsumo de potencia (Modo suspensi\u00f3n) menos de 0.5W<br \/>\nConsumo de potencia (T\u00edp) 28W<br \/>\nTipo Alimentaci\u00f3n externa (adaptador)<br \/>\nSTANDARD<br \/>\nRoHS Si<br \/>\nCONECTIVIDAD<br \/>\nDisplayPort SI (x1) Versi\u00f3n DP 1.4<br \/>\nHDMI SI (x1)<br \/>\nSalida para Auriculares 3-polos(Solo Sonido)<br \/>\nPANTALLA<br \/>\nRatio de Aspecto 16:9<br \/>\nBrillo (M\u00edn.)[cd\/m\u00b2] 240<br \/>\nBrillo (T\u00edp.)[cd\/m\u00b2] 300<br \/>\nProfundidad de Color (N\u00famero de colores) 16.7M<br \/>\nGama de Color (M\u00edn.) sRGB 97% (CIE1931)<br \/>\nGama de Color (T\u00edp.) sRGB 99% (CIE1931)<br \/>\nRatio de Contraste (M\u00edn.) 700:1<br \/>\nRatio de contraste(T\u00edp.) 1000:1<br \/>\nTipo de Panel IPS<br \/>\nTama\u00f1o del p\u00edxel [mm] 0.2745&#215;0.2745<br \/>\nTasa de refresco (M\u00e1x)[Hz] 144<br \/>\nResoluci\u00f3n 1920 x 1080<br \/>\nTiempo de respuesta 1ms (GtG a m\u00e1x. Velocidad)<br \/>\nTama\u00f1o [cm] 60.4<br \/>\nTama\u00f1o [Pulgada] 23.8<br \/>\n\u00c1ngulo de visi\u00f3n (CR\u226510) 178\u00ba(D\/I), 178\u00ba(Arriba\/Abajo)<br \/>\nAPLICACI\u00d3N SW<br \/>\nOnScreen Control (LG Screen Manager) Si<br \/>\nMEC\u00c1NICO<br \/>\nAjustes de posici\u00f3n de la pantalla Inclinaci\u00f3n\/Altura\/Pivotable<br \/>\nMontaje en pared [mm] 100 x 100<br \/>\nACCESORIO<br \/>\nHDMI Si<br \/>\nEAN: 8806091985897<br \/>\nSKU 7617<\/p>\n","protected":false},"excerpt":{"rendered":"<p>Dise\u00f1ado para una velocidad incre\u00edble con IPS 1 ms comparable a la velocidad TN, proporciona una imagen residual m\u00ednima y un tiempo r\u00e1pido de respuesta, lo que te permite disfrutar de una nueva experiencia de juego.<\/p>\n","protected":false},"featured_media":5521,"comment_status":"closed","ping_status":"closed","template":"","meta":{"inline_featured_image":false},"pwb-brand":[899],"product_brand":[],"product_cat":[317,217,1256],"product_tag":[1121,1304,726,901,204],"class_list":{"0":"post-5520","1":"product","2":"type-product","3":"status-publish","4":"has-post-thumbnail","6":"pwb-brand-lg","7":"product_cat-gaming","8":"product_cat-monitores","9":"product_cat-video","10":"product_tag-24-pulgadas","11":"product_tag-24gn65r-b","12":"product_tag-gamer","13":"product_tag-lg","14":"product_tag-monitor","16":"first","17":"outofstock","18":"taxable","19":"shipping-taxable","20":"purchasable","21":"product-type-simple"},"brands":[{"id":899,"name":"LG","slug":"lg"}],"_links":{"self":[{"href":"https:\/\/compuimpresion.com.co\/portal\/wp-json\/wp\/v2\/product\/5520","targetHints":{"allow":["GET"]}}],"collection":[{"href":"https:\/\/compuimpresion.com.co\/portal\/wp-json\/wp\/v2\/product"}],"about":[{"href":"https:\/\/compuimpresion.com.co\/portal\/wp-json\/wp\/v2\/types\/product"}],"replies":[{"embeddable":true,"href":"https:\/\/compuimpresion.com.co\/portal\/wp-json\/wp\/v2\/comments?post=5520"}],"wp:featuredmedia":[{"embeddable":true,"href":"https:\/\/compuimpresion.com.co\/portal\/wp-json\/wp\/v2\/media\/5521"}],"wp:attachment":[{"href":"https:\/\/compuimpresion.com.co\/portal\/wp-json\/wp\/v2\/media?parent=5520"}],"wp:term":[{"taxonomy":"pwb-brand","embeddable":true,"href":"https:\/\/compuimpresion.com.co\/portal\/wp-json\/wp\/v2\/pwb-brand?post=5520"},{"taxonomy":"product_brand","embeddable":true,"href":"https:\/\/compuimpresion.com.co\/portal\/wp-json\/wp\/v2\/product_brand?post=5520"},{"taxonomy":"product_cat","embeddable":true,"href":"https:\/\/compuimpresion.com.co\/portal\/wp-json\/wp\/v2\/product_cat?post=5520"},{"taxonomy":"product_tag","embeddable":true,"href":"https:\/\/compuimpresion.com.co\/portal\/wp-json\/wp\/v2\/product_tag?post=5520"}],"curies":[{"name":"wp","href":"https:\/\/api.w.org\/{rel}","templated":true}]}}