{"id":5450,"date":"2024-07-26T17:52:30","date_gmt":"2024-07-26T22:52:30","guid":{"rendered":"https:\/\/compuimpresion.com.co\/portal\/?post_type=product&#038;p=5450"},"modified":"2025-11-20T10:36:42","modified_gmt":"2025-11-20T15:36:42","slug":"xiaomi-watch-s3","status":"publish","type":"product","link":"https:\/\/compuimpresion.com.co\/portal\/productos\/xiaomi-watch-s3\/","title":{"rendered":"Xiaomi Watch S3"},"content":{"rendered":"<p>El Xiaomi Watch S3, inspirado en los relojes cl\u00e1sicos, utiliza materiales de alta calidad para ofrecer una sensaci\u00f3n de lujo accesible, destacando su estilo excepcional en cada detalle. Tras instalarlo, el bisel alterna autom\u00e1ticamente entre las esferas exclusivas del reloj y sincroniza con efectos de sonido din\u00e1micos, como si activaras un mecanismo refinado que brinda una experiencia \u00fanica.<\/p>\n<p>ESPECIFICACIONES<\/p>\n<p>Modelo del producto M2323W1<\/p>\n<p>Material del producto Marco de aleaci\u00f3n de aluminio, bisel de acero inoxidable, Corning Glass<\/p>\n<p>Material de la correa Caucho fluorado<\/p>\n<p>Dimensiones del producto 47mm \u00d7 47mm \u00d7 12mm<\/p>\n<p>Peso del producto 44g (sin correa)<\/p>\n<p>Longitud ajustable de la correa De 140 a 210 mm<\/p>\n<p>PANTALLA<\/p>\n<p>Pantalla AMOLED de 1.43&#8243;<\/p>\n<p>Resoluci\u00f3n de la pantalla 466 x 466, 326 ppp<\/p>\n<p>BATER\u00cdA<\/p>\n<p>Capacidad de la bater\u00eda 486 mAh<\/p>\n<p>Tipo de bater\u00eda de pol\u00edmeros de iones de litio<\/p>\n<p>DURACI\u00d3N DE LA BATER\u00cdA<\/p>\n<p>Uso normal con el sistema Android: 15 d\u00edas<\/p>\n<p>Uso normal con el sistema iOS: 14.5 d\u00edas<\/p>\n<p>Uso de AOD: 5 d\u00edas<\/p>\n<p>Temperatura de funcionamiento De -10 \u00b0C a 45 \u2103<\/p>\n<p>OTROS<\/p>\n<p>Clasificaci\u00f3n de resistencia al agua 5 ATM<\/p>\n<p>SENSORES<\/p>\n<p>Sensor de frecuencia card\u00edaca (con sensor de ox\u00edgeno en sangre), aceler\u00f3metro, giroscopio, br\u00fajula electr\u00f3nica, sensor de bar\u00f3metro, sensor de luz ambiental, sensor Hall<\/p>\n<p>Puerto de carga Base de carga magn\u00e9tica de 2 clavijas<\/p>\n<p>Micr\u00f3fono Compatible<\/p>\n<p>Altavoces Compatible<\/p>\n<p>SISTEMA Y RED<\/p>\n<p>Idiomas del sistema Ingl\u00e9s, alem\u00e1n, italiano, franc\u00e9s, espa\u00f1ol, holand\u00e9s, portugu\u00e9s, turco, \u00e1rabe, polaco, ucraniano, rumano, checo, eslovaco, griego, h\u00fangaro, hebreo, ruso, tailand\u00e9s, vietnamita, portugu\u00e9s de Brasil, indonesio, sueco, finland\u00e9s, noruego, dan\u00e9s, japon\u00e9s, coreano, chino tradicional<\/p>\n<p>Sistema operativo Android 8.0 o iOS 12.0 y versiones superiores<\/p>\n<p>Sistemas de posicionamiento satelital BeiDou, GPS, GLONASS, Galileo, QZSS<\/p>\n<p>Conectividad inal\u00e1mbrica Bluetooth\u00ae 5.2<\/p>\n<p>NFC Compatible * La disponibilidad de NFC puede variar seg\u00fan la regi\u00f3n.<\/p>\n<p>CONTENIDO DEL PAQUETE<\/p>\n<p>1 reloj (incluidos bisel y correa)<\/p>\n<p>1 base de carga<\/p>\n<p>1 manual del usuario<\/p>\n","protected":false},"excerpt":{"rendered":"<p>El Xiaomi Watch S3, inspirado en los relojes cl\u00e1sicos, utiliza materiales de alta calidad para ofrecer una sensaci\u00f3n de lujo accesible, destacando su estilo excepcional en cada detalle.<\/p>\n","protected":false},"featured_media":5451,"comment_status":"closed","ping_status":"closed","template":"","meta":{"inline_featured_image":false},"pwb-brand":[1265],"product_brand":[],"product_cat":[338,1268],"product_tag":[1077,1281,1283,1282,1271],"class_list":{"0":"post-5450","1":"product","2":"type-product","3":"status-publish","4":"has-post-thumbnail","6":"pwb-brand-xiaomi","7":"product_cat-accesorios","8":"product_cat-hogar-inteligente","9":"product_tag-gris","10":"product_tag-reloj-inteligente","11":"product_tag-s3","12":"product_tag-smart-watch","13":"product_tag-xiaomi","15":"first","16":"outofstock","17":"taxable","18":"shipping-taxable","19":"purchasable","20":"product-type-simple"},"brands":[{"id":1265,"name":"Xiaomi","slug":"xiaomi"}],"_links":{"self":[{"href":"https:\/\/compuimpresion.com.co\/portal\/wp-json\/wp\/v2\/product\/5450","targetHints":{"allow":["GET"]}}],"collection":[{"href":"https:\/\/compuimpresion.com.co\/portal\/wp-json\/wp\/v2\/product"}],"about":[{"href":"https:\/\/compuimpresion.com.co\/portal\/wp-json\/wp\/v2\/types\/product"}],"replies":[{"embeddable":true,"href":"https:\/\/compuimpresion.com.co\/portal\/wp-json\/wp\/v2\/comments?post=5450"}],"wp:featuredmedia":[{"embeddable":true,"href":"https:\/\/compuimpresion.com.co\/portal\/wp-json\/wp\/v2\/media\/5451"}],"wp:attachment":[{"href":"https:\/\/compuimpresion.com.co\/portal\/wp-json\/wp\/v2\/media?parent=5450"}],"wp:term":[{"taxonomy":"pwb-brand","embeddable":true,"href":"https:\/\/compuimpresion.com.co\/portal\/wp-json\/wp\/v2\/pwb-brand?post=5450"},{"taxonomy":"product_brand","embeddable":true,"href":"https:\/\/compuimpresion.com.co\/portal\/wp-json\/wp\/v2\/product_brand?post=5450"},{"taxonomy":"product_cat","embeddable":true,"href":"https:\/\/compuimpresion.com.co\/portal\/wp-json\/wp\/v2\/product_cat?post=5450"},{"taxonomy":"product_tag","embeddable":true,"href":"https:\/\/compuimpresion.com.co\/portal\/wp-json\/wp\/v2\/product_tag?post=5450"}],"curies":[{"name":"wp","href":"https:\/\/api.w.org\/{rel}","templated":true}]}}