{"id":5220,"date":"2024-04-17T10:45:19","date_gmt":"2024-04-17T15:45:19","guid":{"rendered":"https:\/\/compuimpresion.com.co\/portal\/?post_type=product&#038;p=5220"},"modified":"2024-10-02T15:39:27","modified_gmt":"2024-10-02T20:39:27","slug":"toner-kyocera-tk-1175","status":"publish","type":"product","link":"https:\/\/compuimpresion.com.co\/portal\/productos\/toner-kyocera-tk-1175\/","title":{"rendered":"TONER KYOCERA TK-1175"},"content":{"rendered":"<p style=\"text-align: justify\">Obt\u00e9n impresiones n\u00edtidas y de calidad profesional con el cartucho de t\u00f3ner negro TK-1175 de KYOCERA. Dise\u00f1ado para ofrecer un rendimiento confiable y duradero, este cartucho es compatible con una variedad de impresoras KYOCERA, asegurando resultados consistentes en cada p\u00e1gina.<\/p>\n<p>Rendimiento: 12.000 p\u00e1ginas aproximadamente texto al 5% calidad borrador<\/p>\n<p><strong>Caracter\u00edsticas:\u00a0\u00a0\u00a0\u00a0\u00a0\u00a0\u00a0\u00a0\u00a0\u00a0\u00a0\u00a0\u00a0\u00a0\u00a0\u00a0\u00a0\u00a0\u00a0\u00a0\u00a0\u00a0\u00a0\u00a0\u00a0\u00a0\u00a0\u00a0\u00a0\u00a0\u00a0\u00a0\u00a0\u00a0\u00a0\u00a0\u00a0\u00a0\u00a0\u00a0\u00a0\u00a0\u00a0\u00a0\u00a0\u00a0\u00a0\u00a0\u00a0\u00a0\u00a0\u00a0\u00a0\u00a0\u00a0\u00a0\u00a0\u00a0\u00a0\u00a0\u00a0\u00a0\u00a0\u00a0\u00a0\u00a0\u00a0\u00a0\u00a0 <\/strong><\/p>\n<p>Impresoras compatibles: M2640IDW &#8211; M2040DN<\/p>\n<p><strong>Dimensiones:<\/strong><\/p>\n<ul>\n<li>Dimensiones del producto (An x Pr x Al): 29 cm x 10 cm x 14 cm<\/li>\n<li>Peso del producto: 1 kg<\/li>\n<li>Dimensiones del paquete (An x Pr x Al): 32 cm x 13 cm x 17 cm<\/li>\n<li>Peso del paquete: 1.5 kg<\/li>\n<\/ul>\n<p>Sku: 4227<\/p>\n<p>Ean: 0632983043523<\/p>\n<p>N\/P: 1T02S50US1001<\/p>\n","protected":false},"excerpt":{"rendered":"<p style=\"text-align: justify\">Obt\u00e9n impresiones n\u00edtidas y de calidad profesional con el cartucho de t\u00f3ner negro TK-1175 de KYOCERA. Dise\u00f1ado para ofrecer un rendimiento confiable y duradero, este cartucho es compatible con una variedad de impresoras KYOCERA, asegurando resultados consistentes en cada p\u00e1gina.<\/p>\n","protected":false},"featured_media":5221,"comment_status":"closed","ping_status":"closed","template":"","meta":{"inline_featured_image":false},"pwb-brand":[569],"product_brand":[],"product_cat":[907,1264],"product_tag":[519,650,1152,652,1150,703,1151],"class_list":{"0":"post-5220","1":"product","2":"type-product","3":"status-publish","4":"has-post-thumbnail","6":"pwb-brand-kyocera","7":"product_cat-consumibles","8":"product_cat-toner-consumibles","9":"product_tag-cartucho-de-toner","10":"product_tag-kyocera","11":"product_tag-m2040dn","12":"product_tag-m2640idw","13":"product_tag-tk-1175","14":"product_tag-toner","15":"product_tag-toner-kyocera-tk-1175","17":"first","18":"instock","19":"taxable","20":"shipping-taxable","21":"purchasable","22":"product-type-simple"},"brands":[{"id":569,"name":"Kyocera","slug":"kyocera"}],"_links":{"self":[{"href":"https:\/\/compuimpresion.com.co\/portal\/wp-json\/wp\/v2\/product\/5220","targetHints":{"allow":["GET"]}}],"collection":[{"href":"https:\/\/compuimpresion.com.co\/portal\/wp-json\/wp\/v2\/product"}],"about":[{"href":"https:\/\/compuimpresion.com.co\/portal\/wp-json\/wp\/v2\/types\/product"}],"replies":[{"embeddable":true,"href":"https:\/\/compuimpresion.com.co\/portal\/wp-json\/wp\/v2\/comments?post=5220"}],"wp:featuredmedia":[{"embeddable":true,"href":"https:\/\/compuimpresion.com.co\/portal\/wp-json\/wp\/v2\/media\/5221"}],"wp:attachment":[{"href":"https:\/\/compuimpresion.com.co\/portal\/wp-json\/wp\/v2\/media?parent=5220"}],"wp:term":[{"taxonomy":"pwb-brand","embeddable":true,"href":"https:\/\/compuimpresion.com.co\/portal\/wp-json\/wp\/v2\/pwb-brand?post=5220"},{"taxonomy":"product_brand","embeddable":true,"href":"https:\/\/compuimpresion.com.co\/portal\/wp-json\/wp\/v2\/product_brand?post=5220"},{"taxonomy":"product_cat","embeddable":true,"href":"https:\/\/compuimpresion.com.co\/portal\/wp-json\/wp\/v2\/product_cat?post=5220"},{"taxonomy":"product_tag","embeddable":true,"href":"https:\/\/compuimpresion.com.co\/portal\/wp-json\/wp\/v2\/product_tag?post=5220"}],"curies":[{"name":"wp","href":"https:\/\/api.w.org\/{rel}","templated":true}]}}