{"id":5103,"date":"2024-03-07T11:44:39","date_gmt":"2024-03-07T16:44:39","guid":{"rendered":"https:\/\/compuimpresion.com.co\/portal\/?post_type=product&#038;p=5103"},"modified":"2024-09-30T11:06:29","modified_gmt":"2024-09-30T16:06:29","slug":"portatil-lenovo-ideapad-3-15iau7-intel-core-i3-1215u-8gb-ddr4-512gb-ssd-pantalla-15-6-fhd","status":"publish","type":"product","link":"https:\/\/compuimpresion.com.co\/portal\/productos\/portatil-lenovo-ideapad-3-15iau7-intel-core-i3-1215u-8gb-ddr4-512gb-ssd-pantalla-15-6-fhd\/","title":{"rendered":"PORT\u00c1TIL LENOVO IDEAPAD 3 15IAU7- INTEL CORE I3 1215U &#8211; 8GB DDR4 &#8211; 512GB SSD &#8211; PANTALLA 15.6&#8243; FHD"},"content":{"rendered":"<p style=\"text-align: justify\"><strong>PORT\u00c1TIL LENOVO IDEAPAD 3 15IAU7- INTEL CORE I3 1215U &#8211; 8GB DDR4 &#8211; 512GB SSD &#8211; PANTALLA 15.6&#8243; FHD<\/strong><\/p>\n<p style=\"text-align: justify\">En el port\u00e1til LENOVO IdeaPad 3 15IAU7, encuentra todo el rendimiento que necesitas, un port\u00e1til accesible que cubre tus necesidades, su combinaci\u00f3n generosa de memoria Ram de 8 GB DDR4, un almacenamiento en estado s\u00f3lido de 512GB y un procesador Intel Core i3 1215U es perfecto para tus tareas diarias, de la mano con un dise\u00f1o extraordinario, este equipo superar\u00e1 tus expectativas. As\u00ed mismo, te brindar\u00e1 un entretenimiento superior.<\/p>\n<p><strong>ESPECIFICACIONES T\u00c9CNICAS: <\/strong><\/p>\n<ul>\n<li style=\"text-align: justify\">Procesador: Intel Core i3 1215U (N\u00facleos: 6 \/ subprocesos: 8 &#8211; Frecuencia turbo m\u00e1xima: 4,40 GHz, 10 MB Intel Smart Cache)<\/li>\n<li style=\"text-align: justify\">Memoria Ram 8GB DDR4<\/li>\n<li style=\"text-align: justify\">Almacenamiento: Disco de Estado S\u00f3lido 512GB SSD<\/li>\n<li style=\"text-align: justify\">Tama\u00f1o de Pantalla: 15,6&#8243; FHD, antirreflejo<\/li>\n<li style=\"text-align: justify\">Resoluci\u00f3n de la Pantalla: 1920 x 1080<\/li>\n<li style=\"text-align: justify\">Conectividad: Wi-Fi y Bluetooth<\/li>\n<li style=\"text-align: justify\">Puerto HDMI: 1<\/li>\n<li style=\"text-align: justify\">Puertos USB: (1 x USB 2.0) \u2013 (1 x USB 3.2 Gen 1) &#8211; (1 x UBS 3.2 Gen 1 Tipo-C)<\/li>\n<li style=\"text-align: justify\">Puerto de audio: 1 puerto para auriculares (combinado para micr\u00f3fono y auriculares)<\/li>\n<li style=\"text-align: justify\">Lector de tarjetas SD: 1<\/li>\n<li style=\"text-align: justify\">Conector de alimentaci\u00f3n<\/li>\n<li style=\"text-align: justify\">Audio: Altavoces est\u00e9reo, 1,5 W x2, Dolby Audio<\/li>\n<li style=\"text-align: justify\">C\u00e1mara: HD 720p<\/li>\n<li style=\"text-align: justify\">Sistema operativo: FreeDos (Sin sistema operativo)<\/li>\n<li style=\"text-align: justify\">Color: Arctic Grey<\/li>\n<\/ul>\n<p style=\"text-align: justify\"><strong>DIMENSIONES:<\/strong><\/p>\n<ul>\n<li style=\"text-align: justify\">Dimensiones del producto (An x Pr x Al): 35.92 cm x 23.65 cm x 1.99 cm<\/li>\n<li style=\"text-align: justify\">Peso del producto: 1,63\u00a0kg<\/li>\n<li style=\"text-align: justify\">Dimensiones del paquete (An x Pr x Al): 41 cm x 28.5 cm 7.5 cm<\/li>\n<li style=\"text-align: justify\">Peso del paquete: 3.5 kg<\/li>\n<\/ul>\n<p>SKU: 1892<\/p>\n<p>EAN: 0197532301702<\/p>\n<p>N\/P: PF4T7V9F<\/p>\n","protected":false},"excerpt":{"rendered":"<p style=\"text-align: justify\">En el port\u00e1til LENOVO IdeaPad 3 15IAU7, encuentra todo el rendimiento que necesitas, un port\u00e1til accesible que cubre tus necesidades, su combinaci\u00f3n generosa de memoria Ram de 8 GB DDR4, un almacenamiento en estado s\u00f3lido de 512GB y un procesador Intel Core i3 1215U es perfecto para tus tareas diarias.<\/p>\n","protected":false},"featured_media":5104,"comment_status":"closed","ping_status":"closed","template":"","meta":{"inline_featured_image":false},"pwb-brand":[420],"product_brand":[],"product_cat":[888,894],"product_tag":[1023,1022,336,1026,1037,483,1077,321,525,1094,1096,1036,1021,1086,499,1095,1068,226,185,357],"class_list":{"0":"post-5103","1":"product","2":"type-product","3":"status-publish","4":"has-post-thumbnail","6":"pwb-brand-lenovo","7":"product_cat-computo","8":"product_cat-portatiles-computo","9":"product_tag-512gb-ssd","10":"product_tag-8gb-ddr4","11":"product_tag-bluetooth","12":"product_tag-camara-web","13":"product_tag-fhd-1920-x-1080","14":"product_tag-freedos","15":"product_tag-gris","16":"product_tag-hdmi","17":"product_tag-ideapad-3","18":"product_tag-ideapad-3-15iau7","19":"product_tag-intel-core","20":"product_tag-intel-core-i3","21":"product_tag-intel-core-i3-1215u","22":"product_tag-lector-tarjeta-sd","23":"product_tag-lenovo","24":"product_tag-lenovo-ideapad-3-15iau7","25":"product_tag-pantalla-15-6","26":"product_tag-portatil","27":"product_tag-usb","28":"product_tag-wifi","30":"first","31":"outofstock","32":"taxable","33":"shipping-taxable","34":"purchasable","35":"product-type-simple"},"brands":[{"id":420,"name":"Lenovo","slug":"lenovo"}],"_links":{"self":[{"href":"https:\/\/compuimpresion.com.co\/portal\/wp-json\/wp\/v2\/product\/5103","targetHints":{"allow":["GET"]}}],"collection":[{"href":"https:\/\/compuimpresion.com.co\/portal\/wp-json\/wp\/v2\/product"}],"about":[{"href":"https:\/\/compuimpresion.com.co\/portal\/wp-json\/wp\/v2\/types\/product"}],"replies":[{"embeddable":true,"href":"https:\/\/compuimpresion.com.co\/portal\/wp-json\/wp\/v2\/comments?post=5103"}],"wp:featuredmedia":[{"embeddable":true,"href":"https:\/\/compuimpresion.com.co\/portal\/wp-json\/wp\/v2\/media\/5104"}],"wp:attachment":[{"href":"https:\/\/compuimpresion.com.co\/portal\/wp-json\/wp\/v2\/media?parent=5103"}],"wp:term":[{"taxonomy":"pwb-brand","embeddable":true,"href":"https:\/\/compuimpresion.com.co\/portal\/wp-json\/wp\/v2\/pwb-brand?post=5103"},{"taxonomy":"product_brand","embeddable":true,"href":"https:\/\/compuimpresion.com.co\/portal\/wp-json\/wp\/v2\/product_brand?post=5103"},{"taxonomy":"product_cat","embeddable":true,"href":"https:\/\/compuimpresion.com.co\/portal\/wp-json\/wp\/v2\/product_cat?post=5103"},{"taxonomy":"product_tag","embeddable":true,"href":"https:\/\/compuimpresion.com.co\/portal\/wp-json\/wp\/v2\/product_tag?post=5103"}],"curies":[{"name":"wp","href":"https:\/\/api.w.org\/{rel}","templated":true}]}}