{"id":5084,"date":"2024-03-07T10:34:02","date_gmt":"2024-03-07T15:34:02","guid":{"rendered":"https:\/\/compuimpresion.com.co\/portal\/?post_type=product&#038;p=5084"},"modified":"2025-03-28T13:06:31","modified_gmt":"2025-03-28T18:06:31","slug":"portatil-dell-inspiron-15-3520-intel-core-i5-1235u-8gb-ddr4-512gb-ssd-pantalla-156","status":"publish","type":"product","link":"https:\/\/compuimpresion.com.co\/portal\/productos\/portatil-dell-inspiron-15-3520-intel-core-i5-1235u-8gb-ddr4-512gb-ssd-pantalla-156\/","title":{"rendered":"PORT\u00c1TIL DELL INSPIRON 15 3520 &#8211; INTEL CORE I5 1235U &#8211; 8GB DDR4 &#8211; 512GB SSD &#8211; PANTALLA 15,6&#8243;"},"content":{"rendered":"<p style=\"text-align: justify\"><strong>PORT\u00c1TIL DELL INSPIRON 15 3520 &#8211; INTEL CORE I5 1235U &#8211; 8GB DDR4 &#8211; 512GB SSD &#8211; PANTALLA 15,6&#8243;<\/strong><\/p>\n<p style=\"text-align: justify\">Con el port\u00e1til DELL Inspiron 15 3520 podr\u00e1s disfrutar de un rendimiento \u00e1gil y silencioso gracias a su procesador Intel Core i5 1235U de 12\u00aa generaci\u00f3n, una memoria Ram de 8GB DDR4 y una unidad de almacenamiento SSD de 512GB. Lo que te ayudara a realizar todas tus tareas de una manera m\u00e1s f\u00e1cil y a operar diversos programas sin problemas.<\/p>\n<p style=\"text-align: justify\">Disfrute de teclas de mayor tama\u00f1o y de un amplio panel t\u00e1ctil para desplazarse con facilidad por el contenido, adem\u00e1s del software ComfortView, que es una soluci\u00f3n con certificaci\u00f3n T\u00dcV Rheinland y reduce las nocivas emisiones de luz azul para que no se le canse vista cuando tenga que estar mucho tiempo delante de la pantalla. Adem\u00e1s, sus elegantes bordes finos en tres lados admiten una pantalla FHD opcional.<\/p>\n<p style=\"text-align: justify\">Disfrute de un dise\u00f1o cl\u00e1sico en color\u00a0 Gris<\/p>\n<p style=\"text-align: justify\">Una c\u00e1mara web de alta definici\u00f3n integrada le permite conectarse con total confianza y con la seguridad de que su aspecto va a ser excelente. Su PC est\u00e1 desarrollado para aguantar un uso regular, con unas diminutas patas de goma y topes en la bisagra que evitan que se deslice y proporcionan una estabilidad adicional sobre superficies duras.<\/p>\n<p><strong>ESPECIFICACIONES T\u00c9CNICAS: <\/strong><\/p>\n<ul>\n<li>Procesador: Intel Core i5-1235U (hasta 4,4 GHz con tecnolog\u00eda Intel Turbo Boost, 12 MB de cach\u00e9, 10 n\u00facleos y 12 subprocesos)<\/li>\n<li>Memoria Ram 8GB DDR4<\/li>\n<li>Almacenamiento: Disco de Estado S\u00f3lido 512GB SSD<\/li>\n<li>Tama\u00f1o de Pantalla: 15,6&#8243; FHD, antibrillo<\/li>\n<li>Resoluci\u00f3n de la Pantalla: 1920 x 1080<\/li>\n<li>Conectividad: Wi-Fi y Bluetooth<\/li>\n<li>Puerto HDMI: 1<\/li>\n<li>Puertos USB: (1 x puerto USB 2.0) \u2013 (1 x puerto USB 3.2 Gen 1) &#8211; (1 x puerto USB 3.2 Gen 1)<\/li>\n<li>Lector de tarjetas SD<\/li>\n<li>Puerto de audio: 1 puerto para auriculares (combinado para micr\u00f3fono y auriculares)<\/li>\n<li>Audio: 2 altavoces de 2 W, 4 W en total<\/li>\n<li>C\u00e1mara: 720p HD con un micr\u00f3fono integrado.<\/li>\n<li>Sistema operativo: Ubuntu<\/li>\n<li>Color: GRIS<\/li>\n<\/ul>\n<p><strong>DIMENSIONES:<\/strong><\/p>\n<ul>\n<li>Dimensiones del producto (An x Pr x Al): 35.85 cm x 23.55 cm x 2.10 cm<\/li>\n<li>Peso del producto: 1,63\u00a0kg<\/li>\n<li>Dimensiones del paquete (An x Pr x Al): 41 cm x 28.5 cm 7.5 cm<\/li>\n<li>Peso del paquete: 3.5 kg<\/li>\n<\/ul>\n<p>SKU: 0257<\/p>\n<p>EAN: 0884116461036<\/p>\n<p>N\/P: HKG75<\/p>\n","protected":false},"excerpt":{"rendered":"<p style=\"text-align: justify\">Con el port\u00e1til DELL Inspiron 15 3520 podr\u00e1s disfrutar de un rendimiento \u00e1gil y silencioso gracias a su procesador Intel Core i5 1235U de 12\u00aa generaci\u00f3n, una memoria Ram de 8GB DDR4 y una unidad de almacenamiento SSD de 512GB. Lo que te ayudara a realizar todas tus tareas de una manera m\u00e1s f\u00e1cil y a operar diversos programas sin problemas.<\/p>\n<p>&nbsp;<\/p>\n","protected":false},"featured_media":6119,"comment_status":"closed","ping_status":"closed","template":"","meta":{"inline_featured_image":false},"pwb-brand":[216],"product_brand":[],"product_cat":[888,894],"product_tag":[1023,782,1022,336,1026,488,1083,1037,321,489,1051,1052,1086,389,1084,226,1085,185,357],"class_list":{"0":"post-5084","1":"product","2":"type-product","3":"status-publish","4":"has-post-thumbnail","6":"pwb-brand-dell","7":"product_cat-computo","8":"product_cat-portatiles-computo","9":"product_tag-512gb-ssd","10":"product_tag-782","11":"product_tag-8gb-ddr4","12":"product_tag-bluetooth","13":"product_tag-camara-web","14":"product_tag-dell","15":"product_tag-dell-inspiron-15-3520","16":"product_tag-fhd-1920-x-1080","17":"product_tag-hdmi","18":"product_tag-inspiron","19":"product_tag-intel-core-i5","20":"product_tag-intel-core-i5-1235u","21":"product_tag-lector-tarjeta-sd","22":"product_tag-negro","23":"product_tag-pantalla-15","24":"product_tag-portatil","25":"product_tag-ubuntu","26":"product_tag-usb","27":"product_tag-wifi","29":"first","30":"outofstock","31":"taxable","32":"shipping-taxable","33":"purchasable","34":"product-type-simple"},"brands":[{"id":216,"name":"DELL","slug":"dell"}],"_links":{"self":[{"href":"https:\/\/compuimpresion.com.co\/portal\/wp-json\/wp\/v2\/product\/5084","targetHints":{"allow":["GET"]}}],"collection":[{"href":"https:\/\/compuimpresion.com.co\/portal\/wp-json\/wp\/v2\/product"}],"about":[{"href":"https:\/\/compuimpresion.com.co\/portal\/wp-json\/wp\/v2\/types\/product"}],"replies":[{"embeddable":true,"href":"https:\/\/compuimpresion.com.co\/portal\/wp-json\/wp\/v2\/comments?post=5084"}],"wp:featuredmedia":[{"embeddable":true,"href":"https:\/\/compuimpresion.com.co\/portal\/wp-json\/wp\/v2\/media\/6119"}],"wp:attachment":[{"href":"https:\/\/compuimpresion.com.co\/portal\/wp-json\/wp\/v2\/media?parent=5084"}],"wp:term":[{"taxonomy":"pwb-brand","embeddable":true,"href":"https:\/\/compuimpresion.com.co\/portal\/wp-json\/wp\/v2\/pwb-brand?post=5084"},{"taxonomy":"product_brand","embeddable":true,"href":"https:\/\/compuimpresion.com.co\/portal\/wp-json\/wp\/v2\/product_brand?post=5084"},{"taxonomy":"product_cat","embeddable":true,"href":"https:\/\/compuimpresion.com.co\/portal\/wp-json\/wp\/v2\/product_cat?post=5084"},{"taxonomy":"product_tag","embeddable":true,"href":"https:\/\/compuimpresion.com.co\/portal\/wp-json\/wp\/v2\/product_tag?post=5084"}],"curies":[{"name":"wp","href":"https:\/\/api.w.org\/{rel}","templated":true}]}}