{"id":4978,"date":"2024-02-10T12:22:26","date_gmt":"2024-02-10T17:22:26","guid":{"rendered":"https:\/\/compuimpresion.com.co\/portal\/?post_type=product&#038;p=4978"},"modified":"2024-07-25T08:46:15","modified_gmt":"2024-07-25T13:46:15","slug":"equipo-hp-aio-22-dd2017la-intel-core-i3-1215u-8gb-ddr4-512gb-ssd-negro","status":"publish","type":"product","link":"https:\/\/compuimpresion.com.co\/portal\/productos\/equipo-hp-aio-22-dd2017la-intel-core-i3-1215u-8gb-ddr4-512gb-ssd-negro\/","title":{"rendered":"EQUIPO HP AIO 22-DD2017LA &#8211; INTEL CORE I3 1215U &#8211; 8GB DDR4 &#8211; 512GB SSD &#8211; NEGRO- 21,5&#8243;"},"content":{"rendered":"<p><strong>EQUIPO HP AIO 22-DD2017LA &#8211; INTEL CORE I3 1215U &#8211; 8GB DDR4 &#8211; 512GB SSD &#8211; NEGRO &#8211; 21,5&#8243;<\/strong><\/p>\n<ul>\n<li style=\"text-align: justify\">Piensa a largo plazo. La HP All-in-One combina la potencia de un equipo de escritorio con la belleza de una pantalla moderna y delgada en un dispositivo que est\u00e1 dise\u00f1ado para crecer contigo. D\u00e1ndote seguridad y confianza para que todos en tu familia la utilicen sin ninguna preocupaci\u00f3n. Incluye todo lo que necesitas sin gastar de m\u00e1s.<\/li>\n<li style=\"text-align: justify\">Dise\u00f1o probado y resistente hecho para durar Eficaces y confiables para millones de personas, las computadoras HP pasan por m\u00e1s de 230 pruebas individuales de calidad.<\/li>\n<li style=\"text-align: justify\">Ve m\u00e1s en una pantalla con microbordes en tres lados Podr\u00e1s disfrutar de un espacio de uso despejado gracias a su dise\u00f1o elegante, puertos estrat\u00e9gicamente situados, pantalla con microbordes y c\u00e1mara emergente.<\/li>\n<\/ul>\n<p><strong>HARDWARE:<\/strong><\/p>\n<ul>\n<li>N\u00famero de producto: 7B936LA<\/li>\n<li>Nombre del producto: HP All-in-One 22-dd2017la<\/li>\n<li>Especificaciones de pantalla: 21.5&#8243; diagonal, FHD (1920 x 1080), VA, three-sided micro-edge, anti-glare, 250 nits, 72% NTSC<\/li>\n<li>Motherboard: Cottage<\/li>\n<li>Motherboard Specifications Link: Cottage<\/li>\n<li>Memoria: 8 GB de RAM DDR4-3200 MHz (1 x 8 GB)<\/li>\n<li>Almacenamiento interno: Unidad de estado s\u00f3lido de 512 GB PCIe NVMe M.2<\/li>\n<li>Tipo de procesador: Intel Core i3<\/li>\n<li>Procesador: Intel Core i3-1215U (hasta 4,4 GHz con tecnolog\u00eda Intel\u00ae Turbo Boost, 10 MB de cach\u00e9 L3, 6 n\u00facleos y 8 subprocesos)<\/li>\n<li>Familia de procesadores: Procesador Intel Core i3 de 12.\u00aa generaci\u00f3n<\/li>\n<li>Gr\u00e1ficos: Integradas<\/li>\n<li>Tarjeta gr\u00e1fica: Gr\u00e1ficos Intel Iris X<\/li>\n<li>Puertos: 1 USB SuperSpeed de tipo-A con velocidad de se\u00f1alizaci\u00f3n de 5Gbps; 2 USB 2.0 de tipo-A; 1 RJ-45; 1 combo de auriculares\/micr\u00f3fono<\/li>\n<li>Ranuras de expansi\u00f3n: 2 M.2 (1 para SSD, 1 para WLAN)<\/li>\n<li>Interfaz de red: LAN 10\/100\/1000 GbE integrada<\/li>\n<li>Conexi\u00f3n inal\u00e1mbrica: Combinaci\u00f3n de Realtek RTL8821CE-M 802.11a\/b\/g\/n\/ac (1&#215;1) Wi-Fi y Bluetooth 4.2<\/li>\n<li>Unidad \u00f3ptica: Unidad \u00f3ptica no incluida<\/li>\n<li>Tipo de suministro el\u00e9ctrico<\/li>\n<li>Adaptador de alimentaci\u00f3n de CA inteligente de 65 W<\/li>\n<li>Teclado: Teclado HP USB 125 con cable, negro<\/li>\n<li>Input Devices-Mouse: Mouse HP USB 125 con cable, negro<\/li>\n<li>C\u00e1mara web: C\u00e1mara de privacidad HP True Vision 720p HD con micr\u00f3fonos digitales de matriz doble integrados<\/li>\n<\/ul>\n<p><strong>SOFTWARE: <\/strong><\/p>\n<ul>\n<li>Sistema operativo: FreeDOS<\/li>\n<\/ul>\n<p><strong>DIMENSIONES: <\/strong><\/p>\n<ul>\n<li>Dimensiones: 49,03 x 20,45 x 38,07 cm<\/li>\n<li>Peso: 5,7 kg<\/li>\n<li>Dimensiones Empaquetado: 59,3 x 24,3 x 47,8 cm<\/li>\n<li>Peso Empaquetado: 8,7 kg<\/li>\n<\/ul>\n<p><strong>Sku: <\/strong>1259<\/p>\n<p><strong>Ean: <\/strong>0197029978769<\/p>\n<p><strong>N\/P: <\/strong>7B936LA#ABM<\/p>\n","protected":false},"excerpt":{"rendered":"<p style=\"text-align: justify\">Piensa a largo plazo. La HP All-in-One combina la potencia de un equipo de escritorio con la belleza de una pantalla moderna y delgada en un dispositivo que est\u00e1 dise\u00f1ado para crecer contigo. D\u00e1ndote seguridad y confianza para que todos en tu familia la utilicen sin ninguna preocupaci\u00f3n. Incluye todo lo que necesitas sin gastar de m\u00e1s.<\/p>\n","protected":false},"featured_media":4979,"comment_status":"closed","ping_status":"closed","template":"","meta":{"inline_featured_image":false},"pwb-brand":[124],"product_brand":[],"product_cat":[889,888],"product_tag":[1023,1022,1026,1017,483,321,297,1020,1021,1025,389,1024,208],"class_list":{"0":"post-4978","1":"product","2":"type-product","3":"status-publish","4":"has-post-thumbnail","6":"pwb-brand-hp","7":"product_cat-todo-en-uno-computo","8":"product_cat-computo","9":"product_tag-512gb-ssd","10":"product_tag-8gb-ddr4","11":"product_tag-camara-web","12":"product_tag-fhd-1080p","13":"product_tag-freedos","14":"product_tag-hdmi","15":"product_tag-hp","16":"product_tag-hp-22-dd2017la","17":"product_tag-intel-core-i3-1215u","18":"product_tag-interl-core","19":"product_tag-negro","20":"product_tag-pantalla-21","21":"product_tag-todo-en-uno","23":"first","24":"outofstock","25":"taxable","26":"shipping-taxable","27":"purchasable","28":"product-type-simple"},"brands":[{"id":124,"name":"HP","slug":"hp"}],"_links":{"self":[{"href":"https:\/\/compuimpresion.com.co\/portal\/wp-json\/wp\/v2\/product\/4978","targetHints":{"allow":["GET"]}}],"collection":[{"href":"https:\/\/compuimpresion.com.co\/portal\/wp-json\/wp\/v2\/product"}],"about":[{"href":"https:\/\/compuimpresion.com.co\/portal\/wp-json\/wp\/v2\/types\/product"}],"replies":[{"embeddable":true,"href":"https:\/\/compuimpresion.com.co\/portal\/wp-json\/wp\/v2\/comments?post=4978"}],"wp:featuredmedia":[{"embeddable":true,"href":"https:\/\/compuimpresion.com.co\/portal\/wp-json\/wp\/v2\/media\/4979"}],"wp:attachment":[{"href":"https:\/\/compuimpresion.com.co\/portal\/wp-json\/wp\/v2\/media?parent=4978"}],"wp:term":[{"taxonomy":"pwb-brand","embeddable":true,"href":"https:\/\/compuimpresion.com.co\/portal\/wp-json\/wp\/v2\/pwb-brand?post=4978"},{"taxonomy":"product_brand","embeddable":true,"href":"https:\/\/compuimpresion.com.co\/portal\/wp-json\/wp\/v2\/product_brand?post=4978"},{"taxonomy":"product_cat","embeddable":true,"href":"https:\/\/compuimpresion.com.co\/portal\/wp-json\/wp\/v2\/product_cat?post=4978"},{"taxonomy":"product_tag","embeddable":true,"href":"https:\/\/compuimpresion.com.co\/portal\/wp-json\/wp\/v2\/product_tag?post=4978"}],"curies":[{"name":"wp","href":"https:\/\/api.w.org\/{rel}","templated":true}]}}