{"id":4940,"date":"2024-02-09T10:19:03","date_gmt":"2024-02-09T15:19:03","guid":{"rendered":"https:\/\/compuimpresion.com.co\/portal\/?post_type=product&#038;p=4940"},"modified":"2026-04-13T18:43:37","modified_gmt":"2026-04-13T23:43:37","slug":"impresora-laser-hp-m4303fdw-multifuncional-color","status":"publish","type":"product","link":"https:\/\/compuimpresion.com.co\/portal\/productos\/impresora-laser-hp-m4303fdw-multifuncional-color\/","title":{"rendered":"IMPRESORA LASER HP M4303FDW MULTIFUNCIONAL COLOR"},"content":{"rendered":"<p><strong>IMPRESORA LASER HP M4303FDW MULTIFUNCIONAL COLOR<\/strong><\/p>\n<p>-Impresi\u00f3n r\u00e1pida a color y herramientas de f\u00e1cil administraci\u00f3n.<\/p>\n<p>-Obtenga impresi\u00f3n en color ultrarr\u00e1pida, hardware confiable, y administraci\u00f3n remota f\u00e1cil y segura.<\/p>\n<p>-Esta impresora est\u00e1 dise\u00f1ada para funcionar solo con cartuchos que dispongan de un chip de HP nuevo o reutilizado, y utiliza medidas de seguridad din\u00e1mica para bloquear los cartuchos que usan un chip que no sea de HP. Las actualizaciones peri\u00f3dicas de firmware mantienen la eficacia de estas medidas y bloquean los cartuchos que funcionaban anteriormente. Un chip de HP reutilizado permite el uso de cartuchos reutilizados, rellenados o reacondicionados.<\/p>\n<p>-Funciones: Impresi\u00f3n, copia, escaneado, fax<\/p>\n<p>-Velocidad de impresi\u00f3n monocrom\u00e1tica (ISO, carta): Hasta 35 ppm<\/p>\n<p>-Velocidad de impresi\u00f3n monocrom\u00e1tica (ISO, A4): Hasta 33 ppm<\/p>\n<p>-Velocidad de impresi\u00f3n color (ISO): Up to 35 ppm<\/p>\n<p>-Velocidad de impresi\u00f3n en color (ISO): Hasta 33 ppm<\/p>\n<p>-Salida de primera p\u00e1gina impresa en negro (A4, preparada): 9,5 segundos<\/p>\n<p>-Salida de primera p\u00e1gina impresa color (carta, preparada): 10 segundos<\/p>\n<p>-Salida de primera p\u00e1gina impresa color (A4, preparada): 10,5 segundos<\/p>\n<p>-Impresi\u00f3n a doble cara: Autom\u00e1tico<\/p>\n<p>-Ciclo de trabajo (mensual, carta): Hasta 50.000 p\u00e1ginas (El ciclo de trabajo se define como el n\u00famero m\u00e1ximo de p\u00e1ginas impresas por mes. Este valor proporciona una evaluaci\u00f3n de la solidez del producto comparada con la de otros dispositivos HP LaserJet o HP Color LaserJet, y permite la implementaci\u00f3n adecuada de impresoras y productos multifunci\u00f3n para satisfacer las necesidades de los grupos o individuos conectados.)<\/p>\n<p>-Ciclo de trabajo (mensual, A4): Hasta 50.000 p\u00e1ginas (1 El ciclo de trabajo se define como el n\u00famero m\u00e1ximo de p\u00e1ginas impresas por mes. Este valor proporciona una evaluaci\u00f3n de la solidez del producto comparada con la de otros dispositivos HP LaserJet o HP Color LaserJet, y permite la implementaci\u00f3n adecuada de impresoras y productos multifunci\u00f3n para satisfacer las necesidades de los grupos o individuos conectados.)<\/p>\n<p>-Volumen de p\u00e1ginas mensuales recomendado: 750 a 4000<\/p>\n<p>-Resoluci\u00f3n de impresi\u00f3n: Negro (\u00f3ptima) Hasta 600 x 600 ppp; Negro (normal) ImageREt 2400, modo de calidad de impresi\u00f3n HP Premium (600 x 600 ppp) &#8211; Color (\u00f3ptima): Hasta 600 x 600 ppp; Color (normal): ImageREt 2400, modo de calidad de impresi\u00f3n HP Premium (600 x 600 ppp)<\/p>\n<p>-Tecnolog\u00eda de impresi\u00f3n: L\u00e1ser; Tecnolog\u00eda de resoluci\u00f3n de impresi\u00f3n: HP ImageREt 2400, calibraci\u00f3n PANTONE<\/p>\n<p>-Cantidad de cartuchos de impresi\u00f3n: 4 (1 de cada color: negro, cian, magenta y amarillo)<\/p>\n<p>-Lenguajes de impresi\u00f3n est\u00e1ndar: HP PCL 6, HP PCL 5e, emulaci\u00f3n HP postscript nivel 3, PDF, URF, PWG Raster, Office nativo, TIFF, JPEG<\/p>\n<p>-Funciones del software inteligente de la impresora: Impresi\u00f3n autom\u00e1tica d\u00faplex, compaginaci\u00f3n, marcas de agua, formularios imprimibles, modo silencioso, modo de impresi\u00f3n HP Premium, acepta diferentes tama\u00f1os y tipos de papel.<\/p>\n<p><strong>Escaneo<\/strong><\/p>\n<p>-Tipo de escaneo\/tecnolog\u00eda Tipo: Cama plana, alimentador autom\u00e1tico de documentos (AAD); Tecnolog\u00eda: (CIS) Sensor de imagen de contacto; Versi\u00f3n Twain: Versi\u00f3n 2.3<\/p>\n<p>-Resoluci\u00f3n de escaneado Hardware: Hasta 600 x 600 ppp; \u00d3ptica: Hasta 600 ppp<\/p>\n<p>-Formato del archivo de digitalizaci\u00f3n: PDF; JPG; TIFF<\/p>\n<p>-Modos de entrada de digitalizaci\u00f3n: Botones de escaneo, copiado, correo electr\u00f3nico o archivos en el panel frontal; Software de Escaneo HP; y aplicaci\u00f3n de usuario mediante TWAIN o WIA<\/p>\n<p>-Tama\u00f1o de escaneado: AAD: 216 x 356 mm M\u00e1ximo; 102 x 152 mm M\u00ednimos; Cama plana: 216 x 297 mm<\/p>\n<p>-Velocidad de escaneado: Hasta 29 ppm\/44 ipm (blanco y negro), hasta 26 ppm\/35 ipm (color) Carta; Hasta 29 ppm\/44 ipm (blanco y negro), hasta 26 ppm\/35 ipm (color) A4; Doble cara: Up to 46 ipm (b&amp;w), up to 37 ipm (color) Carta; Hasta 44 ipm (blanco y negro), hasta 35 ipm (color) A4<\/p>\n<p>-Funciones avanzadas del esc\u00e1ner: El software HP Scan para Windows admite PDF, JPG, RTF, TXT, BMP, PNG, TIFF. El software HP Easy Scan para Mac admite PDF, JPG, RTF, TXT, JPG-2000, PNG, TIFF.<\/p>\n<p><strong>Copiar:<\/strong><\/p>\n<p>-Velocidad de copia: Carta: Up to 35 cpm Negro; Up to 35 cpm Color; A4: Hasta 33 cpm Negro; Hasta 33 cpm Color; Salida de la primera copia Carta: As fast as 7.5 sec Negro; As fast as 10 sec Color; Salida de la primera copia A4: Apenas 7,6 segundos Negro; Velocidad m\u00e1xima de 10 segundos Color; Dos caras Carta: Up to 31 cpm Negro; Up to 31 cpm Color; Dos caras A4: Hasta 29 cpm Negro; Hasta 29 cpm Color.<\/p>\n<p>-Resoluci\u00f3n de copia Color: (texto y gr\u00e1ficos): Hasta 600 x 600 ppp<\/p>\n<p>-N\u00famero m\u00e1ximo de copias: Hasta 999 copias<\/p>\n<p>-Redimensionado de copia 25 a 400%<\/p>\n<p>-Configuraciones de copia: Copia de ID; Cantidad de copias; Cambio de tama\u00f1o (incluso 2 copias); M\u00e1s claro\/m\u00e1s oscuro; Mejoras; Tama\u00f1o original; Margen para encuadernado; Compaginaci\u00f3n; Selecci\u00f3n de bandejas; A doble cara; Guardar configuraci\u00f3n actual; Restaurar opci\u00f3n predeterminada de f\u00e1brica; Calidad (borrador\/est\u00e1ndar\/\u00f3ptima)<\/p>\n<p><strong>Fax: <\/strong><\/p>\n<p>-Velocidad de fax: 5 sec per pageHasta:33,6 kbps<\/p>\n<p>-Resoluci\u00f3n de fax: Negro (\u00f3ptima): Hasta 300 x 300 ppp; Negro (est\u00e1ndar): 200 x 100 ppp<\/p>\n<p>-Funciones de fax: Memoria de fax: Hasta 500 p\u00e1ginas; Soporte de Reducci\u00f3n autom\u00e1tica de fax: S\u00ed; Re-llamada autom\u00e1tica: S\u00ed; Env\u00edo de fax retardado: S\u00ed; Soporte de Detecci\u00f3n de llamada: S\u00ed; Soporte de reenv\u00edo de fax: S\u00ed; Soporte de interfaz TAM de tel\u00e9fono con fax: S\u00ed; Soporte de polling de fax: No; Soporte de modo tel\u00e9fono fax: S\u00ed; Soporte de Junk barrier: S\u00ed, como n\u00fameros de fax bloqueados; Capacidad m\u00e1xima para n\u00fameros de marcaci\u00f3n r\u00e1pida: Hasta 100 n\u00fameros; Soporte de interfaz de PC: S\u00ed; Soporte de capacidad de recuperaci\u00f3n remota: No; Soporte de handset telef\u00f3nico: No<\/p>\n<p><strong>Conectividad: <\/strong><\/p>\n<p>-Conectividad est\u00e1ndar: Puerto USB 2.0 de alta velocidad; puerto de red Gigabit Ethernet 10\/100\/1000 Base-TX integrado; USB de f\u00e1cil acceso<\/p>\n<p>-Capacidades de red: S\u00ed, a trav\u00e9s de 10\/100\/1000Base-Tx Ethernet y Gigabit integrados; Ethernet de cruce autom\u00e1tico; Autenticaci\u00f3n a trav\u00e9s de 802.1x; 802.11ac (Wi-Fi 5)<\/p>\n<p>-Capacidad inal\u00e1mbrica: S\u00ed, Wi-Fi de doble banda integrada (Wi-Fi 5); Autenticaci\u00f3n mediante WEP, WPA\/WPA2\/WPA3, WPA Enterprise; Cifrado mediante AES o TKIP; WPS; Wi-Fi Direct; Bluetooth de bajo consumo de energ\u00eda<\/p>\n<p>-Capacidad de impresi\u00f3n m\u00f3vil: HP Smart App; Apple AirPrint\u2122; Mopria\u2122 Certified; Wi-Fi\u00ae Direct Printing; HP Smart App and other mobile Apps<\/p>\n<p>-Memoria Est\u00e1ndar: 512 MB de NAND flash con 512 MB de DRAM; M\u00e1ximo: 512 MB de NAND flash con 512 MB de DRAM<\/p>\n<p>-Velocidad del procesador: 1200 MHz \/ Almacenamiento de datos: Almacenamiento de trabajos opcional a trav\u00e9s del puerto USB integrado posterior externo (m\u00ednimo de 16 GB) \/<\/p>\n<p><strong>Manejo de papel: <\/strong><\/p>\n<p>-Entrada: Bandeja multiprop\u00f3sito de 50 hojas, bandeja de entrada de 250 hojas, alimentador autom\u00e1tico de documentos (ADF) de 50 hojas; Hasta 300 hojas Est\u00e1ndar; Hasta 15 sobres<\/p>\n<p>-Salida Est\u00e1ndar: Bandeja salida de 150 hojas; Hasta 150 hojas Est\u00e1ndar<\/p>\n<p>-Opciones de d\u00faplex: Autom\u00e1tico<\/p>\n<p>-Capacidad del alimentador autom\u00e1tico de documentos: Est\u00e1ndar, 50 hojas sin curvar; Escaneado AAD d\u00faplex: S\u00ed<\/p>\n<p>-Alimentador de sobres: No<\/p>\n<p>-Bandejas de papel est\u00e1ndar: 2<\/p>\n<p>-Tipos de soportes: Papel (bond, folleto, color, brillante, membretado, fotogr\u00e1fico, com\u00fan, preimpreso, preperforado, reciclado, rugoso), tarjetas postales, etiquetas, sobres<\/p>\n<p>-Tama\u00f1os de soportes personalizados: A una cara: Bandeja 1: 76,2 x 127 a 216 x 356 mm; Bandeja 2: 98 x 148 mm a 216 x 356 mm; bandeja 3 opcional: 100 x 148 a 216 x 356 mm; D\u00faplex (todas las bandejas): De 148 x 148 mm a 216 x 356 mm<\/p>\n<p>-Contenido de la caja: HP Color LaserJet Pro 4303fdw; 4 cartuchos de t\u00f3ner HP LaserJet preinstalados (negro: aproximadamente 2000 p\u00e1ginas, inicial: cian, magenta, amarillo: aproximadamente 1000 p\u00e1ginas); Documentaci\u00f3n en la caja (gu\u00eda de referencia, tarjeta de instalaci\u00f3n); tarjeta de garant\u00eda (cuando sea necesario). El software de la impresora HP est\u00e1 disponible en www.hp.com\/support; Cable de alimentaci\u00f3n; Cable USB.<\/p>\n<p>-Cartuchos de reemplazo: Cartucho de t\u00f3ner original HP LaserJet 230A, negro (aproximadamente 2000 p\u00e1ginas), W2300A; Cartucho de t\u00f3ner original HP LaserJet 230A, cian (aproximadamente 1800 p\u00e1ginas), W2301A; Cartucho de t\u00f3ner original HP LaserJet 230A, amarillo (aproximadamente 1800 p\u00e1ginas), W2302A; Cartucho de t\u00f3ner original HP LaserJet 230A, magenta (aproximadamente 1800 p\u00e1ginas), W2303A; Cartucho de t\u00f3ner original HP LaserJet 230X, negro (aproximadamente 7500 p\u00e1ginas), W2300X; Cartucho de t\u00f3ner original HP LaserJet 230X, cian (aproximadamente 5500 p\u00e1ginas), W2301X; Cartucho de t\u00f3ner original HP LaserJet 230X, amarillo (aproximadamente 5500 p\u00e1ginas), W2302X; Cartucho de t\u00f3ner original HP LaserJet 230X, magenta (aproximadamente 5500 p\u00e1ginas), W2303X<\/p>\n<p>-Panel de control: Pantalla t\u00e1ctil capacitiva de 4,3&#8243; (todas las funciones de entrada)<\/p>\n<p>-Pantalla: 4.3\u201d diagonal WLED-backlit anti-glare (480X272)<\/p>\n<p>-Software incluido: No se incluyen soluciones de software en la caja, solo en http:\/\/hp.com,<\/p>\n<p>-Sistemas operativos compatibles: Windows 11; Windows 10; Windows 7; Windows Client OS; Android; iOS; macOS 12 Monterey; macOS 11 Big Sur; macOS 10.15 Catalina; Linux; Citrix; Chrome OS; SO m\u00f3vil<\/p>\n<p>-Sistemas operativos de red compatibles: SAP; Novell; UNIX; Citrix; Linux; Windows Server<\/p>\n<p>-Requisitos m\u00ednimos del sistema PC: Espacio disponible en el disco duro de 2 GB, conexi\u00f3n a Internet o puerto USB, navegador de Internet. Para conocer los requisitos de hardware del sistema operativo, consulte microsoft.com<\/p>\n<p>-Mac: Espacio disponible en el disco duro de 2 GB, conexi\u00f3n a Internet o puerto USB, navegador de Internet. Para conocer los requisitos de hardware del sistema operativo, consulte apple.com<\/p>\n<p>-Dimensiones (Ancho x Fondo x Alto): 16.6 x 17.1 x 15.1 in; 421 x 435 x 384 mm;<\/p>\n<p>-Peso: 45 lb; Aproximadamente 20,4 kg<\/p>\n<p>Empaquetado:<\/p>\n<p>Ancho del paquete:\u00a0\u00a0\u00a0\u00a0\u00a0\u00a0\u00a0 597 mm<\/p>\n<p>Largo del paquete:\u00a0\u00a0\u00a0\u00a0\u00a0\u00a0\u00a0\u00a0\u00a0 497 mm<\/p>\n<p>Alto del paquete:\u00a0\u00a0\u00a0\u00a0\u00a0\u00a0\u00a0\u00a0\u00a0\u00a0\u00a0\u00a0 492 mm<\/p>\n<p>Peso del paquete:\u00a0\u00a0\u00a0\u00a0\u00a0\u00a0\u00a0\u00a0\u00a0\u00a0\u00a0 25 kg<\/p>\n<p><strong>Sku: 1981<\/strong><\/p>\n<p><strong>Ean: 0195161205231<\/strong><\/p>\n<p><strong>N\/P: 5HH67A<\/strong><\/p>\n","protected":false},"excerpt":{"rendered":"<p>-Impresi\u00f3n r\u00e1pida a color y herramientas de f\u00e1cil administraci\u00f3n.<\/p>\n<p>-Obtenga impresi\u00f3n en color ultrarr\u00e1pida, hardware confiable, y administraci\u00f3n remota f\u00e1cil y segura.<\/p>\n","protected":false},"featured_media":5403,"comment_status":"closed","ping_status":"closed","template":"","meta":{"inline_featured_image":false},"pwb-brand":[124],"product_brand":[],"product_cat":[891,1258],"product_tag":[1000,991,996,721,611,1002,1003,155,493,1001,143,185,357,990],"class_list":{"0":"post-4940","1":"product","2":"type-product","3":"status-publish","4":"has-post-thumbnail","6":"pwb-brand-hp","7":"product_cat-impresion","8":"product_cat-laser-multifuncional-a-color","9":"product_tag-a-color","10":"product_tag-android","11":"product_tag-chromeos","12":"product_tag-duplex","13":"product_tag-ethernet","14":"product_tag-hp-m4303fdw","15":"product_tag-ios","16":"product_tag-laser","17":"product_tag-linux","18":"product_tag-m4303fdw","19":"product_tag-multifuncional","20":"product_tag-usb","21":"product_tag-wifi","22":"product_tag-windows","24":"first","25":"outofstock","26":"sale","27":"taxable","28":"shipping-taxable","29":"purchasable","30":"product-type-simple"},"brands":[{"id":124,"name":"HP","slug":"hp"}],"_links":{"self":[{"href":"https:\/\/compuimpresion.com.co\/portal\/wp-json\/wp\/v2\/product\/4940","targetHints":{"allow":["GET"]}}],"collection":[{"href":"https:\/\/compuimpresion.com.co\/portal\/wp-json\/wp\/v2\/product"}],"about":[{"href":"https:\/\/compuimpresion.com.co\/portal\/wp-json\/wp\/v2\/types\/product"}],"replies":[{"embeddable":true,"href":"https:\/\/compuimpresion.com.co\/portal\/wp-json\/wp\/v2\/comments?post=4940"}],"wp:featuredmedia":[{"embeddable":true,"href":"https:\/\/compuimpresion.com.co\/portal\/wp-json\/wp\/v2\/media\/5403"}],"wp:attachment":[{"href":"https:\/\/compuimpresion.com.co\/portal\/wp-json\/wp\/v2\/media?parent=4940"}],"wp:term":[{"taxonomy":"pwb-brand","embeddable":true,"href":"https:\/\/compuimpresion.com.co\/portal\/wp-json\/wp\/v2\/pwb-brand?post=4940"},{"taxonomy":"product_brand","embeddable":true,"href":"https:\/\/compuimpresion.com.co\/portal\/wp-json\/wp\/v2\/product_brand?post=4940"},{"taxonomy":"product_cat","embeddable":true,"href":"https:\/\/compuimpresion.com.co\/portal\/wp-json\/wp\/v2\/product_cat?post=4940"},{"taxonomy":"product_tag","embeddable":true,"href":"https:\/\/compuimpresion.com.co\/portal\/wp-json\/wp\/v2\/product_tag?post=4940"}],"curies":[{"name":"wp","href":"https:\/\/api.w.org\/{rel}","templated":true}]}}