{"id":4910,"date":"2024-02-03T10:47:50","date_gmt":"2024-02-03T15:47:50","guid":{"rendered":"https:\/\/compuimpresion.com.co\/portal\/?post_type=product&#038;p=4910"},"modified":"2026-04-14T17:34:31","modified_gmt":"2026-04-14T22:34:31","slug":"impresora-multifuncional-epson-workforce-pro-wf-c5890-wifi-red-duplex","status":"publish","type":"product","link":"https:\/\/compuimpresion.com.co\/portal\/productos\/impresora-multifuncional-epson-workforce-pro-wf-c5890-wifi-red-duplex\/","title":{"rendered":"IMPRESORA EPSON WF-C5890 MULTIFUNCIONAL WORKFORCE PRO WIFI RED D\u00daPLEX"},"content":{"rendered":"","protected":false},"excerpt":{"rendered":"<p>Con la tecnolog\u00eda PrecisionCore Heat-Free, la impresora multifunci\u00f3n a color WorkForce Pro <strong>WF-C5890<\/strong> presenta la pr\u00f3xima generaci\u00f3n de tecnolog\u00eda de impresi\u00f3n de inyecci\u00f3n de tinta.<\/p>\n","protected":false},"featured_media":4911,"comment_status":"closed","ping_status":"closed","template":"","meta":{"inline_featured_image":false},"pwb-brand":[125],"product_brand":[],"product_cat":[891,1259],"product_tag":[989,991,875,721,245,611,874,992,750,988,923,990,375],"class_list":{"0":"post-4910","1":"product","2":"type-product","3":"status-publish","4":"has-post-thumbnail","6":"pwb-brand-epson","7":"product_cat-impresion","8":"product_cat-inyeccion-de-tinta","9":"product_tag-989","10":"product_tag-android","11":"product_tag-bolsas","12":"product_tag-duplex","13":"product_tag-epson","14":"product_tag-ethernet","15":"product_tag-inyeccion","16":"product_tag-mac","17":"product_tag-wf","18":"product_tag-wf-c5890","19":"product_tag-wif","20":"product_tag-windows","21":"product_tag-workforce","23":"first","24":"instock","25":"taxable","26":"shipping-taxable","27":"purchasable","28":"product-type-simple"},"brands":[{"id":125,"name":"Epson","slug":"epson"}],"_links":{"self":[{"href":"https:\/\/compuimpresion.com.co\/portal\/wp-json\/wp\/v2\/product\/4910","targetHints":{"allow":["GET"]}}],"collection":[{"href":"https:\/\/compuimpresion.com.co\/portal\/wp-json\/wp\/v2\/product"}],"about":[{"href":"https:\/\/compuimpresion.com.co\/portal\/wp-json\/wp\/v2\/types\/product"}],"replies":[{"embeddable":true,"href":"https:\/\/compuimpresion.com.co\/portal\/wp-json\/wp\/v2\/comments?post=4910"}],"wp:featuredmedia":[{"embeddable":true,"href":"https:\/\/compuimpresion.com.co\/portal\/wp-json\/wp\/v2\/media\/4911"}],"wp:attachment":[{"href":"https:\/\/compuimpresion.com.co\/portal\/wp-json\/wp\/v2\/media?parent=4910"}],"wp:term":[{"taxonomy":"pwb-brand","embeddable":true,"href":"https:\/\/compuimpresion.com.co\/portal\/wp-json\/wp\/v2\/pwb-brand?post=4910"},{"taxonomy":"product_brand","embeddable":true,"href":"https:\/\/compuimpresion.com.co\/portal\/wp-json\/wp\/v2\/product_brand?post=4910"},{"taxonomy":"product_cat","embeddable":true,"href":"https:\/\/compuimpresion.com.co\/portal\/wp-json\/wp\/v2\/product_cat?post=4910"},{"taxonomy":"product_tag","embeddable":true,"href":"https:\/\/compuimpresion.com.co\/portal\/wp-json\/wp\/v2\/product_tag?post=4910"}],"curies":[{"name":"wp","href":"https:\/\/api.w.org\/{rel}","templated":true}]}}