{"id":4431,"date":"2022-07-01T16:11:52","date_gmt":"2022-07-01T21:11:52","guid":{"rendered":"https:\/\/compuimpresion.com.co\/portal\/?post_type=product&#038;p=4431"},"modified":"2026-03-09T19:34:06","modified_gmt":"2026-03-10T00:34:06","slug":"escaner-hp-scanjet-pro-2000-s2-con-alimentacion-de-hojas","status":"publish","type":"product","link":"https:\/\/compuimpresion.com.co\/portal\/productos\/escaner-hp-scanjet-pro-2000-s2-con-alimentacion-de-hojas\/","title":{"rendered":"ESC\u00c1NER HP PRO 2000 S2  USB CON ALIMENTACI\u00d3N DE HOJAS"},"content":{"rendered":"<p>Esc\u00e1ner HP Scanjet Pro 2000 s2 Usb con Alimentaci\u00f3n de Hojas<\/p>\n<p>&nbsp;<\/p>\n<p>Capture el documento entero de una vez con el escaneado a doble cara. Realice escaneos de hasta 35 ppm\/70 ipm a 300 ppp en color y en blanco y negro[1]. Gestione proyectos grandes gracias a un AAD de 50 p\u00e1ginas. Se recomienda este esc\u00e1ner para procesar 3500 p\u00e1ginas por d\u00eda.<\/p>\n<p>Realice escaneados de hasta 35 ppm\/70 ipm con el escaneado a doble cara que captura ambas caras a la vez.<\/p>\n<p>Libere espacio para trabajar. Este esc\u00e1ner HP ScanJet Pro es peque\u00f1o y delgado, con un dise\u00f1o perfecto para el escritorio.<\/p>\n<p>No espere el proceso de calentamiento: HP Instant-on Scanning le permite comenzar a escanear r\u00e1pidamente.<\/p>\n<p>Cargue hasta 50 p\u00e1ginas en el alimentador autom\u00e1tico de documentos para un escaneo r\u00e1pido y sin supervisi\u00f3n.<\/p>\n<p>Escanee con un solo toque, capture texto con OCR y cree perfiles personalizados que simplifican y mejoran los flujos de trabajo. La integraci\u00f3n f\u00e1cil con el software popular y los recursos de escaneo a la nube simplifican la captura y el env\u00edo de la informaci\u00f3n donde la necesite.<\/p>\n<p>Optimice el trabajo de rutina al escanear con solo tocar un bot\u00f3n, personalice la configuraci\u00f3n para trabajos de escaneo recurrentes.<\/p>\n<p>Escanee im\u00e1genes directamente a aplicaciones, con las completas opciones incluidas: TWAIN e ISIS\u00ae.<\/p>\n<p>Convierta f\u00e1cilmente escaneos en texto editable, archivos PDF consiltables y otros tipos de archivos, mediante el reconocimiento \u00f3ptico de caracteres incorporado.<\/p>\n<p>Comparta de forma r\u00e1pida o archive escaneos directamente a destinos en la nube populares con el software HP Scan.<\/p>\n<p>Cuente con la calidad y precisi\u00f3n que necesita para todos sus documentos e im\u00e1genes escaneados. El software HP Scan hace que sea f\u00e1cil y c\u00f3modo capturar, editar, buscar y almacenar los documentos. Obtenga acceso directo a Cardiris\u2122, Readiris\u2122 OCR y Nuance\u00ae PaperPort\u00ae.<\/p>\n<p>Defina perfiles de escaneo para tipos de documentos habituales y escanee a varios destinos con el software de Escaneo HP.<\/p>\n<p>Capture y organice documentos, tarjetas de presentaci\u00f3n y otros tipos de archivos con software de muchos recursos.<\/p>\n<p>Genere escaneados claros y legibles, con una resoluci\u00f3n de hasta 1200 ppp.<\/p>\n<p>&nbsp;<\/p>\n<p>Caracter\u00edsticas:<\/p>\n<p>&nbsp;<\/p>\n<p>-Tipo de esc\u00e1ner: Alim. Hojas<\/p>\n<p>-Mercado objetivo: Ideal para profesionales que desean escanear a doble cara de manera asequible seg\u00fan su ritmo y flujos de trabajo. Se recomienda para escanear 3500 p\u00e1ginas por d\u00eda, a 35 ppm\/70 ipm<\/p>\n<p>-Resoluci\u00f3n de escaneo, \u00f3ptica: Hasta 600\u00a0ppp<\/p>\n<p>-Resoluci\u00f3n de escaneo, hardware: 600 x 600 ppp<\/p>\n<p>-Velocidad de escaneo del alimentador autom\u00e1tico de documentos: Hasta 35 ppm\/70 ipm<\/p>\n<p>-Ciclo de trabajo (diario): Ciclo de trabajo diario recomendado: 3500 p\u00e1ginas<\/p>\n<p>-Profundidad en bits: 24 bits (externo), 48 bits (interno)<\/p>\n<p>-Capacidad del alimentador autom\u00e1tico de documentos: Est\u00e1ndar, 50 hojas<\/p>\n<p>-Tama\u00f1o de escaneo (ADF): m\u00e1ximo: 216 x 3100 mm; m\u00ednimo: 50,8 x 50,8 mm<\/p>\n<p>-Opciones de escaneo (ADF): Ambas caras en un solo ciclo<\/p>\n<p>-Escaneado ADF duplex: si<\/p>\n<p>-Tecnolog\u00eda de escaneado: cis cmos<\/p>\n<p>-Funciones avanzadas del esc\u00e1ner: Exposici\u00f3n autom\u00e1tica, L\u00edmite autom\u00e1tico, Detecci\u00f3n de color autom\u00e1tica, Difuminado\/eliminaci\u00f3n de fondo, Detecci\u00f3n de tama\u00f1o autom\u00e1tica, Enderezado de contenido, Mejorar contenido, Transmisi\u00f3n m\u00faltiple, Alimentaci\u00f3n autom\u00e1tica, Orientaci\u00f3n autom\u00e1tica, Omisi\u00f3n multicolor, Omisi\u00f3n del color del canal, Borrado de bordes, Eliminar p\u00e1gina en blanco, Combinar p\u00e1ginas, Relleno de agujeros, Permisos de PDF, Separaci\u00f3n de documentos (p\u00e1gina en blanco, c\u00f3digo de barras, c\u00f3digo de barras zonal, OCR zonal)<\/p>\n<p>-Conectividad, est\u00e1ndar: USB 3.0<\/p>\n<p>-Versi\u00f3n Twain: Windows: TWAIN versi\u00f3n 2.1 de 32 y 64 bits; Mac: n\/a<\/p>\n<p>-Sistemas operativos compatibles: Microsoft\u00ae Windows\u00ae (10, 8.1, 7 y XP: 32\/64 bits, 2008 R2, 2012 R2, 2016, 2019); MacOS (Catalina 10.15, Mojave 10.14 y High Sierra 10.13); Linux (Ubuntu, Fedora, Debian, RHEL, Linux Mint, Open Suse y Manjaro); Preparada para Citrix<\/p>\n<p>-Software incluido: Windows: Controlador de escaneado HP WIA, controlador de escaneado HP TWAIN (de 32\u00a0bits y 64\u00a0bits), HP Scan, HP Scanner Tools Utility, I.R.I.S Readiris Pro, I.R.I.S Cardiris, OpenText ISIS<\/p>\n<p>-Dimensiones m\u00e1ximas (An x F x Al): 300 x 410 x 310 mm<\/p>\n<p>-Peso:\u00a0 2,7 kg<\/p>\n<p>&nbsp;<\/p>\n<p>Sku: 2561<\/p>\n<p>Ean: 0193808948411<\/p>\n<p>N\/P: 6FW06A<\/p>\n","protected":false},"excerpt":{"rendered":"<p>Esc\u00e1ner HP Scanjet Pro 2000 s2 Usb con Alimentaci\u00f3n de Hojas<\/p>\n<p>Capture el documento entero de una vez con el escaneado a doble cara. Realice escaneos de hasta 35 ppm\/70 ipm a 300 ppp en color y en blanco y negro[1]. Gestione proyectos grandes gracias a un AAD de 50 p\u00e1ginas. Se recomienda este esc\u00e1ner para procesar 3500 p\u00e1ginas por d\u00eda.<\/p>\n","protected":false},"featured_media":4891,"comment_status":"open","ping_status":"closed","template":"","meta":{"inline_featured_image":false},"pwb-brand":[124],"product_brand":[],"product_cat":[895],"product_tag":[829,831,328,320,374,832,297,309,830,450],"class_list":{"0":"post-4431","1":"product","2":"type-product","3":"status-publish","4":"has-post-thumbnail","6":"pwb-brand-hp","7":"product_cat-escaner","8":"product_tag-829","9":"product_tag-alimentacion","10":"product_tag-con","11":"product_tag-de","12":"product_tag-escaner","13":"product_tag-hojas","14":"product_tag-hp","15":"product_tag-pro","16":"product_tag-s2","17":"product_tag-scanjet","19":"first","20":"instock","21":"taxable","22":"shipping-taxable","23":"purchasable","24":"product-type-simple"},"brands":[{"id":124,"name":"HP","slug":"hp"}],"_links":{"self":[{"href":"https:\/\/compuimpresion.com.co\/portal\/wp-json\/wp\/v2\/product\/4431","targetHints":{"allow":["GET"]}}],"collection":[{"href":"https:\/\/compuimpresion.com.co\/portal\/wp-json\/wp\/v2\/product"}],"about":[{"href":"https:\/\/compuimpresion.com.co\/portal\/wp-json\/wp\/v2\/types\/product"}],"replies":[{"embeddable":true,"href":"https:\/\/compuimpresion.com.co\/portal\/wp-json\/wp\/v2\/comments?post=4431"}],"wp:featuredmedia":[{"embeddable":true,"href":"https:\/\/compuimpresion.com.co\/portal\/wp-json\/wp\/v2\/media\/4891"}],"wp:attachment":[{"href":"https:\/\/compuimpresion.com.co\/portal\/wp-json\/wp\/v2\/media?parent=4431"}],"wp:term":[{"taxonomy":"pwb-brand","embeddable":true,"href":"https:\/\/compuimpresion.com.co\/portal\/wp-json\/wp\/v2\/pwb-brand?post=4431"},{"taxonomy":"product_brand","embeddable":true,"href":"https:\/\/compuimpresion.com.co\/portal\/wp-json\/wp\/v2\/product_brand?post=4431"},{"taxonomy":"product_cat","embeddable":true,"href":"https:\/\/compuimpresion.com.co\/portal\/wp-json\/wp\/v2\/product_cat?post=4431"},{"taxonomy":"product_tag","embeddable":true,"href":"https:\/\/compuimpresion.com.co\/portal\/wp-json\/wp\/v2\/product_tag?post=4431"}],"curies":[{"name":"wp","href":"https:\/\/api.w.org\/{rel}","templated":true}]}}