{"id":4406,"date":"2022-07-01T13:48:11","date_gmt":"2022-07-01T18:48:11","guid":{"rendered":"https:\/\/compuimpresion.com.co\/portal\/?post_type=product&#038;p=4406"},"modified":"2024-07-19T15:17:18","modified_gmt":"2024-07-19T20:17:18","slug":"mouse-genius-dx-120-usb-alambrico-negro","status":"publish","type":"product","link":"https:\/\/compuimpresion.com.co\/portal\/productos\/mouse-genius-dx-120-usb-alambrico-negro\/","title":{"rendered":"MOUSE GENIUS DX-120 USB AL\u00c1MBRICO NEGRO"},"content":{"rendered":"<h1>Mouse Genius Dx-120 Usb al\u00e1mbrico negro<\/h1>\n<p>Desde hace m\u00e1s de 30 a\u00f1os, Genius est\u00e1 enfocado en la calidad, comodidad y facilidad de uso de sus productos. Su principal objetivo es proporcionarle a las personas una mejor experiencia de usuario. Adem\u00e1s, busca incorporar dise\u00f1os ecol\u00f3gicos que respeten el medio ambiente. El mouse Genius se caracteriza por suaves curvas que resultan c\u00f3modas para cualquier mano. Gracias a su resoluci\u00f3n, conseguir\u00e1s movimientos precisos en una amplia gama de superficies.<br \/>\nAdaptado a tus movimientos<br \/>\nSu dise\u00f1o eficaz hace de este mouse un elemento c\u00f3modo, con una gran experiencia de uso para aquellas personas que buscan seguridad en cada click.<br \/>\nLa funcionalidad al alcance de tu mano<br \/>\nEl sistema de detecci\u00f3n de movimiento \u00f3ptico te permitir\u00e1 mover el cursor de una manera m\u00e1s precisa y sensible que en los sistemas tradicionales.<br \/>\nRapidez y confiabilidad de los botones<br \/>\nCon sus 3 botones podr\u00e1s tener mayor control e independencia para ejecutar.<br \/>\nApto para f\u00e1cil traslado<br \/>\nNavega r\u00e1pidamente por documentos y p\u00e1ginas web gracias su dise\u00f1o ultra delgado, ergon\u00f3mico, liviano y conveniente para llevar a donde quieras o viajar.<\/p>\n<p>Caracter\u00edsticas:<\/p>\n<p>-Producto: Nuevo y original<br \/>\n-Interfaz: USB<br \/>\n-largo del Cable de hasta: 1.5M PLUG AND PLAY<br \/>\n-Suavidad al tacto: Si<br \/>\n&#8211; Tipo Sensor: \u00f3ptico<br \/>\n-Brinda comodidad de operaci\u00f3n para para derechos y zurdos<br \/>\n-Dpi: hasta 1000 DPI brindando gran precisi\u00f3n<br \/>\n&#8211; Cantidad de botones 3: izquierda, derecha y central con desplazamiento<br \/>\n-Color Negro<br \/>\n-Contenido de la caja: Mouse Genius Dx-120<br \/>\n-Sistemas operativos compatibles: Windows 7, Win 8, Win 8.1, Win 10, Mac Operative Sistem 10.7.4 o superior<\/p>\n<p>Peso del paquete: 0.09 kg<br \/>\nMedidas: 3.70 x 10.50 x 3.70 cm<\/p>\n<p>Sku: 0107<br \/>\nEan: 4710268250975<br \/>\nN\/p: 31010105100<\/p>\n","protected":false},"excerpt":{"rendered":"<h3>Mouse Genius Dx-120 Usb al\u00e1mbrico negro<\/h3>\n<p>Desde hace m\u00e1s de 30 a\u00f1os, Genius est\u00e1 enfocado en la calidad, comodidad y facilidad de uso de sus productos. Su principal objetivo es proporcionarle a las personas una mejor experiencia de usuario. Adem\u00e1s, busca incorporar dise\u00f1os ecol\u00f3gicos que respeten el medio ambiente. El mouse Genius se caracteriza por suaves curvas que resultan c\u00f3modas para cualquier mano. Gracias a su resoluci\u00f3n, conseguir\u00e1s movimientos precisos en una amplia gama de superficies.<br \/>\nAdaptado a tus movimientos<\/p>\n","protected":false},"featured_media":4409,"comment_status":"open","ping_status":"closed","template":"","meta":{"inline_featured_image":false},"pwb-brand":[812],"product_brand":[],"product_cat":[338,1254],"product_tag":[815,814,813,389,185],"class_list":{"0":"post-4406","1":"product","2":"type-product","3":"status-publish","4":"has-post-thumbnail","6":"pwb-brand-genius","7":"product_cat-accesorios","8":"product_cat-perifericos-de-computo","9":"product_tag-alambrico","10":"product_tag-dx-120","11":"product_tag-mouse-genius","12":"product_tag-negro","13":"product_tag-usb","15":"first","16":"outofstock","17":"taxable","18":"shipping-taxable","19":"purchasable","20":"product-type-simple"},"brands":[{"id":812,"name":"Genius","slug":"genius"}],"_links":{"self":[{"href":"https:\/\/compuimpresion.com.co\/portal\/wp-json\/wp\/v2\/product\/4406","targetHints":{"allow":["GET"]}}],"collection":[{"href":"https:\/\/compuimpresion.com.co\/portal\/wp-json\/wp\/v2\/product"}],"about":[{"href":"https:\/\/compuimpresion.com.co\/portal\/wp-json\/wp\/v2\/types\/product"}],"replies":[{"embeddable":true,"href":"https:\/\/compuimpresion.com.co\/portal\/wp-json\/wp\/v2\/comments?post=4406"}],"wp:featuredmedia":[{"embeddable":true,"href":"https:\/\/compuimpresion.com.co\/portal\/wp-json\/wp\/v2\/media\/4409"}],"wp:attachment":[{"href":"https:\/\/compuimpresion.com.co\/portal\/wp-json\/wp\/v2\/media?parent=4406"}],"wp:term":[{"taxonomy":"pwb-brand","embeddable":true,"href":"https:\/\/compuimpresion.com.co\/portal\/wp-json\/wp\/v2\/pwb-brand?post=4406"},{"taxonomy":"product_brand","embeddable":true,"href":"https:\/\/compuimpresion.com.co\/portal\/wp-json\/wp\/v2\/product_brand?post=4406"},{"taxonomy":"product_cat","embeddable":true,"href":"https:\/\/compuimpresion.com.co\/portal\/wp-json\/wp\/v2\/product_cat?post=4406"},{"taxonomy":"product_tag","embeddable":true,"href":"https:\/\/compuimpresion.com.co\/portal\/wp-json\/wp\/v2\/product_tag?post=4406"}],"curies":[{"name":"wp","href":"https:\/\/api.w.org\/{rel}","templated":true}]}}