{"id":4294,"date":"2022-04-17T22:08:41","date_gmt":"2022-04-18T03:08:41","guid":{"rendered":"https:\/\/compuimpresion.com.co\/portal\/?post_type=product&#038;p=4294"},"modified":"2024-07-22T11:19:15","modified_gmt":"2024-07-22T16:19:15","slug":"cajon-monedero-sat-119x-negro","status":"publish","type":"product","link":"https:\/\/compuimpresion.com.co\/portal\/productos\/cajon-monedero-sat-119x-negro\/","title":{"rendered":"CAJ\u00d3N MONEDERO SAT 119X NEGRO"},"content":{"rendered":"<h1><strong>Caj\u00f3n Monedero Sat 119x Negro<\/strong><\/h1>\n<p>\u00bfNecesitando un caj\u00f3n seguro donde mantener a resguardo la recaudaci\u00f3n de tu negocio? Te presentamos Caj\u00f3n Monedero SAT 119X Negro ideal para estructuras de negocios como puntos de pago, parqueaderos, minoristas, supermercados y hasta entidades bancarias.<br \/>\nCon opciones de apertura autom\u00e1tica desde la impresora de recibos o el PC, optimiza el tiempo de acci\u00f3n de los encargados de la caja en tu negocio en el momento de la atenci\u00f3n al cliente o proveedores. \u00bfAlto lujo de dinero en efectivo? Con el Caj\u00f3n Monedero SAT 119X Negro el manejo del cash en tu minorista nunca fue tan seguro.<br \/>\nCinco compartimentos para billetes, ocho compartimentos para monedas y uno adicional para los cheques bajo la bandeja extraible, hacen del Caj\u00f3n Monedero SAT 119X Negro la opci\u00f3n m\u00e1s acertada a la hora de elegir los equipos para tu negocio. Su robustez le permite resistir bien el peso de las monedas y es compatible con distintas impresoras que ofrecen en el mercado.<\/p>\n<p><strong>Caracter\u00edsticas Caj\u00f3n Monedero Sat 119x Negro:<\/strong><\/p>\n<p>-Fabricaci\u00f3n: Acero electrogalvanizado<br \/>\n-Compartimientos: 5 para billetes\/8 para monedas<br \/>\n-Interfaz de comunicaci\u00f3n: RJ11<br \/>\n-Bandeja: Pl\u00e1stico de alta resistencia\/Modular totalmente extra\u00edble<br \/>\n-Ciclo de uso: +1.000.000 de ciclos<br \/>\n-Apertura: Chapa con llave\/Autom\u00e1tica con impresora de recibos<br \/>\n-Color: Negro<br \/>\n-Dimensiones: 41 x 42 x 10 cm<br \/>\n-Peso: 7,8 kg<\/p>\n<p>Sku: 4134<br \/>\nEAN: 7708901296500<br \/>\nN\/p: 119x<\/p>\n","protected":false},"excerpt":{"rendered":"<h3><strong>Caj\u00f3n Monedero Sat 119x Negro<\/strong><\/h3>\n<p>\u00bfNecesitando un caj\u00f3n seguro donde mantener a resguardo la recaudaci\u00f3n de tu negocio? Te presentamos Caj\u00f3n Monedero SAT 119X Negro ideal para estructuras de negocios como puntos de pago, parqueaderos, minoristas, supermercados y hasta entidades bancarias.<br \/>\nCon opciones de apertura autom\u00e1tica desde la impresora de recibos o el PC, optimiza el tiempo de acci\u00f3n de los encargados de la caja en tu negocio en el momento de la atenci\u00f3n al cliente o proveedores. \u00bfAlto lujo de dinero en efectivo? Con el Caj\u00f3n Monedero SAT 119X Negro el manejo del cash en tu minorista nunca fue tan seguro.<\/p>\n","protected":false},"featured_media":4296,"comment_status":"open","ping_status":"closed","template":"","meta":{"inline_featured_image":false},"pwb-brand":[769],"product_brand":[],"product_cat":[1253],"product_tag":[786,549,550,389,785],"class_list":{"0":"post-4294","1":"product","2":"type-product","3":"status-publish","4":"has-post-thumbnail","6":"pwb-brand-sat","7":"product_cat-solucion-pos","8":"product_tag-119x","9":"product_tag-cajon","10":"product_tag-monedero","11":"product_tag-negro","12":"product_tag-sat","14":"first","15":"outofstock","16":"taxable","17":"shipping-taxable","18":"purchasable","19":"product-type-simple"},"brands":[{"id":769,"name":"SAT","slug":"sat"}],"_links":{"self":[{"href":"https:\/\/compuimpresion.com.co\/portal\/wp-json\/wp\/v2\/product\/4294","targetHints":{"allow":["GET"]}}],"collection":[{"href":"https:\/\/compuimpresion.com.co\/portal\/wp-json\/wp\/v2\/product"}],"about":[{"href":"https:\/\/compuimpresion.com.co\/portal\/wp-json\/wp\/v2\/types\/product"}],"replies":[{"embeddable":true,"href":"https:\/\/compuimpresion.com.co\/portal\/wp-json\/wp\/v2\/comments?post=4294"}],"wp:featuredmedia":[{"embeddable":true,"href":"https:\/\/compuimpresion.com.co\/portal\/wp-json\/wp\/v2\/media\/4296"}],"wp:attachment":[{"href":"https:\/\/compuimpresion.com.co\/portal\/wp-json\/wp\/v2\/media?parent=4294"}],"wp:term":[{"taxonomy":"pwb-brand","embeddable":true,"href":"https:\/\/compuimpresion.com.co\/portal\/wp-json\/wp\/v2\/pwb-brand?post=4294"},{"taxonomy":"product_brand","embeddable":true,"href":"https:\/\/compuimpresion.com.co\/portal\/wp-json\/wp\/v2\/product_brand?post=4294"},{"taxonomy":"product_cat","embeddable":true,"href":"https:\/\/compuimpresion.com.co\/portal\/wp-json\/wp\/v2\/product_cat?post=4294"},{"taxonomy":"product_tag","embeddable":true,"href":"https:\/\/compuimpresion.com.co\/portal\/wp-json\/wp\/v2\/product_tag?post=4294"}],"curies":[{"name":"wp","href":"https:\/\/api.w.org\/{rel}","templated":true}]}}