{"id":4044,"date":"2022-02-03T11:08:08","date_gmt":"2022-02-03T16:08:08","guid":{"rendered":"https:\/\/compuimpresion.com.co\/portal\/?post_type=product&#038;p=4044"},"modified":"2024-08-09T15:37:54","modified_gmt":"2024-08-09T20:37:54","slug":"mouse-trust-ergonomico-vertical-inalambrico-22879","status":"publish","type":"product","link":"https:\/\/compuimpresion.com.co\/portal\/productos\/mouse-trust-ergonomico-vertical-inalambrico-22879\/","title":{"rendered":"Mouse Trust ergon\u00f3mico vertical inal\u00e1mbrico  (22879)"},"content":{"rendered":"<h2><strong>Mouse Trust ergon\u00f3mico vertical inal\u00e1mbrico (22879)<\/strong><\/h2>\n<p>Gracias a su<strong> dise\u00f1o ergon\u00f3mico y confortable reposapulgares,<\/strong> puede estudiar o trabajar c\u00f3modamente durante horas en la oficina o en casa. El dise\u00f1o vertical coloca el antebrazo y la mu\u00f1eca en una posici\u00f3n natural que relaja los m\u00fasculos de la mano, la mu\u00f1eca y el brazo. El revestimiento de goma de este rat\u00f3n asegura un agarre firme mientras trabaja durante largas horas.<br \/>\n\u00bfQui\u00e9n dijo que la ergonom\u00eda es aburrida? Simplemente conecte el <strong>microrreceptor USB a un puerto USB<\/strong> y consiga acceso a un <strong>sensor \u00f3ptico de 800\/1200\/1600 ppp<\/strong> para un control preciso. Cambie de ppp mediante el bot\u00f3n especial o navegue r\u00e1pidamente por diferentes p\u00e1ginas web con los dos botones para el pulgar.<br \/>\nDisfrute de la comodidad de un rat\u00f3n inal\u00e1mbrico y mantenga el escritorio organizado. El receptor de este rat\u00f3n permite su funcionamiento inal\u00e1mbrico dentro de un rango de 10 metros. Tambi\u00e9n incluye un interruptor de encendido\/apagado para que pueda ahorrar energ\u00eda apagando el rat\u00f3n cuando no lo est\u00e9 utilizando.<\/p>\n<p><strong>Caracter\u00edsticas Mouse Trust ergon\u00f3mico vertical inal\u00e1mbrico (22879):<\/strong><\/p>\n<p>-Factor de forma: grande<br \/>\n-Dise\u00f1o ergon\u00f3mico: s\u00ed<br \/>\n-Dpi: 800, 1200, 1600<br \/>\n-Dpi m\u00e1x: 1600 dpi<br \/>\n-Tecnolog\u00eda de sensores: \u00f3ptico<br \/>\n-DPI ajustable: s\u00ed<br \/>\n-Clic silencioso: No<br \/>\n-Almohadillas deslizantes: tefl\u00f3n<br \/>\n-Software: No<br \/>\n&#8211; Rat\u00f3n ergon\u00f3mico &#8211; Selecci\u00f3n de DPI &#8211; Indicador de bater\u00eda baja<br \/>\n-Tipo de conecci\u00f3n: inal\u00e1mbrico<br \/>\n-Bluetooth:No<br \/>\n-versi\u00f3n USB: 2.0<br \/>\n-Tipo de conector: USB<br \/>\n-Alcance inal\u00e1mbrico: 10 metros<br \/>\n-Protocolos inal\u00e1mbricos: Radiofrecuencia 2,4 GHz<br \/>\n-Receptor USB incluido: s\u00ed<br \/>\n&#8211; Ahorro de energ\u00eda: s\u00ed<br \/>\n-Baterias incluidas: s\u00ed<br \/>\n-Bater\u00eda recargable: No<br \/>\n-Tipo de bater\u00eda (AA, AAA, etc.): AAA<br \/>\n-Duraci\u00f3n de la bater\u00eda (meses): 5 meses aprox (esto depende del uso de cada persona)<br \/>\n-Potencia de transmisi\u00f3n inal\u00e1mbrica (mW): 0 mW<br \/>\n-Requisitos del Sistema: Windows 10, 8 o 7; Mac con procesador Intel, con Mac OS X 10.5 (Leopard) o superior; Sistema operativo Chrome<br \/>\nPuerto USB<br \/>\n-Contenido del paquete: Mouse inal\u00e1mbrico, Microrreceptor USB,2 bater\u00edas AA<br \/>\n-Dimensiones: 12 x 6,3 x 7,5 cm<br \/>\n-Peso: 89 gramos<br \/>\nSku: 0105<br \/>\nEan: 8713439228793<br \/>\nN\/p: 22879<\/p>\n","protected":false},"excerpt":{"rendered":"<h2><strong>Mouse Trust ergon\u00f3mico vertical inal\u00e1mbrico (22879)<\/strong><\/h2>\n<p>Gracias a su<strong> dise\u00f1o ergon\u00f3mico y confortable reposapulgares,<\/strong> puede estudiar o trabajar c\u00f3modamente durante horas en la oficina o en casa. El dise\u00f1o vertical coloca el antebrazo y la mu\u00f1eca en una posici\u00f3n natural que relaja los m\u00fasculos de la mano, la mu\u00f1eca y el brazo. El revestimiento de goma de este rat\u00f3n asegura un agarre firme mientras trabaja durante largas horas.<br \/>\n\u00bfQui\u00e9n dijo que la ergonom\u00eda es aburrida? Simplemente conecte el <strong>microrreceptor USB a un puerto USB<\/strong> y consiga acceso a un <strong>sensor \u00f3ptico de 800\/1200\/1600 ppp<\/strong> para un control preciso. Cambie de ppp mediante el bot\u00f3n especial o navegue r\u00e1pidamente por diferentes p\u00e1ginas web con los dos botones para el pulgar.<\/p>\n","protected":false},"featured_media":4046,"comment_status":"open","ping_status":"closed","template":"","meta":{"inline_featured_image":false},"pwb-brand":[],"product_brand":[],"product_cat":[338,1254],"product_tag":[716,714,239,201,713,715],"class_list":{"0":"post-4044","1":"product","2":"type-product","3":"status-publish","4":"has-post-thumbnail","6":"product_cat-accesorios","7":"product_cat-perifericos-de-computo","8":"product_tag-716","9":"product_tag-ergonomico","10":"product_tag-inalambrico","11":"product_tag-mouse","12":"product_tag-trust","13":"product_tag-vertical","15":"first","16":"outofstock","17":"taxable","18":"shipping-taxable","19":"purchasable","20":"product-type-simple"},"brands":[],"_links":{"self":[{"href":"https:\/\/compuimpresion.com.co\/portal\/wp-json\/wp\/v2\/product\/4044","targetHints":{"allow":["GET"]}}],"collection":[{"href":"https:\/\/compuimpresion.com.co\/portal\/wp-json\/wp\/v2\/product"}],"about":[{"href":"https:\/\/compuimpresion.com.co\/portal\/wp-json\/wp\/v2\/types\/product"}],"replies":[{"embeddable":true,"href":"https:\/\/compuimpresion.com.co\/portal\/wp-json\/wp\/v2\/comments?post=4044"}],"wp:featuredmedia":[{"embeddable":true,"href":"https:\/\/compuimpresion.com.co\/portal\/wp-json\/wp\/v2\/media\/4046"}],"wp:attachment":[{"href":"https:\/\/compuimpresion.com.co\/portal\/wp-json\/wp\/v2\/media?parent=4044"}],"wp:term":[{"taxonomy":"pwb-brand","embeddable":true,"href":"https:\/\/compuimpresion.com.co\/portal\/wp-json\/wp\/v2\/pwb-brand?post=4044"},{"taxonomy":"product_brand","embeddable":true,"href":"https:\/\/compuimpresion.com.co\/portal\/wp-json\/wp\/v2\/product_brand?post=4044"},{"taxonomy":"product_cat","embeddable":true,"href":"https:\/\/compuimpresion.com.co\/portal\/wp-json\/wp\/v2\/product_cat?post=4044"},{"taxonomy":"product_tag","embeddable":true,"href":"https:\/\/compuimpresion.com.co\/portal\/wp-json\/wp\/v2\/product_tag?post=4044"}],"curies":[{"name":"wp","href":"https:\/\/api.w.org\/{rel}","templated":true}]}}