{"id":4017,"date":"2022-01-30T19:46:23","date_gmt":"2022-01-31T00:46:23","guid":{"rendered":"https:\/\/compuimpresion.com.co\/portal\/?post_type=product&#038;p=4017"},"modified":"2022-12-09T11:34:22","modified_gmt":"2022-12-09T16:34:22","slug":"memoria-ram-ddr4-8-gb-2666-adata-para-portatil-ad4s26668g19","status":"publish","type":"product","link":"https:\/\/compuimpresion.com.co\/portal\/productos\/memoria-ram-ddr4-8-gb-2666-adata-para-portatil-ad4s26668g19\/","title":{"rendered":"Memoria ram ddr4 8 gb 2666 adata para portatil ad4s26668g19"},"content":{"rendered":"<h2><strong>MEMORIA RAM DDR4 8 GB 2666 ADATA PARA PORTATIL AD4S26668G19<\/strong><\/h2>\n<p><strong>DDR4<\/strong> ofrece m\u00faltiples ventajas sobre generaciones anteriores <strong>DRAM y ADATA<\/strong> ofrece la m\u00e1s alta calidad y el rendimiento m\u00e1s r\u00e1pido. Nuestros m\u00f3dulos de memoria <strong>SO-DIMM DDR4 2666<\/strong> Premier para port\u00e1tiles llegan con 8GB para una actualizaci\u00f3n r\u00e1pida y f\u00e1cil en cualquier port\u00e1til compatible. Ofrecen transferencias de datos m\u00e1s r\u00e1pidas que DDR3, adem\u00e1s de un menor consumo energ\u00e9tico que reduce el calor y aumenta la duraci\u00f3n de la bater\u00eda. Nuestra DDR4 tambi\u00e9n est\u00e1 optimizada para dar rienda suelta a la potencia de los \u00faltimos procesadores.<\/p>\n<p>Los m\u00f3dulos <strong>DDR4 ADATA<\/strong> para port\u00e1tiles aprovechan ventajas de la nueva generaci\u00f3n de productos econ\u00f3micos y de alta fiabilidad. DDR4 ofrece un mayor rendimiento gracias a frecuencias <strong>m\u00e1s r\u00e1pidas en comparaci\u00f3n con DDR3, subiendo hasta 2666MHz.<\/strong> Esto lo consigue operando a tan s\u00f3lo 1.2V, que es 20% menos que DDR3 en t\u00e9rminos de consumo energ\u00e9tico.<\/p>\n<p><strong>Caracter\u00edsticas MEMORIA RAM DDR4 8 GB 2666 ADATA PARA PORTATIL AD4S26668G19:<\/strong><\/p>\n<p>-Memoria Ram: 8gb<br \/>\n-Tipo de memoria: DDR4<br \/>\n-Tipo de m\u00f3dulo: SO-DIMM<br \/>\n-Velocidad: <strong>2666 MHz<\/strong><br \/>\n-Especificaciones\/VCC DRAM: DDR4 STD 1.2V<br \/>\n-Temperaturas de operaci\u00f3n: 0\u00b0C a 85\u00b0C<br \/>\n-N\u00famero de contactos: 260 contactos<br \/>\n-Tipo de m\u00f3dulo: Altura est\u00e1ndar de 1,18&#8243;<\/p>\n<p>Sku: 2514<br \/>\nEan: 4711085930750<br \/>\nN\/p: AD4S26668G19-SGN<\/p>\n","protected":false},"excerpt":{"rendered":"<h2><strong>MEMORIA RAM DDR4 8 GB 2666 ADATA PARA PORTATIL AD4S26668G19<\/strong><\/h2>\n<p><strong>DDR4<\/strong> ofrece m\u00faltiples ventajas sobre generaciones anteriores <strong>DRAM y ADATA<\/strong> ofrece la m\u00e1s alta calidad y el rendimiento m\u00e1s r\u00e1pido. Nuestros m\u00f3dulos de memoria <strong>SO-DIMM DDR4 2666<\/strong> Premier para port\u00e1tiles llegan con 8GB para una actualizaci\u00f3n r\u00e1pida y f\u00e1cil en cualquier port\u00e1til compatible. Ofrecen transferencias de datos m\u00e1s r\u00e1pidas que DDR3, adem\u00e1s de un menor consumo energ\u00e9tico que reduce el calor y aumenta la duraci\u00f3n de la bater\u00eda. Nuestra DDR4 tambi\u00e9n est\u00e1 optimizada para dar rienda suelta a la potencia de los \u00faltimos procesadores.<\/p>\n<p>Los m\u00f3dulos <strong>DDR4 ADATA<\/strong> para port\u00e1tiles aprovechan ventajas de la nueva generaci\u00f3n de productos econ\u00f3micos y de alta fiabilidad. DDR4 ofrece un mayor rendimiento gracias a frecuencias <strong>m\u00e1s r\u00e1pidas en comparaci\u00f3n con DDR3, subiendo hasta 2666MHz.<\/strong> Esto lo consigue operando a tan s\u00f3lo 1.2V, que es 20% menos que DDR3 en t\u00e9rminos de consumo energ\u00e9tico.<\/p>\n","protected":false},"featured_media":3982,"comment_status":"open","ping_status":"closed","template":"","meta":{"inline_featured_image":false},"pwb-brand":[585],"product_brand":[],"product_cat":[338,340],"product_tag":[696,437,698,417,687,695,697,226,583],"class_list":{"0":"post-4017","1":"product","2":"type-product","3":"status-publish","4":"has-post-thumbnail","6":"pwb-brand-adata","7":"product_cat-accesorios","8":"product_cat-almacenamiento","9":"product_tag-696","10":"product_tag-8gb","11":"product_tag-ad4s26668g19","12":"product_tag-adata","13":"product_tag-ddr4","14":"product_tag-memoria","15":"product_tag-para","16":"product_tag-portatil","17":"product_tag-ram","19":"first","20":"outofstock","21":"taxable","22":"shipping-taxable","23":"purchasable","24":"product-type-simple"},"brands":[{"id":585,"name":"Adata","slug":"adata"}],"_links":{"self":[{"href":"https:\/\/compuimpresion.com.co\/portal\/wp-json\/wp\/v2\/product\/4017","targetHints":{"allow":["GET"]}}],"collection":[{"href":"https:\/\/compuimpresion.com.co\/portal\/wp-json\/wp\/v2\/product"}],"about":[{"href":"https:\/\/compuimpresion.com.co\/portal\/wp-json\/wp\/v2\/types\/product"}],"replies":[{"embeddable":true,"href":"https:\/\/compuimpresion.com.co\/portal\/wp-json\/wp\/v2\/comments?post=4017"}],"wp:featuredmedia":[{"embeddable":true,"href":"https:\/\/compuimpresion.com.co\/portal\/wp-json\/wp\/v2\/media\/3982"}],"wp:attachment":[{"href":"https:\/\/compuimpresion.com.co\/portal\/wp-json\/wp\/v2\/media?parent=4017"}],"wp:term":[{"taxonomy":"pwb-brand","embeddable":true,"href":"https:\/\/compuimpresion.com.co\/portal\/wp-json\/wp\/v2\/pwb-brand?post=4017"},{"taxonomy":"product_brand","embeddable":true,"href":"https:\/\/compuimpresion.com.co\/portal\/wp-json\/wp\/v2\/product_brand?post=4017"},{"taxonomy":"product_cat","embeddable":true,"href":"https:\/\/compuimpresion.com.co\/portal\/wp-json\/wp\/v2\/product_cat?post=4017"},{"taxonomy":"product_tag","embeddable":true,"href":"https:\/\/compuimpresion.com.co\/portal\/wp-json\/wp\/v2\/product_tag?post=4017"}],"curies":[{"name":"wp","href":"https:\/\/api.w.org\/{rel}","templated":true}]}}