{"id":3990,"date":"2022-01-30T16:20:49","date_gmt":"2022-01-30T21:20:49","guid":{"rendered":"https:\/\/compuimpresion.com.co\/portal\/?post_type=product&#038;p=3990"},"modified":"2026-04-14T18:10:15","modified_gmt":"2026-04-14T23:10:15","slug":"escaner-hp-scanjet-pro-3000-s4-documental","status":"publish","type":"product","link":"https:\/\/compuimpresion.com.co\/portal\/productos\/escaner-hp-scanjet-pro-3000-s4-documental\/","title":{"rendered":"Escaner HP ScanJet Pro 3000 s4 documental"},"content":{"rendered":"","protected":false},"excerpt":{"rendered":"<h2><strong>Escaner HP ScanJet Pro 3000 s4 documental<\/strong><\/h2>\n<p>Crea documentos escaneados de hasta 40 ppm\/80 ipm con el escaneado a doble cara que captura ambas caras a la vez. Libere espacio para trabajar. Este esc\u00e1ner <strong>HP ScanJet Pro<\/strong> es peque\u00f1o y delgado, con un dise\u00f1o perfecto para el escritorio. No espere el proceso de calentamiento: <strong>HP Instant-on Scanning<\/strong> le permite comenzar a escanear de forna r\u00e1pida. Cargue hasta 50 p\u00e1ginas en el alimentador autom\u00e1tico de documentos para escanear sin supervisi\u00f3n r\u00e1pidamente.<\/p>\n<p><strong>Compuimpresion te trae el ScanJet pro 300o<\/strong> para que optimice el flujo de trabajo con el escaneado de un toque Optimice el trabajo de rutina escaneando con solo tocar un bot\u00f3n, personalice ajustes para trabajos de escaneo recurrentes.<\/p>\n","protected":false},"featured_media":3991,"comment_status":"open","ping_status":"closed","template":"","meta":{"inline_featured_image":false},"pwb-brand":[124],"product_brand":[],"product_cat":[895],"product_tag":[674,568,374,297,309,675,450],"class_list":{"0":"post-3990","1":"product","2":"type-product","3":"status-publish","4":"has-post-thumbnail","6":"pwb-brand-hp","7":"product_cat-escaner","8":"product_tag-674","9":"product_tag-documental","10":"product_tag-escaner","11":"product_tag-hp","12":"product_tag-pro","13":"product_tag-s4","14":"product_tag-scanjet","16":"first","17":"instock","18":"sale","19":"taxable","20":"shipping-taxable","21":"purchasable","22":"product-type-simple"},"brands":[{"id":124,"name":"HP","slug":"hp"}],"_links":{"self":[{"href":"https:\/\/compuimpresion.com.co\/portal\/wp-json\/wp\/v2\/product\/3990","targetHints":{"allow":["GET"]}}],"collection":[{"href":"https:\/\/compuimpresion.com.co\/portal\/wp-json\/wp\/v2\/product"}],"about":[{"href":"https:\/\/compuimpresion.com.co\/portal\/wp-json\/wp\/v2\/types\/product"}],"replies":[{"embeddable":true,"href":"https:\/\/compuimpresion.com.co\/portal\/wp-json\/wp\/v2\/comments?post=3990"}],"wp:featuredmedia":[{"embeddable":true,"href":"https:\/\/compuimpresion.com.co\/portal\/wp-json\/wp\/v2\/media\/3991"}],"wp:attachment":[{"href":"https:\/\/compuimpresion.com.co\/portal\/wp-json\/wp\/v2\/media?parent=3990"}],"wp:term":[{"taxonomy":"pwb-brand","embeddable":true,"href":"https:\/\/compuimpresion.com.co\/portal\/wp-json\/wp\/v2\/pwb-brand?post=3990"},{"taxonomy":"product_brand","embeddable":true,"href":"https:\/\/compuimpresion.com.co\/portal\/wp-json\/wp\/v2\/product_brand?post=3990"},{"taxonomy":"product_cat","embeddable":true,"href":"https:\/\/compuimpresion.com.co\/portal\/wp-json\/wp\/v2\/product_cat?post=3990"},{"taxonomy":"product_tag","embeddable":true,"href":"https:\/\/compuimpresion.com.co\/portal\/wp-json\/wp\/v2\/product_tag?post=3990"}],"curies":[{"name":"wp","href":"https:\/\/api.w.org\/{rel}","templated":true}]}}