{"id":3396,"date":"2021-11-07T21:32:38","date_gmt":"2021-11-08T02:32:38","guid":{"rendered":"https:\/\/compuimpresion.com.co\/portal\/?post_type=product&#038;p=3396"},"modified":"2025-12-11T17:47:24","modified_gmt":"2025-12-11T22:47:24","slug":"impresora-multifuncional-epson-ecotank-l4260","status":"publish","type":"product","link":"https:\/\/compuimpresion.com.co\/portal\/productos\/impresora-multifuncional-epson-ecotank-l4260\/","title":{"rendered":"Impresora Epson Ecotank L4260 Multifuncional"},"content":{"rendered":"<p><strong>Impresora Multifuncional Epson Ecotank L4260<\/strong><\/p>\n<p>Imprime cientos de proyectos sin interrupciones, con los juegos de botellas de tinta original Epson que equivalen a unos 35 juegos de cartuchos de tinta2, ahorrando hasta 90 % en tinta con las botellas de reemplazo de bajo costo3. La EcoTank L4260 tambi\u00e9n permite imprimir en forma inal\u00e1mbrica desde tabletas y tel\u00e9fonos inteligentes y tiene Wi-Fi Direct\u2122 e impresi\u00f3n autom\u00e1tica a doble cara.<\/p>\n<p><strong>Caracter\u00edsticas:<\/strong><\/p>\n<p>-Tecnolog\u00eda de impresi\u00f3n: Inyecci\u00f3n de tinta MicroPiezo\u00ae de 4 colores (CMYK)<br \/>\n-Resoluci\u00f3n m\u00e1xima de impresi\u00f3n: Hasta 5760 x 1440 dpi de resoluci\u00f3n optimizada en varios tipos de papel<br \/>\n-Velocidad iso: Simplex: Negro 10,5 ppm y color 5 ppm (simplex, A4\/carta)<br \/>\n&#8211; Velocidad de impresi\u00f3n: Simplex: Negro 33 ppm y color 15 ppm (borrador, A4\/carta)<br \/>\n-Tiempo salida primera pag: 10 segundos blanco y negro \/ 16 segundos color<br \/>\n-Velocidad copia iso: Negro 7,7 cpm y color 3,8 cpm (A4\/carta)<br \/>\n&#8211; Tama\u00f1o m\u00e1ximo copia: A4, carta<br \/>\n&#8211; Tipo de escaner: Cama plana con sensor de l\u00edneas CIS de color<br \/>\n-Resoluci\u00f3n \u00f3ptica: 1.200 dpi x 2.400 dp<br \/>\n&#8211; M\u00e1xima superficie de digitalizaci\u00f3n: 21.6 x 29.7 cm<br \/>\n-Tama\u00f1o papel soportado: Est\u00e1ndar: A4, Carta, Oficio (21,59 cm x 35,56 cm), M\u00e9xico-Oficio (21,59 cm x 34,04 cm), Oficio 9 (21,49 cm x 31,5 cm), Folio (21,59 cm x 33,02 cm), Ejecutivo, Media carta, A6 Foto: 4\u2033x 6\u2033 (10 cm x 15 cm), 5\u2033 x 7\u2033 (13 cm x 18 cm), 8\u2033 x 10\u2033 Sobres: #10<br \/>\nDefinido por el usuario: 54 mm x 86 mm \u2013 215.9 mm x 1.200 mm<br \/>\n-Capacidad Entrada papel: Alimentaci\u00f3n trasera: hasta 100 hojas (A4\/LTR\/Ocio)<br \/>\n-Bandeja de salida: 30 hojas de papel normal<br \/>\n-Conectividad: USB de alta velocidad (compatible con USB 2.0), Wi-Fi 4 (IEEE 802.11 b\/g\/n), Wi-Fi Direct\u00ae<br \/>\n-Sistema operativo: Windows Vista\u00ae \/ 7 \/ 8 \/ 8.1 \/ 10 o m\u00e1s reciente (32bit, 64bit), Windows Server\u00ae 2003 (SP2) or later , Mac OS X 10.7.5 o m\u00e1s reciente, Mac OS 11 o m\u00e1s reciente.<br \/>\n-Pantalla: LCD a color de 1.44\u2033<br \/>\n&#8211; Dimensiones: Abierto: 37.5 cm x 56.7 cm x 25.9 cm<br \/>\n&#8211; Peso: 5.5 kg<\/p>\n<p>Sku: 2510<br \/>\nEan: 0010343957961<br \/>\nN\/p: C11CJ63303<\/p>\n","protected":false},"excerpt":{"rendered":"<h3 class=\"name\"><strong style=\"font-size: 16px\">La multifuncional inal\u00e1mbrica EcoTank L4260<\/strong><\/h3>\n<div class=\"description\">\n<p>Le ofrece la revolucionaria impresi\u00f3n sin cartuchos, con nuevo dise\u00f1o de tanques frontales, botellas de tinta con llenado autom\u00e1tico y codificadas para llenado f\u00e1cil de cada color. Adem\u00e1s, la EcoTank L4160 te permite imprimir hasta 7.500 p\u00e1ginas en negro o 6.000 p\u00e1ginas a color.<\/p>\n<p><strong><a href=\"http:\/\/old.compuimpresion.com.co\/contacto\/\">\u00bfQuiere que lo contactemos?<\/a><\/strong><\/p>\n<\/div>\n","protected":false},"featured_media":5392,"comment_status":"open","ping_status":"closed","template":"","meta":{"inline_featured_image":false},"pwb-brand":[125],"product_brand":[],"product_cat":[891,1259],"product_tag":[244,245,146,395,143],"class_list":{"0":"post-3396","1":"product","2":"type-product","3":"status-publish","4":"has-post-thumbnail","6":"pwb-brand-epson","7":"product_cat-impresion","8":"product_cat-inyeccion-de-tinta","9":"product_tag-ecotank","10":"product_tag-epson","11":"product_tag-impresora","12":"product_tag-l3250","13":"product_tag-multifuncional","15":"first","16":"outofstock","17":"taxable","18":"shipping-taxable","19":"purchasable","20":"product-type-simple"},"brands":[{"id":125,"name":"Epson","slug":"epson"}],"_links":{"self":[{"href":"https:\/\/compuimpresion.com.co\/portal\/wp-json\/wp\/v2\/product\/3396","targetHints":{"allow":["GET"]}}],"collection":[{"href":"https:\/\/compuimpresion.com.co\/portal\/wp-json\/wp\/v2\/product"}],"about":[{"href":"https:\/\/compuimpresion.com.co\/portal\/wp-json\/wp\/v2\/types\/product"}],"replies":[{"embeddable":true,"href":"https:\/\/compuimpresion.com.co\/portal\/wp-json\/wp\/v2\/comments?post=3396"}],"wp:featuredmedia":[{"embeddable":true,"href":"https:\/\/compuimpresion.com.co\/portal\/wp-json\/wp\/v2\/media\/5392"}],"wp:attachment":[{"href":"https:\/\/compuimpresion.com.co\/portal\/wp-json\/wp\/v2\/media?parent=3396"}],"wp:term":[{"taxonomy":"pwb-brand","embeddable":true,"href":"https:\/\/compuimpresion.com.co\/portal\/wp-json\/wp\/v2\/pwb-brand?post=3396"},{"taxonomy":"product_brand","embeddable":true,"href":"https:\/\/compuimpresion.com.co\/portal\/wp-json\/wp\/v2\/product_brand?post=3396"},{"taxonomy":"product_cat","embeddable":true,"href":"https:\/\/compuimpresion.com.co\/portal\/wp-json\/wp\/v2\/product_cat?post=3396"},{"taxonomy":"product_tag","embeddable":true,"href":"https:\/\/compuimpresion.com.co\/portal\/wp-json\/wp\/v2\/product_tag?post=3396"}],"curies":[{"name":"wp","href":"https:\/\/api.w.org\/{rel}","templated":true}]}}