{"id":3369,"date":"2021-10-19T14:45:46","date_gmt":"2021-10-19T19:45:46","guid":{"rendered":"https:\/\/new.compuimpresion.com.co\/portal\/?post_type=product&#038;p=3369"},"modified":"2025-12-03T10:29:52","modified_gmt":"2025-12-03T15:29:52","slug":"impresora-hp-laser-408dn-monocromatica","status":"publish","type":"product","link":"https:\/\/compuimpresion.com.co\/portal\/productos\/impresora-hp-laser-408dn-monocromatica\/","title":{"rendered":"Impresora HP Laser 408dn Monocrom\u00e1tica"},"content":{"rendered":"<div class=\"wpb-content-wrapper\">[vc_section][vc_row][vc_column][vc_column_text el_class=\u00bbinfo-product-col\u00bb]\n<section class=\"row\">\n<div class=\"simple-responsive-banner-component module-text-list js-tl-rte container-fluid container-main-content__aligned\" data-cpt-id=\"8796105999420\">\n<div class=\"module-content\">\n<p><strong>Impresora<\/strong><strong> HP Laser 408dn Monocrom\u00e1tica\u00a0<\/strong><\/p>\n<p>Ayude a mantener la productividad de su negocio sin incrementar el presupuesto. Esta impresora l\u00e1ser HP es f\u00e1cil de usar, ofrece una calidad confiable y ayuda a mantener los costos bajos<\/p>\n<p>Finalice los trabajos r\u00e1pidamente con la impresi\u00f3n a alta velocidad. Cuente con una calidad de impresi\u00f3n uniforme.<\/p>\n<p>Acceda a opciones adicionales de impresi\u00f3n para documentos profesionales. Ayude a mantener los costos bajos con un vers\u00e1til sistema de insumos de dos piezas.<\/p>\n<\/div>\n<\/div>\n<\/section>\n<section class=\"row\">\n<div class=\"simple-responsive-banner-component module-text-list js-tl-rte container-fluid container-main-content__aligned\" data-cpt-id=\"8796105999420\">\n<div class=\"module-content\">\n<div class=\"text-rows two-up\">\n<div class=\"text-row three-fourths\">\n<hr \/>\n<p>&nbsp;<\/p>\n<\/div>\n<\/div>\n<\/div>\n<\/div>\n<\/section>\n[\/vc_column_text][\/vc_column][\/vc_row][vc_row][vc_column width=\u00bb1\/3&#8243;][vc_column_text el_class=\u00bbinfo-product-col\u00bb]\n<h4><strong>Caracter\u00edsticas:<\/strong><\/h4>\n<hr \/>\n<p><strong>Funciones:<\/strong> Imprimir<\/p>\n<p><strong>-Velocidad de impresi\u00f3n:<\/strong> Salida de la primera p\u00e1gina A4: 6,5 segundos Negro; Salida de la primera p\u00e1gina Carta: 6.5 sec Negro; A4: Hasta 40 ppm Negro; Carta: Hasta 42 ppm Negro<\/p>\n<p><strong>-Impresi\u00f3n a doble cara:<\/strong> A4: Hasta 17 ppm Negro; Carta: Hasta 18 ppm Negro<\/p>\n<p><strong>-Resoluci\u00f3n de impression:<\/strong> Negro (\u00f3ptima): Hasta 1200 x 1200 ppp; Negro (normal): Hasta 1200 x 1200 ppp; Negro (l\u00edneas finas): Hasta 1200 x 1200 ppp<\/p>\n<p><strong>-Tecnolog\u00eda de impresi\u00f3n:<\/strong> L\u00e1ser ; Print resolution technology: Normal (600 x 600 ppp), alta resoluci\u00f3n (1200 x 1200 ppp)<\/p>\n<p><strong>-Cantidad de cartuchos de impresi\u00f3n:<\/strong> 1 cartucho de t\u00f3ner (negro), 1 tambor de creaci\u00f3n de im\u00e1genes (negro)<\/p>\n<p><strong>-Lenguajes de impresi\u00f3n est\u00e1ndar:<\/strong> PCL5, PCLXL, PS, PCL6[\/vc_column_text][\/vc_column][vc_column width=\u00bb1\/3&#8243;][vc_column_text el_class=\u00bbinfo-product-col\u00bb]\n<h4><strong>Funciones:<\/strong><\/h4>\n<hr \/>\n<p><strong>-Funciones del software inteligente de la impresora:<\/strong> Impresi\u00f3n autom\u00e1tica d\u00faplex, impresi\u00f3n N-up, compaginaci\u00f3n, marcas de agua, funci\u00f3n Eco Mode para el ahorro de t\u00f3ner, acepta diferentes tama\u00f1os y tipos de papel<\/p>\n<p><strong>-Conectividad est\u00e1ndar:<\/strong> Puerto USB 2.0 de alta velocidad; puerto de red Gigabit Ethernet 10\/100\/1000 Base-TX incorporado.<\/p>\n<p><strong>-Capacidades de red:<\/strong> Puerto de red Gigabit Ethernet 10\/100\/1000 Base-TX integrado; Autenticaci\u00f3n mediante 802.1X<\/p>\n<p><strong>-Capacidad inal\u00e1mbrica:<\/strong> No<\/p>\n<p><strong>-Capacidad de impresi\u00f3n m\u00f3vil:<\/strong> PrinterOn Print<\/p>\n<p><strong>-Ciclo de trabajo (mensual):<\/strong> A4: Hasta 100000 p\u00e1ginas; Carta: Hasta 100000 p\u00e1ginas; Volumen de p\u00e1ginas mensuales recomendado: 1,500 a 3,500<\/p>\n<p><strong>-Manejo de papel:<\/strong> Capacidades de entrada: Hasta 300 hojas (bandeja 1: hasta 50 hojas; Bandeja 2: hasta 250 hojas) Est\u00e1ndar; Capacidades de salida: Hasta 150 hojas Est\u00e1ndar; Ninguno\/a; Opciones de d\u00faplex: Autom\u00e1tica (est\u00e1ndar); Alimentador de sobres: No; Bandejas de papel est\u00e1ndar: 1 m\u00e1s bandeja 1 de 50 hojas<\/p>\n<p><strong>-Tipos de soporte admitidos:<\/strong> Normal, Grueso, Fino, Algod\u00f3n, Color, Preimpreso, Reciclado, Etiquetas, Cartulina, Bond, Archivo, Sobre[\/vc_column_text][\/vc_column][vc_column width=\u00bb1\/3&#8243;][vc_column_text el_class=\u00bbinfo-product-col\u00bb]\n<h4><strong>General:<\/strong><\/h4>\n<p><strong>-Cartuchos de reemplazo<\/strong> Cartucho de t\u00f3ner l\u00e1ser original HP 330A negro (5000 p\u00e1ginas aproximadamente) W1330A; cartucho de t\u00f3ner l\u00e1ser original HP 330X de alto rendimiento negro (15 000 p\u00e1ginas aproximadamente)<\/p>\n<p><strong>-Panel de control:<\/strong> LCD de 2 l\u00edneas; Teclado num\u00e9rico de 10 teclas; 8 botones (Encendido, Cancelar, Hoja de configuraci\u00f3n, Ahorro de energ\u00eda, Tecla de navegaci\u00f3n, Atr\u00e1s, Men\u00fa, Aceptar); Luces indicadoras LED (Encendido, Estado)<\/p>\n<p><strong>-Descripci\u00f3n de pantalla<\/strong> LCD de 2 l\u00edneas<\/p>\n<p><strong>-Sistemas operativos compatibles<\/strong> Windows 7 (32\/64-bit), Windows 2008 Server R2, Windows 8 (32\/64-bit), Windows 8.1 (32\/64-bit), Windows 10 (32\/64-bit), Windows 2012 Server, Windows 2016 Sever, Red Hat Enterprise Linux 6, 7, Ubuntu 12.04.<\/p>\n<p><strong>-Dimensiones del producto:<\/strong> : 36,6 x 36,5 x 26,2 cm<\/p>\n<p><strong>-Peso del producto<\/strong> 10,09 kg<\/p>\n<\/div>","protected":false},"excerpt":{"rendered":"<h3 class=\"name\">Complete trabajos de impresi\u00f3n con rapidez y eficiencia<\/h3>\n<p>mientras ahorra en papel y tiempo, con la impresi\u00f3n a doble cara. Optimice la realizaci\u00f3n de tareas con un dise\u00f1o f\u00e1cil de usar. Mantenga el negocio en movimiento con una impresora que requiere poca intervenci\u00f3n.<\/p>\n<p><strong><a href=\"http:\/\/old.compuimpresion.com.co\/contacto\/\">\u00bfQuiere que lo contactemos?<\/a><\/strong><\/p>\n<hr \/>\n<p>&nbsp;<\/p>\n<p><span class=\"key\">COD:<\/span>\u00a0<span class=\"value\">1272<\/span><\/p>\n","protected":false},"featured_media":5398,"comment_status":"closed","ping_status":"closed","template":"","meta":{"inline_featured_image":false},"pwb-brand":[124],"product_brand":[],"product_cat":[891,893],"product_tag":[300,297,146,155,150],"class_list":{"0":"post-3369","1":"product","2":"type-product","3":"status-publish","4":"has-post-thumbnail","6":"pwb-brand-hp","7":"product_cat-impresion","8":"product_cat-laser","9":"product_tag-408dn","10":"product_tag-hp","11":"product_tag-impresora","12":"product_tag-laser","13":"product_tag-monocromatica","15":"first","16":"instock","17":"taxable","18":"shipping-taxable","19":"purchasable","20":"product-type-simple"},"brands":[{"id":124,"name":"HP","slug":"hp"}],"_links":{"self":[{"href":"https:\/\/compuimpresion.com.co\/portal\/wp-json\/wp\/v2\/product\/3369","targetHints":{"allow":["GET"]}}],"collection":[{"href":"https:\/\/compuimpresion.com.co\/portal\/wp-json\/wp\/v2\/product"}],"about":[{"href":"https:\/\/compuimpresion.com.co\/portal\/wp-json\/wp\/v2\/types\/product"}],"replies":[{"embeddable":true,"href":"https:\/\/compuimpresion.com.co\/portal\/wp-json\/wp\/v2\/comments?post=3369"}],"wp:featuredmedia":[{"embeddable":true,"href":"https:\/\/compuimpresion.com.co\/portal\/wp-json\/wp\/v2\/media\/5398"}],"wp:attachment":[{"href":"https:\/\/compuimpresion.com.co\/portal\/wp-json\/wp\/v2\/media?parent=3369"}],"wp:term":[{"taxonomy":"pwb-brand","embeddable":true,"href":"https:\/\/compuimpresion.com.co\/portal\/wp-json\/wp\/v2\/pwb-brand?post=3369"},{"taxonomy":"product_brand","embeddable":true,"href":"https:\/\/compuimpresion.com.co\/portal\/wp-json\/wp\/v2\/product_brand?post=3369"},{"taxonomy":"product_cat","embeddable":true,"href":"https:\/\/compuimpresion.com.co\/portal\/wp-json\/wp\/v2\/product_cat?post=3369"},{"taxonomy":"product_tag","embeddable":true,"href":"https:\/\/compuimpresion.com.co\/portal\/wp-json\/wp\/v2\/product_tag?post=3369"}],"curies":[{"name":"wp","href":"https:\/\/api.w.org\/{rel}","templated":true}]}}