{"id":3355,"date":"2021-10-19T14:45:44","date_gmt":"2021-10-19T19:45:44","guid":{"rendered":"https:\/\/new.compuimpresion.com.co\/portal\/?post_type=product&#038;p=3355"},"modified":"2024-07-19T17:24:50","modified_gmt":"2024-07-19T22:24:50","slug":"tinta-epson-cian-t-544","status":"publish","type":"product","link":"https:\/\/compuimpresion.com.co\/portal\/productos\/tinta-epson-cian-t-544\/","title":{"rendered":"Tinta Epson Cian T-544"},"content":{"rendered":"<div class=\"module-head\">\n<h3>Botellas de Tinta Epson T544<\/h3>\n<\/div>\n<h4 class=\"module-sub-head\">Alta capacidad<\/h4>\n<p>Obt\u00e9n cerca de un 50% m\u00e1s de impresiones que con un cartucho de tinta de capacidad est\u00e1ndar.<\/p>\n<p>&nbsp;<\/p>\n<h4 class=\"module-sub-head\">Compatibilidad<\/h4>\n<p>Epson L1110\u00a0 \u00a0 \u00a0 \u00a0 \u00a0 Epson L3110\u00a0 \u00a0 \u00a0 \u00a0 \u00a0 Epson L3150<\/p>\n<p>Epson L3160\u00a0 \u00a0 \u00a0 \u00a0 \u00a0 Epson L5190<\/p>\n","protected":false},"excerpt":{"rendered":"<h3>REF: T544220-AL<\/h3>\n","protected":false},"featured_media":3206,"comment_status":"open","ping_status":"closed","template":"","meta":{"inline_featured_image":false},"pwb-brand":[125],"product_brand":[],"product_cat":[1261,907],"product_tag":[277,269,245,346,131,280,281],"class_list":{"0":"post-3355","1":"product","2":"type-product","3":"status-publish","4":"has-post-thumbnail","6":"pwb-brand-epson","7":"product_cat-botellas-y-bolsas-de-tinta","8":"product_cat-consumibles","9":"product_tag-277","10":"product_tag-cian","11":"product_tag-epson","12":"product_tag-t","13":"product_tag-tinta","14":"product_tag-tinta-544","15":"product_tag-tinta-cian","17":"first","18":"instock","19":"taxable","20":"shipping-taxable","21":"purchasable","22":"product-type-simple"},"brands":[{"id":125,"name":"Epson","slug":"epson"}],"_links":{"self":[{"href":"https:\/\/compuimpresion.com.co\/portal\/wp-json\/wp\/v2\/product\/3355","targetHints":{"allow":["GET"]}}],"collection":[{"href":"https:\/\/compuimpresion.com.co\/portal\/wp-json\/wp\/v2\/product"}],"about":[{"href":"https:\/\/compuimpresion.com.co\/portal\/wp-json\/wp\/v2\/types\/product"}],"replies":[{"embeddable":true,"href":"https:\/\/compuimpresion.com.co\/portal\/wp-json\/wp\/v2\/comments?post=3355"}],"wp:featuredmedia":[{"embeddable":true,"href":"https:\/\/compuimpresion.com.co\/portal\/wp-json\/wp\/v2\/media\/3206"}],"wp:attachment":[{"href":"https:\/\/compuimpresion.com.co\/portal\/wp-json\/wp\/v2\/media?parent=3355"}],"wp:term":[{"taxonomy":"pwb-brand","embeddable":true,"href":"https:\/\/compuimpresion.com.co\/portal\/wp-json\/wp\/v2\/pwb-brand?post=3355"},{"taxonomy":"product_brand","embeddable":true,"href":"https:\/\/compuimpresion.com.co\/portal\/wp-json\/wp\/v2\/product_brand?post=3355"},{"taxonomy":"product_cat","embeddable":true,"href":"https:\/\/compuimpresion.com.co\/portal\/wp-json\/wp\/v2\/product_cat?post=3355"},{"taxonomy":"product_tag","embeddable":true,"href":"https:\/\/compuimpresion.com.co\/portal\/wp-json\/wp\/v2\/product_tag?post=3355"}],"curies":[{"name":"wp","href":"https:\/\/api.w.org\/{rel}","templated":true}]}}