{"id":4098,"date":"2022-02-28T12:10:55","date_gmt":"2022-02-28T17:10:55","guid":{"rendered":"https:\/\/compuimpresion.com.co\/portal\/?page_id=4098"},"modified":"2022-03-01T09:38:50","modified_gmt":"2022-03-01T14:38:50","slug":"epson-l3210","status":"publish","type":"page","link":"https:\/\/compuimpresion.com.co\/portal\/epson-l3210\/","title":{"rendered":"Epson L3210"},"content":{"rendered":"<div class=\"wpb-content-wrapper\">[vc_row][vc_column]\t\t\t<rs-module-wrap id=\"rev_slider_error_1_wrapper\">\n\t\t\t\t<rs-module id=\"rev_slider_error_1\">\n\t\t\t\t\t<div class=\"rs_error_message_box\">\n\t\t\t\t\t\t<div class=\"rs_error_message_oops\">There is nothing to show here!<\/div>\n\t\t\t\t\t\t<div class=\"rs_error_message_content\">Slider with alias Epson-L3210 not found.<\/div>\n\t\t\t\t\t<\/div>\n\t\t\t\t<\/rs-module>\n\t\t\t<\/rs-module-wrap>\n\t\t\t<script>\n\t\t\t\tvar rs_eslider = document.getElementById(\"rev_slider_error_1\");\n\t\t\t\trs_eslider.style.display = \"none\";\n\t\t\t\tconsole.log(\"Slider with alias Epson-L3210 not found.\");\n\t\t\t<\/script>\n[vc_separator][\/vc_column][\/vc_row][vc_row][vc_column width=\u00bb1\/2&#8243;][vc_column_text]\n<h1 style=\"text-align: center;\"><strong>Multifuncional EPSON Ecotank L3210<\/strong><\/h1>\n[\/vc_column_text][\/vc_column][vc_column width=\u00bb1\/2&#8243;][\/vc_column][\/vc_row][vc_row][vc_column width=\u00bb1\/2&#8243;][\/vc_column][vc_column width=\u00bb1\/2&#8243;][\/vc_column][vc_column width=\u00bb1\/4&#8243;][vc_single_image image=\u00bb4111&#8243; img_size=\u00bbmedium\u00bb alignment=\u00bbcenter\u00bb][\/vc_column][vc_column width=\u00bb3\/4&#8243;]<ul class=\"porto-info-list  porto-info-listd751713988987e9331980363e24189ce wpb_custom_2470fd4f9162ce1f73c94a8a2b72b3bf\"><li class=\"porto-info-list-item  wpb_custom_fbf438c496d8f482b7cd13fc69257e0e\"><i class=\"porto-info-icon porto-icon-star\"><\/i><div class=\"porto-info-list-item-desc\">Tecnolog\u00eda Inyecci\u00f3n de tinta Heat-FreeTM Micro Piezo.<\/div><\/li><li class=\"porto-info-list-item  wpb_custom_fbf438c496d8f482b7cd13fc69257e0e\"><i class=\"porto-info-icon porto-icon-star\"><\/i><div class=\"porto-info-list-item-desc\">Resoluci\u00f3n M\u00e1xima de Impresi\u00f3n de 5760 x 1440 dpi<\/div><\/li><li class=\"porto-info-list-item  wpb_custom_fbf438c496d8f482b7cd13fc69257e0e\"><i class=\"porto-info-icon porto-icon-star\"><\/i><div class=\"porto-info-list-item-desc\">Econ\u00f3mica: 100% sin cartuchos ni cabezales que reemplazar<\/div><\/li><li class=\"porto-info-list-item  wpb_custom_fbf438c496d8f482b7cd13fc69257e0e\"><i class=\"porto-info-icon porto-icon-star\"><\/i><div class=\"porto-info-list-item-desc\">Se integra en su estilo de vida con excelentes prestaciones<\/div><\/li><li class=\"porto-info-list-item  wpb_custom_fbf438c496d8f482b7cd13fc69257e0e\"><i class=\"porto-info-icon porto-icon-star\"><\/i><div class=\"porto-info-list-item-desc\">Velocidad de Impresi\u00f3n Negro 33 ppm y color 15 ppm<\/div><\/li><\/ul>[\/vc_column][\/vc_row][vc_row][vc_column width=\u00bb1\/2&#8243;][vc_column_text]<span style=\"font-size: 16px;\">La Impresora <strong>multifuncional 3 en 1 Epson EcoTank L3210<\/strong>\u00a0 ofrece a las familias, estudiantes y profesionales un costo de impresi\u00f3n ultra bajo, que te permite imprimir ha<\/span><span style=\"font-size: 16px;\">sta\u00a0 4.500 p\u00e1ginas en negro o\u00a0 7.500 p\u00e1ginas a color con cada juego de botellas de repuesto<\/span><sup>4<\/sup><span style=\"font-size: 16px;\">. La L3210\u00a0 ofrece total confiabilidad gracias a la <strong>tecnolog\u00eda Heat-Free de Epson<\/strong>, adem\u00e1s de una experiencia de recarga f\u00e1cil, limpia y sin errores con la <strong>tecnolog\u00eda EcoFit<\/strong><\/span><strong><sup>TM<\/sup><\/strong><span style=\"font-size: 16px;\">, y un dise\u00f1o de tanque frontal s\u00faper compacto que ocupa poco espacio y permite\u00a0 verificar f\u00e1cilmente los niveles de tinta. Con una garant\u00eda limitada y extendida hasta de 2 a\u00f1os<\/span><sup>3<\/sup><span style=\"font-size: 16px;\">, Epson lo respalda totalmente para que pueda imprimir sin cartuchos y sin preocupaciones.<\/span><\/p>\n<p><strong>Elementos o Accesorios Incluidos con la Epson L3210<\/strong><\/p>\n<p style=\"text-align: justify;\">Cable de corriente AC -Cable USB -CD con drivers (Windows) -Documentaci\u00f3n y garant\u00eda. <strong>1 botella de tinta negra y 3 botellas de tinta a color (cian magenta y amarilla), Las botellas incluidas son \u00fanicamente para la inicializaci\u00f3n del equipo e imprimen aprox. 2000 p\u00e1ginas en negro y 3500 p\u00e1ginas en color.<\/strong><\/p>\n[\/vc_column_text][vc_btn title=\u00bb\u00a1Comprar ahora!\u00bb color=\u00bbinfo\u00bb size=\u00bbxl\u00bb align=\u00bbcenter\u00bb i_type=\u00bbporto\u00bb add_icon=\u00bbtrue\u00bb el_id=\u00bb3611&#8243; i_icon_porto=\u00bbporto-icon-mini-cart\u00bb][\/vc_column][vc_column width=\u00bb1\/2&#8243;][vc_custom_heading text=\u00bbImpresora multifuncional 3 en 1 EcoTank L3210 con impresi\u00f3n 100% sin cartuchos\u00bb use_theme_fonts=\u00bbyes\u00bb][vc_single_image image=\u00bb4095&#8243; img_size=\u00bblarge\u00bb][\/vc_column][\/vc_row][vc_row][vc_column][vc_separator][vc_toggle title=\u00bb\u00bfQu\u00e9 tipo de tinta usa la Epson L3210?\u00bb]Las botellas de recarga de\u00a0<b>tinta<\/b>\u00a0que\u00a0<b>usa<\/b>\u00a0la Impresora\u00a0<b>Epson<\/b>\u00a0EcoTank\u00a0<b>L3210<\/b>\u00a0son las\u00a0<b>tintas Epson<\/b>\u00a0103, 4 botellas de\u00a0<b>tinta<\/b>\u00a0negra, c\u00edan, magenta y amarilla con las que se llena los dep\u00f3sitos de\u00a0<b>tinta<\/b>\u00a0de la impresora y que permiten imprimir hasta 4500 paginas en negro y hasta 7500 paginas con los colores[\/vc_toggle][vc_toggle title=\u00bb\u00bfQu\u00e9 es EcoTank Epson?\u00bb]<b>EcoTank<\/b>\u00a0es una nueva forma totalmente innovadora de rellenar la tinta de la impresora. En lugar de utilizar cartuchos o t\u00f3ner, las impresoras\u00a0<b>EcoTank<\/b>\u00a0integran cuatro dep\u00f3sitos de tinta, uno para cada color de tinta, que el usuario puede rellenar cuando sea necesario.[\/vc_toggle][vc_toggle title=\u00bb\u00bfQu\u00e9 hacer si se atasca el papel en la impresora Epson L3210?\u00bb]\n<div class=\"wWOJcd\" tabindex=\"0\" role=\"button\" aria-controls=\"exacc_d_0cYuLtM6HhxgHM1LPwBg4\" aria-expanded=\"true\" aria-labelledby=\"exacc_d_0cYuLtM6HhxgHM1LPwBg3\">\n<div class=\"r21Kzd\" data-hveid=\"CEUQAQ\" data-ved=\"2ahUKEwiihfjU7aL2AhWhsDEKHUzqDG4Quk56BAhFEAE\">Apague la <b>impresora<\/b>\u00a0y desenchufe el cable de alimentaci\u00f3n de la\u00a0<b>impresora<\/b>\u00a0y la toma de corriente. Cierre la bandeja de salida\u00a0<b>si<\/b>\u00a0est\u00e1 desplegada. Saque la cassette del\u00a0<b>papel<\/b>\u00a0y, con cuidado, incline la\u00a0<b>impresora<\/b>\u00a0y d\u00e9jela apoyada en su lateral izquierdo. Extraiga con cuidado el\u00a0<b>papel atascado<\/b>.<\/div>\n<\/div>\n[\/vc_toggle][\/vc_column][\/vc_row][vc_row][vc_column][\/vc_column][\/vc_row][vc_row][vc_column][\/vc_column][\/vc_row]\n<\/div>","protected":false},"excerpt":{"rendered":"<p>[vc_row][vc_column][vc_separator][\/vc_column][\/vc_row][vc_row][vc_column width=\u00bb1\/2&#8243;][vc_column_text] Multifuncional EPSON Ecotank L3210 [\/vc_column_text][\/vc_column][vc_column width=\u00bb1\/2&#8243;][\/vc_column][\/vc_row][vc_row][vc_column width=\u00bb1\/2&#8243;][\/vc_column][vc_column width=\u00bb1\/2&#8243;][\/vc_column][vc_column width=\u00bb1\/4&#8243;][vc_single_image image=\u00bb4111&#8243; img_size=\u00bbmedium\u00bb alignment=\u00bbcenter\u00bb][\/vc_column][vc_column width=\u00bb3\/4&#8243;][\/vc_column][\/vc_row][vc_row][vc_column width=\u00bb1\/2&#8243;][vc_column_text]La Impresora multifuncional 3 en 1 Epson EcoTank L3210\u00a0 ofrece a las familias, estudiantes y profesionales un costo de impresi\u00f3n ultra bajo, que te permite imprimir hasta\u00a0 4.500 p\u00e1ginas en negro o\u00a0 7.500 p\u00e1ginas a color con cada juego de [&hellip;]<\/p>\n","protected":false},"author":208,"featured_media":0,"parent":0,"menu_order":0,"comment_status":"closed","ping_status":"closed","template":"","meta":{"inline_featured_image":false,"footnotes":""},"class_list":["post-4098","page","type-page","status-publish","hentry"],"_links":{"self":[{"href":"https:\/\/compuimpresion.com.co\/portal\/wp-json\/wp\/v2\/pages\/4098","targetHints":{"allow":["GET"]}}],"collection":[{"href":"https:\/\/compuimpresion.com.co\/portal\/wp-json\/wp\/v2\/pages"}],"about":[{"href":"https:\/\/compuimpresion.com.co\/portal\/wp-json\/wp\/v2\/types\/page"}],"author":[{"embeddable":true,"href":"https:\/\/compuimpresion.com.co\/portal\/wp-json\/wp\/v2\/users\/208"}],"replies":[{"embeddable":true,"href":"https:\/\/compuimpresion.com.co\/portal\/wp-json\/wp\/v2\/comments?post=4098"}],"version-history":[{"count":17,"href":"https:\/\/compuimpresion.com.co\/portal\/wp-json\/wp\/v2\/pages\/4098\/revisions"}],"predecessor-version":[{"id":4124,"href":"https:\/\/compuimpresion.com.co\/portal\/wp-json\/wp\/v2\/pages\/4098\/revisions\/4124"}],"wp:attachment":[{"href":"https:\/\/compuimpresion.com.co\/portal\/wp-json\/wp\/v2\/media?parent=4098"}],"curies":[{"name":"wp","href":"https:\/\/api.w.org\/{rel}","templated":true}]}}